{"id":997,"date":"2026-01-15T09:41:16","date_gmt":"2026-01-15T12:41:16","guid":{"rendered":"https:\/\/wp.ufpel.edu.br\/coreme\/?page_id=997"},"modified":"2026-01-22T16:00:29","modified_gmt":"2026-01-22T19:00:29","slug":"endocrinologia-e-metabologia-2","status":"publish","type":"page","link":"https:\/\/wp.ufpel.edu.br\/coreme\/endocrinologia-e-metabologia-2\/","title":{"rendered":"ENDOCRINOLOGIA E METABOLOGIA"},"content":{"rendered":"<p><a href=\"https:\/\/wp.ufpel.edu.br\/coreme\/files\/2026\/01\/CLASSIFICACAO-PRELIMINAR-PRM-EM-ENDOCRINO.pdf\">CLASSIFICA\u00c7\u00c3O PRELIMINAR &#8211; PRM EM ENDOCRINOLOGIA E METABOLOGIA<\/a><\/p>\n<p><a href=\"https:\/\/wp.ufpel.edu.br\/coreme\/files\/2026\/01\/CLASSIFICACAO-FINAL-PRM-EM-ENDOCRINO.pdf\">CLASSIFICA\u00c7\u00c3O FINAL &#8211; PRM EM ENDOCRINOLOGIA E METABOLOGIA<\/a><\/p>\n<p><a href=\"https:\/\/wp.ufpel.edu.br\/coreme\/files\/2026\/01\/1a-CHAMADA-\u2013-CONVOCACAO-PARA-MATRICULA-\u2013-PRM-EM-ENDOCRINO.pdf\">1\u00aa CHAMADA \u2013 CONVOCA\u00c7\u00c3O PARA MATR\u00cdCULA \u2013 PRM EM ENDOCRINOLOGIA E METABOLOGIA<\/a><\/p>\n","protected":false},"excerpt":{"rendered":"<p>CLASSIFICA\u00c7\u00c3O PRELIMINAR &#8211; PRM EM ENDOCRINOLOGIA E METABOLOGIA CLASSIFICA\u00c7\u00c3O FINAL &#8211; PRM EM ENDOCRINOLOGIA E METABOLOGIA 1\u00aa CHAMADA \u2013 CONVOCA\u00c7\u00c3O PARA MATR\u00cdCULA \u2013 PRM EM ENDOCRINOLOGIA E METABOLOGIA<\/p>\n","protected":false},"author":1322,"featured_media":0,"parent":0,"menu_order":0,"comment_status":"closed","ping_status":"closed","template":"","meta":{"footnotes":""},"class_list":["post-997","page","type-page","status-publish","hentry"],"_links":{"self":[{"href":"https:\/\/wp.ufpel.edu.br\/coreme\/wp-json\/wp\/v2\/pages\/997","targetHints":{"allow":["GET"]}}],"collection":[{"href":"https:\/\/wp.ufpel.edu.br\/coreme\/wp-json\/wp\/v2\/pages"}],"about":[{"href":"https:\/\/wp.ufpel.edu.br\/coreme\/wp-json\/wp\/v2\/types\/page"}],"author":[{"embeddable":true,"href":"https:\/\/wp.ufpel.edu.br\/coreme\/wp-json\/wp\/v2\/users\/1322"}],"replies":[{"embeddable":true,"href":"https:\/\/wp.ufpel.edu.br\/coreme\/wp-json\/wp\/v2\/comments?post=997"}],"version-history":[{"count":3,"href":"https:\/\/wp.ufpel.edu.br\/coreme\/wp-json\/wp\/v2\/pages\/997\/revisions"}],"predecessor-version":[{"id":1092,"href":"https:\/\/wp.ufpel.edu.br\/coreme\/wp-json\/wp\/v2\/pages\/997\/revisions\/1092"}],"wp:attachment":[{"href":"https:\/\/wp.ufpel.edu.br\/coreme\/wp-json\/wp\/v2\/media?parent=997"}],"curies":[{"name":"wp","href":"https:\/\/api.w.org\/{rel}","templated":true}]}}

<p><a href="https://wp.ufpel.edu.br/coreme/files/2026/01/CLASSIFICACAO-PRELIMINAR-PRM-EM-ENDOCRINO.pdf">CLASSIFICAÇÃO PRELIMINAR &#8211; PRM EM ENDOCRINOLOGIA E METABOLOGIA</a></p>
<p><a href="https://wp.ufpel.edu.br/coreme/files/2026/01/CLASSIFICACAO-FINAL-PRM-EM-ENDOCRINO.pdf">CLASSIFICAÇÃO FINAL &#8211; PRM EM ENDOCRINOLOGIA E METABOLOGIA</a></p>
<p><a href="https://wp.ufpel.edu.br/coreme/files/2026/01/1a-CHAMADA-–-CONVOCACAO-PARA-MATRICULA-–-PRM-EM-ENDOCRINO.pdf">1ª CHAMADA – CONVOCAÇÃO PARA MATRÍCULA – PRM EM ENDOCRINOLOGIA E METABOLOGIA</a></p>

<p>CLASSIFICAÇÃO PRELIMINAR &#8211; PRM EM ENDOCRINOLOGIA E METABOLOGIA CLASSIFICAÇÃO FINAL &#8211; PRM EM ENDOCRINOLOGIA E METABOLOGIA 1ª CHAMADA – CONVOCAÇÃO PARA MATRÍCULA – PRM EM ENDOCRINOLOGIA E METABOLOGIA</p>
