{"id":843,"date":"2025-04-01T13:41:12","date_gmt":"2025-04-01T16:41:12","guid":{"rendered":"https:\/\/wp.ufpel.edu.br\/coreme\/?page_id=843"},"modified":"2025-04-01T13:41:12","modified_gmt":"2025-04-01T16:41:12","slug":"r3-em-medicina-de-familia-e-comunidade-enfase-em-atencao-domiciliar","status":"publish","type":"page","link":"https:\/\/wp.ufpel.edu.br\/coreme\/r3-em-medicina-de-familia-e-comunidade-enfase-em-atencao-domiciliar\/","title":{"rendered":"R3 EM MEDICINA DE FAM\u00cdLIA E COMUNIDADE, \u00caNFASE EM ATEN\u00c7\u00c3O DOMICILIAR"},"content":{"rendered":"","protected":false},"excerpt":{"rendered":"","protected":false},"author":1322,"featured_media":0,"parent":0,"menu_order":0,"comment_status":"closed","ping_status":"closed","template":"","meta":{"footnotes":""},"class_list":["post-843","page","type-page","status-publish","hentry"],"_links":{"self":[{"href":"https:\/\/wp.ufpel.edu.br\/coreme\/wp-json\/wp\/v2\/pages\/843","targetHints":{"allow":["GET"]}}],"collection":[{"href":"https:\/\/wp.ufpel.edu.br\/coreme\/wp-json\/wp\/v2\/pages"}],"about":[{"href":"https:\/\/wp.ufpel.edu.br\/coreme\/wp-json\/wp\/v2\/types\/page"}],"author":[{"embeddable":true,"href":"https:\/\/wp.ufpel.edu.br\/coreme\/wp-json\/wp\/v2\/users\/1322"}],"replies":[{"embeddable":true,"href":"https:\/\/wp.ufpel.edu.br\/coreme\/wp-json\/wp\/v2\/comments?post=843"}],"version-history":[{"count":1,"href":"https:\/\/wp.ufpel.edu.br\/coreme\/wp-json\/wp\/v2\/pages\/843\/revisions"}],"predecessor-version":[{"id":845,"href":"https:\/\/wp.ufpel.edu.br\/coreme\/wp-json\/wp\/v2\/pages\/843\/revisions\/845"}],"wp:attachment":[{"href":"https:\/\/wp.ufpel.edu.br\/coreme\/wp-json\/wp\/v2\/media?parent=843"}],"curies":[{"name":"wp","href":"https:\/\/api.w.org\/{rel}","templated":true}]}}