{"id":612,"date":"2025-02-05T09:30:06","date_gmt":"2025-02-05T12:30:06","guid":{"rendered":"https:\/\/wp.ufpel.edu.br\/coreme\/?page_id=612"},"modified":"2025-02-05T09:53:52","modified_gmt":"2025-02-05T12:53:52","slug":"convocacoes-para-matriculas","status":"publish","type":"page","link":"https:\/\/wp.ufpel.edu.br\/coreme\/convocacoes-para-matriculas\/","title":{"rendered":"CONVOCA\u00c7\u00d5ES PARA MATR\u00cdCULAS"},"content":{"rendered":"<p><a href=\"https:\/\/wp.ufpel.edu.br\/coreme\/clinica-medica-2\/\"><img class=\"alignleft wp-image-403\" src=\"https:\/\/wp.ufpel.edu.br\/coreme\/files\/2025\/01\/1.png\" alt=\"\" width=\"165\" height=\"165\" srcset=\"https:\/\/wp.ufpel.edu.br\/coreme\/files\/2025\/01\/1.png 288w, https:\/\/wp.ufpel.edu.br\/coreme\/files\/2025\/01\/1-200x200.png 200w\" sizes=\"(max-width: 165px) 100vw, 165px\" \/><\/a><a href=\"https:\/\/wp.ufpel.edu.br\/coreme\/ginecologia-e-obstetricia-2\/\"><img class=\"alignleft wp-image-407\" src=\"https:\/\/wp.ufpel.edu.br\/coreme\/files\/2025\/01\/5.png\" alt=\"\" width=\"165\" height=\"165\" srcset=\"https:\/\/wp.ufpel.edu.br\/coreme\/files\/2025\/01\/5.png 288w, https:\/\/wp.ufpel.edu.br\/coreme\/files\/2025\/01\/5-200x200.png 200w\" sizes=\"(max-width: 165px) 100vw, 165px\" \/><\/a><a href=\"https:\/\/wp.ufpel.edu.br\/coreme\/neonatologia\/\"><img class=\"alignleft wp-image-629\" src=\"https:\/\/wp.ufpel.edu.br\/coreme\/files\/2025\/02\/neo.png\" alt=\"\" width=\"165\" height=\"165\" srcset=\"https:\/\/wp.ufpel.edu.br\/coreme\/files\/2025\/02\/neo.png 288w, https:\/\/wp.ufpel.edu.br\/coreme\/files\/2025\/02\/neo-200x200.png 200w\" sizes=\"(max-width: 165px) 100vw, 165px\" \/><\/a><a href=\"https:\/\/wp.ufpel.edu.br\/coreme\/pediatria-2\/\"><img class=\"alignleft wp-image-405\" src=\"https:\/\/wp.ufpel.edu.br\/coreme\/files\/2025\/01\/3.png\" alt=\"\" width=\"165\" height=\"165\" srcset=\"https:\/\/wp.ufpel.edu.br\/coreme\/files\/2025\/01\/3.png 288w, https:\/\/wp.ufpel.edu.br\/coreme\/files\/2025\/01\/3-200x200.png 200w\" sizes=\"(max-width: 165px) 100vw, 165px\" \/><\/a><\/p>\n","protected":false},"excerpt":{"rendered":"","protected":false},"author":1322,"featured_media":0,"parent":0,"menu_order":0,"comment_status":"closed","ping_status":"closed","template":"","meta":{"footnotes":""},"class_list":["post-612","page","type-page","status-publish","hentry"],"_links":{"self":[{"href":"https:\/\/wp.ufpel.edu.br\/coreme\/wp-json\/wp\/v2\/pages\/612","targetHints":{"allow":["GET"]}}],"collection":[{"href":"https:\/\/wp.ufpel.edu.br\/coreme\/wp-json\/wp\/v2\/pages"}],"about":[{"href":"https:\/\/wp.ufpel.edu.br\/coreme\/wp-json\/wp\/v2\/types\/page"}],"author":[{"embeddable":true,"href":"https:\/\/wp.ufpel.edu.br\/coreme\/wp-json\/wp\/v2\/users\/1322"}],"replies":[{"embeddable":true,"href":"https:\/\/wp.ufpel.edu.br\/coreme\/wp-json\/wp\/v2\/comments?post=612"}],"version-history":[{"count":3,"href":"https:\/\/wp.ufpel.edu.br\/coreme\/wp-json\/wp\/v2\/pages\/612\/revisions"}],"predecessor-version":[{"id":636,"href":"https:\/\/wp.ufpel.edu.br\/coreme\/wp-json\/wp\/v2\/pages\/612\/revisions\/636"}],"wp:attachment":[{"href":"https:\/\/wp.ufpel.edu.br\/coreme\/wp-json\/wp\/v2\/media?parent=612"}],"curies":[{"name":"wp","href":"https:\/\/api.w.org\/{rel}","templated":true}]}}