{"id":377,"date":"2025-01-14T10:29:05","date_gmt":"2025-01-14T13:29:05","guid":{"rendered":"https:\/\/wp.ufpel.edu.br\/coreme\/?page_id=377"},"modified":"2025-02-28T10:51:39","modified_gmt":"2025-02-28T13:51:39","slug":"pediatria","status":"publish","type":"page","link":"https:\/\/wp.ufpel.edu.br\/coreme\/pediatria\/","title":{"rendered":"PEDIATRIA"},"content":{"rendered":"<p><a href=\"https:\/\/wp.ufpel.edu.br\/coreme\/files\/2025\/01\/preliminar-7.pdf\">CLASSIFICA\u00c7\u00c3O PRELIMINAR \u2013 PRM EM PEDIATRIA<\/a><\/p>\n<p><a href=\"https:\/\/wp.ufpel.edu.br\/coreme\/files\/2025\/01\/FINAL-1.pdf\">CLASSIFICA\u00c7\u00c3O FINAL \u2013 PRM EM PEDIATRIA<\/a><\/p>\n<p><a href=\"https:\/\/wp.ufpel.edu.br\/coreme\/files\/2025\/01\/1a-CHAMADA-CONVOCACAO-PARA-MATRICULA-PEDI-1.pdf\">1\u00aa CHAMADA &#8211; CONVOCA\u00c7\u00c3O PARA MATR\u00cdCULA &#8211; PRM EM PEDIATRIA<\/a> (23\/01\/2025)<\/p>\n<p><a href=\"https:\/\/wp.ufpel.edu.br\/coreme\/files\/2025\/01\/2a-CHAMADA-12.pdf\">2\u00aa CHAMADA \u2013 CONVOCA\u00c7\u00c3O PARA MATR\u00cdCULA \u2013 PRM EM PEDIATRIA<\/a> (27\/01\/2025)<\/p>\n<p><a href=\"https:\/\/wp.ufpel.edu.br\/coreme\/files\/2025\/01\/3a-CHAMADA-5.pdf\">3\u00aa CHAMADA \u2013 CONVOCA\u00c7\u00c3O PARA MATR\u00cdCULA \u2013 PRM EM PEDIATRIA<\/a> (29\/01\/2025)<\/p>\n<p><a href=\"https:\/\/wp.ufpel.edu.br\/coreme\/files\/2025\/01\/4a-CHAMADA-2.pdf\">4\u00aa CHAMADA \u2013 CONVOCA\u00c7\u00c3O PARA MATR\u00cdCULA \u2013 PRM EM PEDIATRIA<\/a> (31\/01\/2025)<\/p>\n<p><a href=\"https:\/\/wp.ufpel.edu.br\/coreme\/files\/2025\/02\/5a-CHAMADA-6.pdf\">5\u00aa CHAMADA \u2013 CONVOCA\u00c7\u00c3O PARA MATR\u00cdCULA \u2013 PRM EM PEDIATRIA<\/a> (24\/02\/2025)<\/p>\n<p><a href=\"https:\/\/wp.ufpel.edu.br\/coreme\/files\/2025\/02\/6a-CHAMADA-4.pdf\">6\u00aa CHAMADA \u2013 CONVOCA\u00c7\u00c3O PARA MATR\u00cdCULA \u2013 PRM EM PEDIATRIA<\/a> (26\/02\/2025)<\/p>\n<p><a href=\"https:\/\/wp.ufpel.edu.br\/coreme\/files\/2025\/02\/7a-CHAMADA-4.pdf\">7\u00aa CHAMADA \u2013 CONVOCA\u00c7\u00c3O PARA MATR\u00cdCULA \u2013 PRM EM PEDIATRIA<\/a> (28\/02\/2025)<\/p>\n","protected":false},"excerpt":{"rendered":"<p>CLASSIFICA\u00c7\u00c3O PRELIMINAR \u2013 PRM EM PEDIATRIA CLASSIFICA\u00c7\u00c3O FINAL \u2013 PRM EM PEDIATRIA 1\u00aa CHAMADA &#8211; CONVOCA\u00c7\u00c3O PARA MATR\u00cdCULA &#8211; PRM EM PEDIATRIA (23\/01\/2025) 2\u00aa CHAMADA \u2013 CONVOCA\u00c7\u00c3O PARA MATR\u00cdCULA \u2013 PRM EM PEDIATRIA (27\/01\/2025) 3\u00aa CHAMADA \u2013 CONVOCA\u00c7\u00c3O PARA MATR\u00cdCULA \u2013 PRM EM PEDIATRIA (29\/01\/2025) 4\u00aa CHAMADA \u2013 CONVOCA\u00c7\u00c3O PARA MATR\u00cdCULA \u2013 PRM EM PEDIATRIA [&hellip;]<\/p>\n","protected":false},"author":1322,"featured_media":0,"parent":0,"menu_order":0,"comment_status":"closed","ping_status":"closed","template":"","meta":{"footnotes":""},"class_list":["post-377","page","type-page","status-publish","hentry"],"_links":{"self":[{"href":"https:\/\/wp.ufpel.edu.br\/coreme\/wp-json\/wp\/v2\/pages\/377","targetHints":{"allow":["GET"]}}],"collection":[{"href":"https:\/\/wp.ufpel.edu.br\/coreme\/wp-json\/wp\/v2\/pages"}],"about":[{"href":"https:\/\/wp.ufpel.edu.br\/coreme\/wp-json\/wp\/v2\/types\/page"}],"author":[{"embeddable":true,"href":"https:\/\/wp.ufpel.edu.br\/coreme\/wp-json\/wp\/v2\/users\/1322"}],"replies":[{"embeddable":true,"href":"https:\/\/wp.ufpel.edu.br\/coreme\/wp-json\/wp\/v2\/comments?post=377"}],"version-history":[{"count":16,"href":"https:\/\/wp.ufpel.edu.br\/coreme\/wp-json\/wp\/v2\/pages\/377\/revisions"}],"predecessor-version":[{"id":798,"href":"https:\/\/wp.ufpel.edu.br\/coreme\/wp-json\/wp\/v2\/pages\/377\/revisions\/798"}],"wp:attachment":[{"href":"https:\/\/wp.ufpel.edu.br\/coreme\/wp-json\/wp\/v2\/media?parent=377"}],"curies":[{"name":"wp","href":"https:\/\/api.w.org\/{rel}","templated":true}]}}

<p><a href="https://wp.ufpel.edu.br/coreme/files/2025/01/preliminar-7.pdf">CLASSIFICAÇÃO PRELIMINAR – PRM EM PEDIATRIA</a></p>
<p><a href="https://wp.ufpel.edu.br/coreme/files/2025/01/FINAL-1.pdf">CLASSIFICAÇÃO FINAL – PRM EM PEDIATRIA</a></p>
<p><a href="https://wp.ufpel.edu.br/coreme/files/2025/01/1a-CHAMADA-CONVOCACAO-PARA-MATRICULA-PEDI-1.pdf">1ª CHAMADA &#8211; CONVOCAÇÃO PARA MATRÍCULA &#8211; PRM EM PEDIATRIA</a> (23/01/2025)</p>
<p><a href="https://wp.ufpel.edu.br/coreme/files/2025/01/2a-CHAMADA-12.pdf">2ª CHAMADA – CONVOCAÇÃO PARA MATRÍCULA – PRM EM PEDIATRIA</a> (27/01/2025)</p>
<p><a href="https://wp.ufpel.edu.br/coreme/files/2025/01/3a-CHAMADA-5.pdf">3ª CHAMADA – CONVOCAÇÃO PARA MATRÍCULA – PRM EM PEDIATRIA</a> (29/01/2025)</p>
<p><a href="https://wp.ufpel.edu.br/coreme/files/2025/01/4a-CHAMADA-2.pdf">4ª CHAMADA – CONVOCAÇÃO PARA MATRÍCULA – PRM EM PEDIATRIA</a> (31/01/2025)</p>
<p><a href="https://wp.ufpel.edu.br/coreme/files/2025/02/5a-CHAMADA-6.pdf">5ª CHAMADA – CONVOCAÇÃO PARA MATRÍCULA – PRM EM PEDIATRIA</a> (24/02/2025)</p>
<p><a href="https://wp.ufpel.edu.br/coreme/files/2025/02/6a-CHAMADA-4.pdf">6ª CHAMADA – CONVOCAÇÃO PARA MATRÍCULA – PRM EM PEDIATRIA</a> (26/02/2025)</p>
<p><a href="https://wp.ufpel.edu.br/coreme/files/2025/02/7a-CHAMADA-4.pdf">7ª CHAMADA – CONVOCAÇÃO PARA MATRÍCULA – PRM EM PEDIATRIA</a> (28/02/2025)</p>

<p>CLASSIFICAÇÃO PRELIMINAR – PRM EM PEDIATRIA CLASSIFICAÇÃO FINAL – PRM EM PEDIATRIA 1ª CHAMADA &#8211; CONVOCAÇÃO PARA MATRÍCULA &#8211; PRM EM PEDIATRIA (23/01/2025) 2ª CHAMADA – CONVOCAÇÃO PARA MATRÍCULA – PRM EM PEDIATRIA (27/01/2025) 3ª CHAMADA – CONVOCAÇÃO PARA MATRÍCULA – PRM EM PEDIATRIA (29/01/2025) 4ª CHAMADA – CONVOCAÇÃO PARA MATRÍCULA – PRM EM PEDIATRIA [&hellip;]</p>
