{"id":224,"date":"2024-09-03T10:16:12","date_gmt":"2024-09-03T13:16:12","guid":{"rendered":"https:\/\/wp.ufpel.edu.br\/coreme\/?page_id=224"},"modified":"2026-01-14T14:23:19","modified_gmt":"2026-01-14T17:23:19","slug":"fase2","status":"publish","type":"page","link":"https:\/\/wp.ufpel.edu.br\/coreme\/edital-n-160-2025\/fase2\/","title":{"rendered":"FASE 2"},"content":{"rendered":"<p><a href=\"https:\/\/wp.ufpel.edu.br\/coreme\/files\/2025\/12\/PRM-EM-CLINICA-MEDICA-CONVOCACAO-N\u00b0-001-FASE-2.pdf\">PRM EM CL\u00cdNICA M\u00c9DICA &#8211; CONVOCA\u00c7\u00c3O N\u00b0 001 FASE 2<\/a><\/p>\n<p><a href=\"https:\/\/wp.ufpel.edu.br\/coreme\/files\/2025\/12\/PRM-EM-ENDOCRINOLOGIA-E-METABOLOGIA-CONVOCACAO-N\u00b0-002-FASE-2.pdf\">PRM EM ENDOCRINOLOGIA E METABOLOGIA &#8211; CONVOCA\u00c7\u00c3O N\u00b0 002 FASE 2<\/a><\/p>\n<p><a href=\"https:\/\/wp.ufpel.edu.br\/coreme\/files\/2025\/12\/PRM-EM-GASTROENTEROLOGIA-CONVOCACAO-N\u00b0-003-FASE-2.pdf\">PRM EM GASTROENTEROLOGIA &#8211; CONVOCA\u00c7\u00c3O N\u00b0 003 FASE 2<\/a><\/p>\n<p><a href=\"https:\/\/wp.ufpel.edu.br\/coreme\/files\/2025\/12\/PRM-EM-GINECOLOGIA-E-OBSTETRICIA-CONVOCACAO-N\u00b0-004-FASE-2.pdf\">PRM EM GINECOLOGIA E OBSTETR\u00cdCIA &#8211; CONVOCA\u00c7\u00c3O N\u00b0 004 FASE 2<\/a><\/p>\n<p><a href=\"https:\/\/wp.ufpel.edu.br\/coreme\/files\/2025\/12\/PRM-EM-MEDICINA-DE-FAMILIA-E-COMUNIDADE-CONVOCACAO-N\u00b0-005-FASE-2.pdf\">PRM EM MEDICINA DE FAM\u00cdLIA E COMUNIDADE &#8211; CONVOCA\u00c7\u00c3O N\u00b0 005 FASE 2<\/a><\/p>\n<p><a href=\"https:\/\/wp.ufpel.edu.br\/coreme\/files\/2025\/12\/PRM-EM-ONCOLOGIA-CLINICA-CONVOCACAO-N\u00b0-006-FASE-2.pdf\">PRM EM ONCOLOGIA CL\u00cdNICA &#8211; CONVOCA\u00c7\u00c3O N\u00b0 006 FASE 2<\/a><\/p>\n<p><a href=\"https:\/\/wp.ufpel.edu.br\/coreme\/files\/2025\/12\/PRM-EM-PEDIATRIA-CONVOCACAO-N\u00b0-007-FASE-2-1.pdf\">PRM EM PEDIATRIA &#8211; CONVOCA\u00c7\u00c3O N\u00b0 007 FASE 2<\/a><\/p>\n<p><a href=\"https:\/\/wp.ufpel.edu.br\/coreme\/files\/2025\/12\/PRM-EM-PSIQUIATRIA-CONVOCACAO-N\u00b0-008-FASE-2.pdf\">PRM EM PSIQUIATRIA &#8211; CONVOCA\u00c7\u00c3O N\u00b0 008 FASE 2<\/a><\/p>\n<p><a href=\"https:\/\/wp.ufpel.edu.br\/coreme\/files\/2026\/01\/1a-RETIFICACAO-PRM-EM-GASTROENTEROLOGIA-CONVOCACAO-N\u00b0-003-FASE-2.pdf\">1\u00aa RETIFICA\u00c7\u00c3O &#8211; PRM EM GASTROENTEROLOGIA &#8211; CONVOCA\u00c7\u00c3O N\u00b0 003 FASE 2<\/a><\/p>\n<p><a href=\"https:\/\/wp.ufpel.edu.br\/coreme\/files\/2026\/01\/1a-RETIFICACAO-PRM-EM-PSIQUIATRIA-CONVOCACAO-N\u00b0-008-FASE-2.pdf\">1\u00aa RETIFICA\u00c7\u00c3O &#8211; PRM EM PSIQUIATRIA &#8211; CONVOCA\u00c7\u00c3O N\u00b0 008 FASE 2<\/a><\/p>\n<p><a href=\"https:\/\/wp.ufpel.edu.br\/coreme\/files\/2026\/01\/2a-RETIFICACAO-PRM-EM-PSIQUIATRIA-CONVOCACAO-N\u00b0-008-FASE-2.pdf\">2\u00aa RETIFICA\u00c7\u00c3O &#8211; PRM EM PSIQUIATRIA &#8211; CONVOCA\u00c7\u00c3O N\u00b0 008 FASE 2<\/a><\/p>\n<p><a href=\"https:\/\/wp.ufpel.edu.br\/coreme\/files\/2026\/01\/2a-RETIFICACAO-PRM-EM-GASTROENTEROLOGIA-CONVOCACAO-N\u00b0-003-FASE-2-1.pdf\">2\u00aa RETIFICA\u00c7\u00c3O &#8211; PRM EM GASTROENTEROLOGIA &#8211; CONVOCA\u00c7\u00c3O N\u00b0 003 FASE 2<\/a><\/p>\n<hr \/>\n<p>A Comiss\u00e3o de Resid\u00eancia M\u00e9dica (COREME) informa que <strong>n\u00e3o ser\u00e1 publicada na data de hoje, 23 de dezembro, a lista de classifica\u00e7\u00e3o e convoca\u00e7\u00e3o para a segunda fase do Processo Seletivo<\/strong>, conforme previsto no Edital n\u00ba 160\/2025.<\/p>\n<p>O adiamento ocorre em raz\u00e3o de <strong>inconsist\u00eancias identificadas pela AMRIGS\/FUNDATEC<\/strong> na lista de classifica\u00e7\u00e3o encaminhada anteriormente, referentes \u00e0 <strong>n\u00e3o atribui\u00e7\u00e3o da pontua\u00e7\u00e3o adicional<\/strong> de 10% relativa aos Programas de Governo, as quais necessitam de retifica\u00e7\u00e3o.<\/p>\n<p>Ap\u00f3s o recebimento e valida\u00e7\u00e3o da lista retificada, a COREME divulgar\u00e1 a convoca\u00e7\u00e3o oficial para a segunda fase do processo seletivo.<\/p>\n<p>Orientamos que os candidatos<strong> acompanhem diariamente o site da COREME.<\/strong><\/p>\n<p>Agradecemos a compreens\u00e3o.<\/p>\n<p>Pelotas, 23 de dezembro de 2025.<\/p>\n<p><strong>COREME<\/strong><\/p>\n","protected":false},"excerpt":{"rendered":"<p>PRM EM CL\u00cdNICA M\u00c9DICA &#8211; CONVOCA\u00c7\u00c3O N\u00b0 001 FASE 2 PRM EM ENDOCRINOLOGIA E METABOLOGIA &#8211; CONVOCA\u00c7\u00c3O N\u00b0 002 FASE 2 PRM EM GASTROENTEROLOGIA &#8211; CONVOCA\u00c7\u00c3O N\u00b0 003 FASE 2 PRM EM GINECOLOGIA E OBSTETR\u00cdCIA &#8211; CONVOCA\u00c7\u00c3O N\u00b0 004 FASE 2 PRM EM MEDICINA DE FAM\u00cdLIA E COMUNIDADE &#8211; CONVOCA\u00c7\u00c3O N\u00b0 005 FASE 2 PRM [&hellip;]<\/p>\n","protected":false},"author":1322,"featured_media":0,"parent":875,"menu_order":0,"comment_status":"closed","ping_status":"closed","template":"","meta":{"footnotes":""},"class_list":["post-224","page","type-page","status-publish","hentry"],"_links":{"self":[{"href":"https:\/\/wp.ufpel.edu.br\/coreme\/wp-json\/wp\/v2\/pages\/224","targetHints":{"allow":["GET"]}}],"collection":[{"href":"https:\/\/wp.ufpel.edu.br\/coreme\/wp-json\/wp\/v2\/pages"}],"about":[{"href":"https:\/\/wp.ufpel.edu.br\/coreme\/wp-json\/wp\/v2\/types\/page"}],"author":[{"embeddable":true,"href":"https:\/\/wp.ufpel.edu.br\/coreme\/wp-json\/wp\/v2\/users\/1322"}],"replies":[{"embeddable":true,"href":"https:\/\/wp.ufpel.edu.br\/coreme\/wp-json\/wp\/v2\/comments?post=224"}],"version-history":[{"count":4,"href":"https:\/\/wp.ufpel.edu.br\/coreme\/wp-json\/wp\/v2\/pages\/224\/revisions"}],"predecessor-version":[{"id":969,"href":"https:\/\/wp.ufpel.edu.br\/coreme\/wp-json\/wp\/v2\/pages\/224\/revisions\/969"}],"up":[{"embeddable":true,"href":"https:\/\/wp.ufpel.edu.br\/coreme\/wp-json\/wp\/v2\/pages\/875"}],"wp:attachment":[{"href":"https:\/\/wp.ufpel.edu.br\/coreme\/wp-json\/wp\/v2\/media?parent=224"}],"curies":[{"name":"wp","href":"https:\/\/api.w.org\/{rel}","templated":true}]}}