{"id":2,"date":"2019-04-23T10:52:07","date_gmt":"2019-04-23T13:52:07","guid":{"rendered":"https:\/\/wp.ufpel.edu.br\/coplandocentes\/?page_id=2"},"modified":"2019-04-25T20:42:15","modified_gmt":"2019-04-25T23:42:15","slug":"pagina-exemplo","status":"publish","type":"page","link":"https:\/\/wp.ufpel.edu.br\/coplandocentes\/","title":{"rendered":"Docentes da UFPel"},"content":{"rendered":"<p>Aqui os docentes da UFPel poder\u00e3o acessar e se posicionar sobre as pautas das reuni\u00f5es do COPLAN bem como acompanhar as decis\u00f5es tomadas nesse conselho. Tamb\u00e9m relataremos os pareceres dos Grupos Tem\u00e1ticos que forem montados.<\/p>\n","protected":false},"excerpt":{"rendered":"<p>Aqui os docentes da UFPel poder\u00e3o acessar e se posicionar sobre as pautas das reuni\u00f5es do COPLAN bem como acompanhar as decis\u00f5es tomadas nesse conselho. Tamb\u00e9m relataremos os pareceres dos Grupos Tem\u00e1ticos que forem montados.<\/p>\n","protected":false},"author":9,"featured_media":0,"parent":0,"menu_order":0,"comment_status":"closed","ping_status":"closed","template":"","meta":{"footnotes":""},"class_list":["post-2","page","type-page","status-publish","hentry"],"_links":{"self":[{"href":"https:\/\/wp.ufpel.edu.br\/coplandocentes\/wp-json\/wp\/v2\/pages\/2","targetHints":{"allow":["GET"]}}],"collection":[{"href":"https:\/\/wp.ufpel.edu.br\/coplandocentes\/wp-json\/wp\/v2\/pages"}],"about":[{"href":"https:\/\/wp.ufpel.edu.br\/coplandocentes\/wp-json\/wp\/v2\/types\/page"}],"author":[{"embeddable":true,"href":"https:\/\/wp.ufpel.edu.br\/coplandocentes\/wp-json\/wp\/v2\/users\/9"}],"replies":[{"embeddable":true,"href":"https:\/\/wp.ufpel.edu.br\/coplandocentes\/wp-json\/wp\/v2\/comments?post=2"}],"version-history":[{"count":3,"href":"https:\/\/wp.ufpel.edu.br\/coplandocentes\/wp-json\/wp\/v2\/pages\/2\/revisions"}],"predecessor-version":[{"id":55,"href":"https:\/\/wp.ufpel.edu.br\/coplandocentes\/wp-json\/wp\/v2\/pages\/2\/revisions\/55"}],"wp:attachment":[{"href":"https:\/\/wp.ufpel.edu.br\/coplandocentes\/wp-json\/wp\/v2\/media?parent=2"}],"curies":[{"name":"wp","href":"https:\/\/api.w.org\/{rel}","templated":true}]}}