{"id":24,"date":"2018-11-23T11:17:54","date_gmt":"2018-11-23T13:17:54","guid":{"rendered":"https:\/\/wp.ufpel.edu.br\/coplan\/?page_id=24"},"modified":"2024-03-07T09:06:04","modified_gmt":"2024-03-07T12:06:04","slug":"portarias","status":"publish","type":"page","link":"https:\/\/wp.ufpel.edu.br\/coplan\/portarias\/","title":{"rendered":"Portarias"},"content":{"rendered":"<p>Portaria <a href=\"https:\/\/wp.ufpel.edu.br\/coplan\/files\/2019\/05\/Portaria-1012-de-2019.pdf\">1012\/2019<\/a> de 23 de abril de 2019.<\/p>\n<p>HOMOLOGA o resultado da elei\u00e7\u00e3o, realizada no per\u00edodo de 15 a 18 de abril de 2019, para composi\u00e7\u00e3o do Comit\u00ea Articulador do Conselho de Planejamento da UFPel (COPLAN).<\/p>\n<p>&nbsp;<\/p>\n<p>Portaria <a href=\"https:\/\/wp.ufpel.edu.br\/coplan\/files\/2019\/05\/Portaria-1308-2019.pdf\">1308\/2019<\/a> de 20 de maio de 2019.<\/p>\n<p>DESIGNA os representantes, titular e suplente, da Comunidade Externa, indicados pelo F\u00f3rum Social da UFPel, e Organizador, indicados pela PROPLAN, junto ao Comit\u00ea Articulador do Conselho de Planejamento da UFPel (COPLAN).<\/p>\n<p>&nbsp;<\/p>\n<p>Portaria <a href=\"https:\/\/wp.ufpel.edu.br\/coplan\/files\/2021\/12\/Publicacoes-Eletronicas-Publicacoes-Eletronicas.pdf\">631\/2020<\/a>.<\/p>\n<p><span class=\"fontstyle0\">ALTERAR a Portaria n\u00ba 1308, de 20 de maio de 2019, substituindo representantes titular e suplente da Comunidade Externa junto ao Comit\u00ea Articulador do Conselho de Planejamento da UFPel (COPLAN).<\/span><\/p>\n<p>&nbsp;<\/p>\n<p>Portaria <a href=\"https:\/\/wp.ufpel.edu.br\/coplan\/files\/2021\/05\/Portaria-ORGANIZACAO.pdf\">807\/2021<\/a> de 17 de maio de 2021<\/p>\n<p>ALTERA a Portaria n\u00ba 1308, de 20 de maio de 2019, designando novos representantes da PROPLAN, titular e suplente, na condi\u00e7\u00e3o de Organizadores, junto ao Comit\u00ea Articulador do Conselho de Planejamento da UFPel (COPLAN).<\/p>\n<p>&nbsp;<\/p>\n<p>Portaria <a href=\"https:\/\/wp.ufpel.edu.br\/coplan\/files\/2021\/06\/Portaria-987-2021.pdf\">987\/2021<\/a><\/p>\n<p>CONSTITUI a nova composi\u00e7\u00e3o do Comit\u00ea Articulador do Conselho de Planejamento da UFPel (COPLAN).<\/p>\n<p>&nbsp;<\/p>\n<p>Portarias <a href=\"https:\/\/wp.ufpel.edu.br\/coplan\/files\/2021\/10\/Portaria-Comissoes-PDI.pdf\">1308\/21<\/a>; <a href=\"https:\/\/wp.ufpel.edu.br\/coplan\/files\/2021\/10\/Portaria-Comissoes-Retificada.pdf\">1361\/21<\/a>; <a href=\"https:\/\/wp.ufpel.edu.br\/coplan\/files\/2021\/10\/Portaria-comissoes-2a-Retificacao-10.10.2021.pdf\">1628\/21<\/a>; <a href=\"https:\/\/wp.ufpel.edu.br\/coplan\/files\/2021\/11\/Portaria-ultima.pdf\">1770\/21<\/a>.<\/p>\n<p>CONSTITUI\u00c7\u00c3O das Comiss\u00f5es de elabora\u00e7\u00e3o do novo PDI.<\/p>\n<p>&nbsp;<\/p>\n<p><a href=\"https:\/\/wp.ufpel.edu.br\/coplan\/files\/2023\/06\/Portaria_2023_2321.pdf\">Portaria de pessoal 2321\/2023<\/a><\/p>\n<p>PRORROGA, pro tempore, o mandato dos membros\u00a0do Comit\u00ea Articulador do Conselho de Planejamento da UFPel (COPLAN).<\/p>\n<p>&nbsp;<\/p>\n<p><a href=\"http:\/\/Portaria de pessoal 2324\/2023\">Portaria de pessoal 2324\/2023<\/a><\/p>\n<p>DESIGNA as representantes da Pr\u00f3-Reitoria de Planejamento e Desenvolvimento, na condi\u00e7\u00e3o de Organizador.<\/p>\n<p>&nbsp;<\/p>\n<p><a href=\"https:\/\/wp.ufpel.edu.br\/coplan\/files\/2023\/09\/Portaria_2023_3433.pdf\">Portaria de pessoal 3433\/2023<\/a><\/p>\n<p>CONSTITUI a nova composi\u00e7\u00e3o do Comit\u00ea Articulador do COPLAN, para um mandato de dois anos.<\/p>\n<p>&nbsp;<\/p>\n<p><a href=\"https:\/\/wp.ufpel.edu.br\/coplan\/files\/2023\/09\/Portaria_2023_3639.pdf\">Portaria 3639\/2023<\/a><\/p>\n<p>CONSTITUI a composi\u00e7\u00e3o dos Grupos Tem\u00e1ticos para apoio ao Processo de Planejamento Integrado Territ\u00f3rios.<\/p>\n<p>&nbsp;<\/p>\n<p><a href=\"https:\/\/wp.ufpel.edu.br\/coplan\/files\/2024\/03\/Portaria_2024_622.pdf\" target=\"_blank\" rel=\"noopener\">Portaria 0622\/2024<\/a><\/p>\n<p>ALTERA a Portaria de Pessoal n\u00ba 3639, recompondo o Grupo Tem\u00e1tico Apoio \u00e0 Reda\u00e7\u00e3o da Pol\u00edtica Ambiental da UFPel.<\/p>\n","protected":false},"excerpt":{"rendered":"<p>Portaria 1012\/2019 de 23 de abril de 2019. HOMOLOGA o resultado da elei\u00e7\u00e3o, realizada no per\u00edodo de 15 a 18 de abril de 2019, para composi\u00e7\u00e3o do Comit\u00ea Articulador do Conselho de Planejamento da UFPel (COPLAN). &nbsp; Portaria 1308\/2019 de 20 de maio de 2019. DESIGNA os representantes, titular e suplente, da Comunidade Externa, indicados [&hellip;]<\/p>\n","protected":false},"author":20,"featured_media":0,"parent":0,"menu_order":0,"comment_status":"closed","ping_status":"closed","template":"","meta":{"footnotes":""},"class_list":["post-24","page","type-page","status-publish","hentry"],"_links":{"self":[{"href":"https:\/\/wp.ufpel.edu.br\/coplan\/wp-json\/wp\/v2\/pages\/24","targetHints":{"allow":["GET"]}}],"collection":[{"href":"https:\/\/wp.ufpel.edu.br\/coplan\/wp-json\/wp\/v2\/pages"}],"about":[{"href":"https:\/\/wp.ufpel.edu.br\/coplan\/wp-json\/wp\/v2\/types\/page"}],"author":[{"embeddable":true,"href":"https:\/\/wp.ufpel.edu.br\/coplan\/wp-json\/wp\/v2\/users\/20"}],"replies":[{"embeddable":true,"href":"https:\/\/wp.ufpel.edu.br\/coplan\/wp-json\/wp\/v2\/comments?post=24"}],"version-history":[{"count":19,"href":"https:\/\/wp.ufpel.edu.br\/coplan\/wp-json\/wp\/v2\/pages\/24\/revisions"}],"predecessor-version":[{"id":808,"href":"https:\/\/wp.ufpel.edu.br\/coplan\/wp-json\/wp\/v2\/pages\/24\/revisions\/808"}],"wp:attachment":[{"href":"https:\/\/wp.ufpel.edu.br\/coplan\/wp-json\/wp\/v2\/media?parent=24"}],"curies":[{"name":"wp","href":"https:\/\/api.w.org\/{rel}","templated":true}]}}