{"id":14,"date":"2018-11-23T11:09:22","date_gmt":"2018-11-23T13:09:22","guid":{"rendered":"https:\/\/wp.ufpel.edu.br\/coplan\/?page_id=14"},"modified":"2023-09-18T15:48:42","modified_gmt":"2023-09-18T18:48:42","slug":"comite-de-articulacao","status":"publish","type":"page","link":"https:\/\/wp.ufpel.edu.br\/coplan\/composicao\/comite-de-articulacao\/","title":{"rendered":"Comit\u00ea Articulador"},"content":{"rendered":"<p><strong>Comit\u00ea Articulador<\/strong><\/p>\n<p><span style=\"font-weight: 400;\">O Comit\u00ea Articulador tem natureza colegiada e constitui o n\u00facleo permanente do COPLAN, sendo a \u00fanica inst\u00e2ncia do Conselho com funcionamento constante. Este Comit\u00ea \u00e9 composto por onze membros titulares e seus respectivos suplentes com mandato de 24 meses.<\/span><\/p>\n<p><span style=\"font-weight: 400;\">Para detalhamento das informa\u00e7\u00f5es acesse:<\/span><\/p>\n<p><a href=\"https:\/\/wp.ufpel.edu.br\/scs\/files\/2018\/08\/SEI-Resolu%C3%A7%C3%A3o-10.2018.pdf\"><span style=\"font-weight: 400;\">Resolu\u00e7\u00e3o 10 do CONSUN de 22 de agosto de 2018 <\/span><\/a><\/p>\n<p>&nbsp;<\/p>\n<p style=\"text-align: left;\"><strong>COMPOSI\u00c7\u00c3O\u00a0 estabelecida pela PORTARIA DE PESSOAL N\u00ba 3433\/UFPEL, DE 05 DE SETEMBRO DE 2023\u00a0<\/strong><\/p>\n<p><strong>REPRESENTA\u00c7\u00c3O DAS CATEGORIAS<\/strong><br \/>\n<strong>Categoria Discente<\/strong><\/p>\n<p>Titular: Maicon Moraes Santiago (CDTEC)<br \/>\nSuplente: Isabella Mello Ness (FD)<br \/>\nTitular: Lu\u00edsa Fanfa Barroso (FE)<br \/>\nSuplente: Francieli Eliza de Oliveira (FAMED)<\/p>\n<p><strong>Categoria Docente<\/strong><\/p>\n<p>Titular: Roberta Coelho Barros (CA)<br \/>\nSuplente: Andr\u00e9ia Bordini de Brito (CA)Titular: Ricardo Zimmermann Fiegenbaum (CLC)<br \/>\nSuplente: Thiago Pirajira Concei\u00e7\u00e3o (CA)<\/p>\n<p><strong>Categoria T\u00e9cnico-Administrativos em Educa\u00e7\u00e3o<\/strong><\/p>\n<p>Titular: T\u00e2nia Luiza Stigger Vieira (PROGEP)<br \/>\nSuplente: Tatiane Lotufo Leite (PROPLAN)<br \/>\nTitular: Jeferson Dutra Salaberry (PROPLAN)<br \/>\nSuplente: Marcelo Batista Canteiro (SUINFRA)<\/p>\n<p><strong>REPRESENTA\u00c7\u00c3O DAS ZONAS<\/strong><\/p>\n<p><strong>Zona Balsa-Porto<\/strong><br \/>\nTitular: Alencar Ibeiro de Oliveira (TAE \u2013 SUINFRA)<br \/>\nSuplente: George Coutinho Lima (discente \u2013 CENG)<\/p>\n<p><strong>Zona Cap\u00e3o do Le\u00e3o<\/strong><br \/>\nTitular: Francieli Moro Stefanello (docente \u2013 CCQFA)<br \/>\nSuplente: Elessandra da Rosa Zavareze (docente \u2013 FAEM)<\/p>\n<p><strong>Zona Centro-Sul<\/strong><br \/>\nTitular: Eduardo Montagna da Silveira (TAE \u2013 CA)<br \/>\nSuplente: Felipe Marques Couto (TAE \u2013 GR)<\/p>\n<p><strong>REPRESENTA\u00c7\u00c3O DA COMUNIDADE EXTERNA<\/strong><br \/>\nTitular: Sonia Macedo (Associa\u00e7\u00e3o Comunit\u00e1ria Cohab Tablada)<\/p>\n<p>&nbsp;<\/p>\n<p><b>Organiza\u00e7\u00e3o\u00a0<\/b><\/p>\n<p><span style=\"font-weight: 400;\">Ana Clara Corr\u00eaa Henning (CDIP) &#8211; Titular<\/span><\/p>\n<p><span style=\"font-weight: 400;\">C\u00edntia Vieira Essinger (CDPD) &#8211; Suplente<\/span><\/p>\n","protected":false},"excerpt":{"rendered":"<p>Comit\u00ea Articulador O Comit\u00ea Articulador tem natureza colegiada e constitui o n\u00facleo permanente do COPLAN, sendo a \u00fanica inst\u00e2ncia do Conselho com funcionamento constante. Este Comit\u00ea \u00e9 composto por onze membros titulares e seus respectivos suplentes com mandato de 24 meses. Para detalhamento das informa\u00e7\u00f5es acesse: Resolu\u00e7\u00e3o 10 do CONSUN de 22 de agosto de [&hellip;]<\/p>\n","protected":false},"author":20,"featured_media":0,"parent":12,"menu_order":0,"comment_status":"closed","ping_status":"closed","template":"","meta":{"footnotes":""},"class_list":["post-14","page","type-page","status-publish","hentry"],"_links":{"self":[{"href":"https:\/\/wp.ufpel.edu.br\/coplan\/wp-json\/wp\/v2\/pages\/14","targetHints":{"allow":["GET"]}}],"collection":[{"href":"https:\/\/wp.ufpel.edu.br\/coplan\/wp-json\/wp\/v2\/pages"}],"about":[{"href":"https:\/\/wp.ufpel.edu.br\/coplan\/wp-json\/wp\/v2\/types\/page"}],"author":[{"embeddable":true,"href":"https:\/\/wp.ufpel.edu.br\/coplan\/wp-json\/wp\/v2\/users\/20"}],"replies":[{"embeddable":true,"href":"https:\/\/wp.ufpel.edu.br\/coplan\/wp-json\/wp\/v2\/comments?post=14"}],"version-history":[{"count":23,"href":"https:\/\/wp.ufpel.edu.br\/coplan\/wp-json\/wp\/v2\/pages\/14\/revisions"}],"predecessor-version":[{"id":754,"href":"https:\/\/wp.ufpel.edu.br\/coplan\/wp-json\/wp\/v2\/pages\/14\/revisions\/754"}],"up":[{"embeddable":true,"href":"https:\/\/wp.ufpel.edu.br\/coplan\/wp-json\/wp\/v2\/pages\/12"}],"wp:attachment":[{"href":"https:\/\/wp.ufpel.edu.br\/coplan\/wp-json\/wp\/v2\/media?parent=14"}],"curies":[{"name":"wp","href":"https:\/\/api.w.org\/{rel}","templated":true}]}}

Comitê Articulador

<p><strong>Comitê Articulador</strong></p>
<p><span style="font-weight: 400;">O Comitê Articulador tem natureza colegiada e constitui o núcleo permanente do COPLAN, sendo a única instância do Conselho com funcionamento constante. Este Comitê é composto por onze membros titulares e seus respectivos suplentes com mandato de 24 meses.</span></p>
<p><span style="font-weight: 400;">Para detalhamento das informações acesse:</span></p>
<p><a href="https://wp.ufpel.edu.br/scs/files/2018/08/SEI-Resolu%C3%A7%C3%A3o-10.2018.pdf"><span style="font-weight: 400;">Resolução 10 do CONSUN de 22 de agosto de 2018 </span></a></p>
<p>&nbsp;</p>
<p style="text-align: left;"><strong>COMPOSIÇÃO  estabelecida pela PORTARIA DE PESSOAL Nº 3433/UFPEL, DE 05 DE SETEMBRO DE 2023 </strong></p>
<p><strong>REPRESENTAÇÃO DAS CATEGORIAS</strong><br />
<strong>Categoria Discente</strong></p>
<p>Titular: Maicon Moraes Santiago (CDTEC)<br />
Suplente: Isabella Mello Ness (FD)<br />
Titular: Luísa Fanfa Barroso (FE)<br />
Suplente: Francieli Eliza de Oliveira (FAMED)</p>
<p><strong>Categoria Docente</strong></p>
<p>Titular: Roberta Coelho Barros (CA)<br />
Suplente: Andréia Bordini de Brito (CA)Titular: Ricardo Zimmermann Fiegenbaum (CLC)<br />
Suplente: Thiago Pirajira Conceição (CA)</p>
<p><strong>Categoria Técnico-Administrativos em Educação</strong></p>
<p>Titular: Tânia Luiza Stigger Vieira (PROGEP)<br />
Suplente: Tatiane Lotufo Leite (PROPLAN)<br />
Titular: Jeferson Dutra Salaberry (PROPLAN)<br />
Suplente: Marcelo Batista Canteiro (SUINFRA)</p>
<p><strong>REPRESENTAÇÃO DAS ZONAS</strong></p>
<p><strong>Zona Balsa-Porto</strong><br />
Titular: Alencar Ibeiro de Oliveira (TAE – SUINFRA)<br />
Suplente: George Coutinho Lima (discente – CENG)</p>
<p><strong>Zona Capão do Leão</strong><br />
Titular: Francieli Moro Stefanello (docente – CCQFA)<br />
Suplente: Elessandra da Rosa Zavareze (docente – FAEM)</p>
<p><strong>Zona Centro-Sul</strong><br />
Titular: Eduardo Montagna da Silveira (TAE – CA)<br />
Suplente: Felipe Marques Couto (TAE – GR)</p>
<p><strong>REPRESENTAÇÃO DA COMUNIDADE EXTERNA</strong><br />
Titular: Sonia Macedo (Associação Comunitária Cohab Tablada)</p>
<p>&nbsp;</p>
<p><b>Organização </b></p>
<p><span style="font-weight: 400;">Ana Clara Corrêa Henning (CDIP) &#8211; Titular</span></p>
<p><span style="font-weight: 400;">Cíntia Vieira Essinger (CDPD) &#8211; Suplente</span></p>

<p>Comitê Articulador O Comitê Articulador tem natureza colegiada e constitui o núcleo permanente do COPLAN, sendo a única instância do Conselho com funcionamento constante. Este Comitê é composto por onze membros titulares e seus respectivos suplentes com mandato de 24 meses. Para detalhamento das informações acesse: Resolução 10 do CONSUN de 22 de agosto de [&hellip;]</p>
