{"id":99,"date":"2021-06-10T13:41:26","date_gmt":"2021-06-10T16:41:26","guid":{"rendered":"https:\/\/wp.ufpel.edu.br\/coortepampa\/?page_id=99"},"modified":"2023-05-31T17:26:20","modified_gmt":"2023-05-31T20:26:20","slug":"coorte-pampa-2023","status":"publish","type":"page","link":"https:\/\/wp.ufpel.edu.br\/coortepampa\/coorte-pampa-2023\/","title":{"rendered":"PARTICIPE da Coorte PAMPA 2023"},"content":{"rendered":"<p>&nbsp;<\/p>\n<p><img loading=\"lazy\" decoding=\"async\" class=\"wp-image-111 alignleft\" src=\"https:\/\/wp.ufpel.edu.br\/coortepampa\/files\/2023\/05\/WhatsApp-Image-2023-05-22-at-06.54.29-283x400.jpeg\" alt=\"\" width=\"274\" height=\"387\" srcset=\"https:\/\/wp.ufpel.edu.br\/coortepampa\/files\/2023\/05\/WhatsApp-Image-2023-05-22-at-06.54.29-283x400.jpeg 283w, https:\/\/wp.ufpel.edu.br\/coortepampa\/files\/2023\/05\/WhatsApp-Image-2023-05-22-at-06.54.29-724x1024.jpeg 724w, https:\/\/wp.ufpel.edu.br\/coortepampa\/files\/2023\/05\/WhatsApp-Image-2023-05-22-at-06.54.29-768x1086.jpeg 768w, https:\/\/wp.ufpel.edu.br\/coortepampa\/files\/2023\/05\/WhatsApp-Image-2023-05-22-at-06.54.29-1086x1536.jpeg 1086w, https:\/\/wp.ufpel.edu.br\/coortepampa\/files\/2023\/05\/WhatsApp-Image-2023-05-22-at-06.54.29.jpeg 1131w\" sizes=\"auto, (max-width: 274px) 100vw, 274px\" \/><\/p>\n<p style=\"text-align: justify;\">Simmm, vamos ter a <strong>QUINTA edi\u00e7\u00e3o da Coorte PAMPA<\/strong>!<\/p>\n<p style=\"text-align: justify;\">Desde 2020, anualmente, nos meses de Junho temos coletas. Somos orgulhosos da nossa trajet\u00f3ria que n\u00e3o seria poss\u00edvel sem a participa\u00e7\u00e3o de VO<\/p>\n<p style=\"text-align: justify;\">C\u00caS, participantes que tornam esse estudo realidade!<\/p>\n<p style=\"text-align: justify;\">A quinta etapa de coletas da Coorte PAMPAM iniciar\u00e1 em 01 de junho de 2023 e ter\u00e1 dura\u00e7\u00e3o de 30 dias.<\/p>\n<p style=\"text-align: justify;\"><strong>Podem participar pessoas com 18 anos ou mais e que residam no Rio Grande do Sul.<\/strong> Voc\u00ea levar\u00e1 em torno de 10 minutos para responder ao question\u00e1rio da pesquisa. Voc\u00ea ser\u00e1 perguntado(a) sobre seu estado de sa\u00fade f\u00edsica e mental, COVID-19, alimenta\u00e7\u00e3o, pr\u00e1tica de atividades f\u00edsicas e outros fatores como acesso a servi\u00e7os de sa\u00fade.<\/p>\n<p style=\"text-align: justify;\">Participe e compartilhe com pessoas de todas as regi\u00f5es do Rio Grande do Sul.<\/p>\n<h3 style=\"text-align: center;\">&gt;&gt; Acesse o question\u00e1rio atrav\u00e9s do seguinte link: <a href=\"https:\/\/redcap.link\/pampaw5\"><strong>https:\/\/redcap.link\/pampaw5\u00a0<\/strong><\/a><\/h3>\n","protected":false},"excerpt":{"rendered":"<p>&nbsp; Simmm, vamos ter a QUINTA edi\u00e7\u00e3o da Coorte PAMPA! Desde 2020, anualmente, nos meses de Junho temos coletas. Somos orgulhosos da nossa trajet\u00f3ria que n\u00e3o seria poss\u00edvel sem a participa\u00e7\u00e3o de VO C\u00caS, participantes que tornam esse estudo realidade! A quinta etapa de coletas da Coorte PAMPAM iniciar\u00e1 em 01 de junho de 2023 [&hellip;]<\/p>\n","protected":false},"author":1119,"featured_media":0,"parent":0,"menu_order":0,"comment_status":"closed","ping_status":"closed","template":"","meta":{"footnotes":""},"class_list":["post-99","page","type-page","status-publish","hentry"],"_links":{"self":[{"href":"https:\/\/wp.ufpel.edu.br\/coortepampa\/wp-json\/wp\/v2\/pages\/99","targetHints":{"allow":["GET"]}}],"collection":[{"href":"https:\/\/wp.ufpel.edu.br\/coortepampa\/wp-json\/wp\/v2\/pages"}],"about":[{"href":"https:\/\/wp.ufpel.edu.br\/coortepampa\/wp-json\/wp\/v2\/types\/page"}],"author":[{"embeddable":true,"href":"https:\/\/wp.ufpel.edu.br\/coortepampa\/wp-json\/wp\/v2\/users\/1119"}],"replies":[{"embeddable":true,"href":"https:\/\/wp.ufpel.edu.br\/coortepampa\/wp-json\/wp\/v2\/comments?post=99"}],"version-history":[{"count":14,"href":"https:\/\/wp.ufpel.edu.br\/coortepampa\/wp-json\/wp\/v2\/pages\/99\/revisions"}],"predecessor-version":[{"id":154,"href":"https:\/\/wp.ufpel.edu.br\/coortepampa\/wp-json\/wp\/v2\/pages\/99\/revisions\/154"}],"wp:attachment":[{"href":"https:\/\/wp.ufpel.edu.br\/coortepampa\/wp-json\/wp\/v2\/media?parent=99"}],"curies":[{"name":"wp","href":"https:\/\/api.w.org\/{rel}","templated":true}]}}