{"id":685,"date":"2015-05-28T14:03:08","date_gmt":"2015-05-28T17:03:08","guid":{"rendered":"https:\/\/wp.ufpel.edu.br\/convenios\/?page_id=685"},"modified":"2025-05-12T09:49:55","modified_gmt":"2025-05-12T12:49:55","slug":"dados-da-instituicao","status":"publish","type":"page","link":"https:\/\/wp.ufpel.edu.br\/convenios\/documentos-e-dados-ufpel\/dados-da-instituicao\/","title":{"rendered":"Dados da Institui\u00e7\u00e3o"},"content":{"rendered":"<p><strong>FUNDA\u00c7\u00c3O UNIVERSIDADE FEDERAL DE PELOTAS \u2013 UFPel<\/strong><\/p>\n<p>Unidade Gestora \u2013 UG: 154047<br \/>\nGest\u00e3o: 15264<br \/>\nCNPJ: 92.242.080\/0001-00<\/p>\n<p>Reitora: Prof.\u00aa \u00darsula Rosa da Silva<\/p>\n<p>Nomeada pelo Decreto de 20 de dezembro de 2024, publicado em 23\/12\/2024 no D.O.U., se\u00e7\u00e3o 02<\/p>\n<p>Vice-Reitor: Prof. Eraldo dos Santos Pinheiro<\/p>\n<p>Rua Gomes Carneiro, n\u00ba 01 \u2013 Centro. CEP. 96.010-610. Pelotas-RS.<br \/>\nE-mail: reitor@ufpel.edu.br<br \/>\nTelefone: (53)\u00a03284-4000<br \/>\nFax: (53) 3284-4000<\/p>\n<p><a href=\"https:\/\/wp.ufpel.edu.br\/convenios\/files\/2017\/10\/CRIA\u00c7\u00c3O-DA-UFPEL-decreto-65881-16-dezembro-1969-407283.doc\">Estatuto da Funda\u00e7\u00e3o Universidade Federal de Pelotas<\/a><\/p>\n<p><a href=\"https:\/\/wp.ufpel.edu.br\/convenios\/files\/2017\/10\/Decreto-65.881-2.docx\">Decreto 65.881 de 16 dezembro 1969 &#8211; Aprova o Estatuto da Universidade Federal de Pelotas.<\/a><\/p>\n<p><a href=\"http:\/\/www2.camara.leg.br\/legin\/fed\/declei\/1960-1969\/decreto-lei-750-8-agosto-1969-375218-publicacaooriginal-1-pe.html\">Decreto Lei n\u00ba 750, de 08 de agosto de 1969 &#8211; Prov\u00ea sobre a transforma\u00e7\u00e3o da Universidade Federal Rural do Rio Grande do Sul na Universidade Federal de Pelotas (UFPEL), e d\u00e1 outras provid\u00eancias.<\/a><\/p>\n","protected":false},"excerpt":{"rendered":"<p>FUNDA\u00c7\u00c3O UNIVERSIDADE FEDERAL DE PELOTAS \u2013 UFPel Unidade Gestora \u2013 UG: 154047 Gest\u00e3o: 15264 CNPJ: 92.242.080\/0001-00 Reitora: Prof.\u00aa \u00darsula Rosa da Silva Nomeada pelo Decreto de 20 de dezembro de 2024, publicado em 23\/12\/2024 no D.O.U., se\u00e7\u00e3o 02 Vice-Reitor: Prof. Eraldo dos Santos Pinheiro Rua Gomes Carneiro, n\u00ba 01 \u2013 Centro. CEP. 96.010-610. Pelotas-RS. E-mail: [&hellip;]<\/p>\n","protected":false},"author":122,"featured_media":0,"parent":689,"menu_order":1,"comment_status":"closed","ping_status":"closed","template":"","meta":{"footnotes":""},"class_list":["post-685","page","type-page","status-publish","hentry","post"],"jetpack_sharing_enabled":true,"jetpack_likes_enabled":true,"_links":{"self":[{"href":"https:\/\/wp.ufpel.edu.br\/convenios\/wp-json\/wp\/v2\/pages\/685","targetHints":{"allow":["GET"]}}],"collection":[{"href":"https:\/\/wp.ufpel.edu.br\/convenios\/wp-json\/wp\/v2\/pages"}],"about":[{"href":"https:\/\/wp.ufpel.edu.br\/convenios\/wp-json\/wp\/v2\/types\/page"}],"author":[{"embeddable":true,"href":"https:\/\/wp.ufpel.edu.br\/convenios\/wp-json\/wp\/v2\/users\/122"}],"replies":[{"embeddable":true,"href":"https:\/\/wp.ufpel.edu.br\/convenios\/wp-json\/wp\/v2\/comments?post=685"}],"version-history":[{"count":9,"href":"https:\/\/wp.ufpel.edu.br\/convenios\/wp-json\/wp\/v2\/pages\/685\/revisions"}],"predecessor-version":[{"id":3860,"href":"https:\/\/wp.ufpel.edu.br\/convenios\/wp-json\/wp\/v2\/pages\/685\/revisions\/3860"}],"up":[{"embeddable":true,"href":"https:\/\/wp.ufpel.edu.br\/convenios\/wp-json\/wp\/v2\/pages\/689"}],"wp:attachment":[{"href":"https:\/\/wp.ufpel.edu.br\/convenios\/wp-json\/wp\/v2\/media?parent=685"}],"curies":[{"name":"wp","href":"https:\/\/api.w.org\/{rel}","templated":true}]}}

Dados da Instituição

<p><strong>FUNDAÇÃO UNIVERSIDADE FEDERAL DE PELOTAS – UFPel</strong></p>
<p>Unidade Gestora – UG: 154047<br />
Gestão: 15264<br />
CNPJ: 92.242.080/0001-00</p>
<p>Reitora: Prof.ª Úrsula Rosa da Silva</p>
<p>Nomeada pelo Decreto de 20 de dezembro de 2024, publicado em 23/12/2024 no D.O.U., seção 02</p>
<p>Vice-Reitor: Prof. Eraldo dos Santos Pinheiro</p>
<p>Rua Gomes Carneiro, nº 01 – Centro. CEP. 96.010-610. Pelotas-RS.<br />
E-mail: reitor@ufpel.edu.br<br />
Telefone: (53) 3284-4000<br />
Fax: (53) 3284-4000</p>
<p><a href="https://wp.ufpel.edu.br/convenios/files/2017/10/CRIAÇÃO-DA-UFPEL-decreto-65881-16-dezembro-1969-407283.doc">Estatuto da Fundação Universidade Federal de Pelotas</a></p>
<p><a href="https://wp.ufpel.edu.br/convenios/files/2017/10/Decreto-65.881-2.docx">Decreto 65.881 de 16 dezembro 1969 &#8211; Aprova o Estatuto da Universidade Federal de Pelotas.</a></p>
<p><a href="http://www2.camara.leg.br/legin/fed/declei/1960-1969/decreto-lei-750-8-agosto-1969-375218-publicacaooriginal-1-pe.html">Decreto Lei nº 750, de 08 de agosto de 1969 &#8211; Provê sobre a transformação da Universidade Federal Rural do Rio Grande do Sul na Universidade Federal de Pelotas (UFPEL), e dá outras providências.</a></p>

<p>FUNDAÇÃO UNIVERSIDADE FEDERAL DE PELOTAS – UFPel Unidade Gestora – UG: 154047 Gestão: 15264 CNPJ: 92.242.080/0001-00 Reitora: Prof.ª Úrsula Rosa da Silva Nomeada pelo Decreto de 20 de dezembro de 2024, publicado em 23/12/2024 no D.O.U., seção 02 Vice-Reitor: Prof. Eraldo dos Santos Pinheiro Rua Gomes Carneiro, nº 01 – Centro. CEP. 96.010-610. Pelotas-RS. E-mail: [&hellip;]</p>
