{"id":4320,"date":"2025-10-16T16:20:52","date_gmt":"2025-10-16T19:20:52","guid":{"rendered":"https:\/\/wp.ufpel.edu.br\/convenios\/?page_id=4320"},"modified":"2026-01-15T09:16:20","modified_gmt":"2026-01-15T12:16:20","slug":"orientacoes-em-video-do-passo-a-passo-acordo-de-parceria-para-pesquisa-e-desenvolvimento-e-inovacao","status":"publish","type":"page","link":"https:\/\/wp.ufpel.edu.br\/convenios\/orientacoes-em-video-do-passo-a-passo-acordo-de-parceria-para-pesquisa-e-desenvolvimento-e-inovacao\/","title":{"rendered":"Checklist de Documentos e D\u00favidas Frequentes de Acordo de Parceria Para Pesquisa e Desenvolvimento e Inova\u00e7\u00e3o"},"content":{"rendered":"<div style=\"width: 720px;\" class=\"wp-video\"><video class=\"wp-video-shortcode\" id=\"video-4320-1\" width=\"720\" height=\"492\" preload=\"metadata\" controls=\"controls\"><source type=\"video\/mp4\" src=\"https:\/\/wp.ufpel.edu.br\/convenios\/files\/2026\/01\/IMG_6446.mp4?_=1\" \/><a href=\"https:\/\/wp.ufpel.edu.br\/convenios\/files\/2026\/01\/IMG_6446.mp4\">https:\/\/wp.ufpel.edu.br\/convenios\/files\/2026\/01\/IMG_6446.mp4<\/a><\/video><\/div>\n","protected":false},"excerpt":{"rendered":"","protected":false},"author":122,"featured_media":0,"parent":0,"menu_order":0,"comment_status":"closed","ping_status":"closed","template":"","meta":{"footnotes":""},"class_list":["post-4320","page","type-page","status-publish","hentry","post"],"jetpack_sharing_enabled":true,"jetpack_likes_enabled":true,"_links":{"self":[{"href":"https:\/\/wp.ufpel.edu.br\/convenios\/wp-json\/wp\/v2\/pages\/4320","targetHints":{"allow":["GET"]}}],"collection":[{"href":"https:\/\/wp.ufpel.edu.br\/convenios\/wp-json\/wp\/v2\/pages"}],"about":[{"href":"https:\/\/wp.ufpel.edu.br\/convenios\/wp-json\/wp\/v2\/types\/page"}],"author":[{"embeddable":true,"href":"https:\/\/wp.ufpel.edu.br\/convenios\/wp-json\/wp\/v2\/users\/122"}],"replies":[{"embeddable":true,"href":"https:\/\/wp.ufpel.edu.br\/convenios\/wp-json\/wp\/v2\/comments?post=4320"}],"version-history":[{"count":3,"href":"https:\/\/wp.ufpel.edu.br\/convenios\/wp-json\/wp\/v2\/pages\/4320\/revisions"}],"predecessor-version":[{"id":4454,"href":"https:\/\/wp.ufpel.edu.br\/convenios\/wp-json\/wp\/v2\/pages\/4320\/revisions\/4454"}],"wp:attachment":[{"href":"https:\/\/wp.ufpel.edu.br\/convenios\/wp-json\/wp\/v2\/media?parent=4320"}],"curies":[{"name":"wp","href":"https:\/\/api.w.org\/{rel}","templated":true}]}}