{"id":3950,"date":"2025-05-19T16:22:40","date_gmt":"2025-05-19T19:22:40","guid":{"rendered":"https:\/\/wp.ufpel.edu.br\/convenios\/?page_id=3950"},"modified":"2025-05-26T15:14:15","modified_gmt":"2025-05-26T18:14:15","slug":"procedimento-operacional-padrao-de-pi","status":"publish","type":"page","link":"https:\/\/wp.ufpel.edu.br\/convenios\/procedimento-operacional-padrao-de-pi\/","title":{"rendered":"Procedimento Operacional Padr\u00e3o de Protocolo de inten\u00e7\u00f5es"},"content":{"rendered":"\n<table id=\"tablepress-27\" class=\"tablepress tablepress-id-27\">\n<thead>\n<tr class=\"row-1\">\n\t<th class=\"column-1\">Etapa<\/th><th class=\"column-2\">Quem faz?<\/th><th class=\"column-3\">O que fazer?<\/th><th class=\"column-4\">Como?<\/th>\n<\/tr>\n<\/thead>\n<tbody class=\"row-striping row-hover\">\n<tr class=\"row-2\">\n\t<td class=\"column-1\">1<\/td><td class=\"column-2\">Coordenador de Trabalho<\/td><td class=\"column-3\">Abertura processo SEI<\/td><td class=\"column-4\">Acessar a plataforma SEI, clicar em \"Iniciar Processo\" e escolher o tipo \"Administra\u00e7\u00e3o Geral: Contratos\"<\/td>\n<\/tr>\n<tr class=\"row-3\">\n\t<td class=\"column-1\">1<\/td><td class=\"column-2\"><\/td><td class=\"column-3\">Incluir documentos<\/td><td class=\"column-4\">1. Documentos da institui\u00e7\u00e3o parceira (Contrato Social, Identidade, Nomea\u00e7\u00e3o).<br \/>\n2. Memorando Solicitando a celebra\u00e7\u00e3o.<br \/>\n3. Inova cadastro de coordenadores e respons\u00e1veis.<br \/>\n\u2192 Encaminhar para CCONC<\/td>\n<\/tr>\n<tr class=\"row-4\">\n\t<td class=\"column-1\">2<\/td><td class=\"column-2\">N\u00facleo de Contratos<\/td><td class=\"column-3\">Analisar os documentos<\/td><td class=\"column-4\">Verificar memorando, cadastro de respons\u00e1vel e habilita\u00e7\u00e3o da parceira<\/td>\n<\/tr>\n<tr class=\"row-5\">\n\t<td class=\"column-1\">2<\/td><td class=\"column-2\"><\/td><td class=\"column-3\">Incluir documentos<\/td><td class=\"column-4\">1. Minuta do Protocolo<br \/>\n2. Despacho para o Gabinete<br \/>\n3. Encaminhar ao Gabinete<br \/>\n4. Submeter minuta ao Cocepe<\/td>\n<\/tr>\n<tr class=\"row-6\">\n\t<td class=\"column-1\">3<\/td><td class=\"column-2\">Gabinete da Reitoria<\/td><td class=\"column-3\">Aprovar os Termos da Minuta<\/td><td class=\"column-4\">Analisar documentos e despacho, aprovar minuta e encaminhar \u00e0 Procuradoria<\/td>\n<\/tr>\n<tr class=\"row-7\">\n\t<td class=\"column-1\">4<\/td><td class=\"column-2\">Procuradoria Federal na UFPel<\/td><td class=\"column-3\">Elaborar Parecer Jur\u00eddico<\/td><td class=\"column-4\">Analisar documentos e minuta do protocolo, emitir parecer e retornar ao GR<\/td>\n<\/tr>\n<tr class=\"row-8\">\n\t<td class=\"column-1\">5<\/td><td class=\"column-2\">Cocepe<\/td><td class=\"column-3\">Aprovar o m\u00e9rito acad\u00eamico<\/td><td class=\"column-4\">Incluir na pauta de reuni\u00e3o, submeter \u00e0 vota\u00e7\u00e3o e aprovar m\u00e9rito acad\u00eamico<\/td>\n<\/tr>\n<tr class=\"row-9\">\n\t<td class=\"column-1\">5<\/td><td class=\"column-2\"><\/td><td class=\"column-3\">Encaminhar processo ao N\u00facleo de Contratos<\/td><td class=\"column-4\">Com despacho indicando aprova\u00e7\u00e3o do m\u00e9rito<\/td>\n<\/tr>\n<tr class=\"row-10\">\n\t<td class=\"column-1\">6<\/td><td class=\"column-2\">N\u00facleo de Contratos<\/td><td class=\"column-3\">Encaminhar para assinatura<\/td><td class=\"column-4\">Verificar parecer jur\u00eddico e ata do Cocepe, coletar assinaturas, publicar no DOU e encaminhar \u00e0 SAC<\/td>\n<\/tr>\n<tr class=\"row-11\">\n\t<td class=\"column-1\">7<\/td><td class=\"column-2\"><\/td><td class=\"column-3\">Fim do Processo<\/td><td class=\"column-4\"><\/td>\n<\/tr>\n<\/tbody>\n<\/table>\n<!-- #tablepress-27 from cache -->\n","protected":false},"excerpt":{"rendered":"","protected":false},"author":122,"featured_media":0,"parent":0,"menu_order":0,"comment_status":"closed","ping_status":"closed","template":"","meta":{"footnotes":""},"class_list":["post-3950","page","type-page","status-publish","hentry","post"],"jetpack_sharing_enabled":true,"jetpack_likes_enabled":true,"_links":{"self":[{"href":"https:\/\/wp.ufpel.edu.br\/convenios\/wp-json\/wp\/v2\/pages\/3950","targetHints":{"allow":["GET"]}}],"collection":[{"href":"https:\/\/wp.ufpel.edu.br\/convenios\/wp-json\/wp\/v2\/pages"}],"about":[{"href":"https:\/\/wp.ufpel.edu.br\/convenios\/wp-json\/wp\/v2\/types\/page"}],"author":[{"embeddable":true,"href":"https:\/\/wp.ufpel.edu.br\/convenios\/wp-json\/wp\/v2\/users\/122"}],"replies":[{"embeddable":true,"href":"https:\/\/wp.ufpel.edu.br\/convenios\/wp-json\/wp\/v2\/comments?post=3950"}],"version-history":[{"count":3,"href":"https:\/\/wp.ufpel.edu.br\/convenios\/wp-json\/wp\/v2\/pages\/3950\/revisions"}],"predecessor-version":[{"id":4007,"href":"https:\/\/wp.ufpel.edu.br\/convenios\/wp-json\/wp\/v2\/pages\/3950\/revisions\/4007"}],"wp:attachment":[{"href":"https:\/\/wp.ufpel.edu.br\/convenios\/wp-json\/wp\/v2\/media?parent=3950"}],"curies":[{"name":"wp","href":"https:\/\/api.w.org\/{rel}","templated":true}]}}