{"id":1092,"date":"2019-08-12T07:59:17","date_gmt":"2019-08-12T10:59:17","guid":{"rendered":"https:\/\/wp.ufpel.edu.br\/convenios\/?page_id=1092"},"modified":"2025-12-03T09:48:42","modified_gmt":"2025-12-03T12:48:42","slug":"equipe","status":"publish","type":"page","link":"https:\/\/wp.ufpel.edu.br\/convenios\/sobre\/equipe\/","title":{"rendered":"Fale Conosco"},"content":{"rendered":"<p><span style=\"font-family: arial, helvetica, sans-serif; font-size: 10pt;\"><strong>Coordena\u00e7\u00e3o de Conv\u00eanios e Contratos (CCONC)<\/strong><\/span><br \/>\n<span style=\"font-size: 10pt;\"><a href=\"https:\/\/institucional.ufpel.edu.br\/servidores\/id\/140990\">Ethel Antunes Wilhelm <span style=\"font-family: arial, helvetica, sans-serif;\">(Coordenadora)<\/span><\/a><\/span><br \/>\n<span style=\"font-family: arial, helvetica, sans-serif; font-size: 10pt;\">E-mail<strong>:<\/strong> cconvenios@ufpel.edu.br<br \/>\nTelefone: (53) 3284-3135<\/span><\/p>\n<p style=\"text-align: justify;\"><strong><span style=\"font-family: arial, helvetica, sans-serif; font-size: 10pt;\">N\u00facleo de Conv\u00eanios e Contratos (NCONT)<\/span><\/strong><br \/>\n<span style=\"font-family: arial, helvetica, sans-serif; font-size: 10pt;\"><a href=\"https:\/\/institucional.ufpel.edu.br\/servidores\/id\/35961\" target=\"_blank\" rel=\"noopener\">Luciano \u00c1vila dos Santos<\/a> (Chefe do NCONT)<\/span><br \/>\n<a href=\"https:\/\/institucional.ufpel.edu.br\/servidores\/id\/145057\"><span style=\"font-family: arial, helvetica, sans-serif; font-size: 10pt;\">Jonathan Dias Hardt<\/span><\/a><\/p>\n<p style=\"text-align: justify;\"><span style=\"font-size: 10pt;\"><a href=\"https:\/\/institucional.ufpel.edu.br\/servidores\/id\/26341\">Angelo Aldrin Duarte Malta<\/a><\/span><br \/>\n<span style=\"font-family: arial, helvetica, sans-serif; font-size: 10pt;\">E-mail: celebracao@ufpel.edu.br<\/span><br \/>\n<span style=\"font-family: arial, helvetica, sans-serif; font-size: 10pt;\">Telefone\/Whatsapp: +55 (53) 3284-3145<\/span><\/p>\n<p><strong><span style=\"font-family: arial, helvetica, sans-serif; font-size: 10pt;\">Se\u00e7\u00e3o de Acompanhamento e Controle (SAC)<\/span><\/strong><br \/>\n<span style=\"font-family: arial, helvetica, sans-serif; font-size: 10pt;\"><a href=\"https:\/\/institucional.ufpel.edu.br\/servidores\/id\/803\" target=\"_blank\" rel=\"noopener\">Rafael Vargas Hetsper<\/a> (Chefe da SAC)<\/span><br \/>\n<span style=\"font-family: arial, helvetica, sans-serif; font-size: 10pt;\">E-mail: solicitacaoconvenios@ufpel.edu.br<\/span><br \/>\n<span style=\"font-family: arial, helvetica, sans-serif; font-size: 10pt;\">Telefone\/Whatsapp: +55 (53) 3284-3144<\/span><\/p>\n<p><strong><span style=\"font-family: arial, helvetica, sans-serif; font-size: 10pt;\">Se\u00e7\u00e3o de Presta\u00e7\u00e3o de Contas (SPCONT)<\/span><\/strong><br \/>\n<span style=\"font-family: arial, helvetica, sans-serif; font-size: 10pt;\"><a href=\"https:\/\/institucional.ufpel.edu.br\/servidores\/id\/3189\" target=\"_blank\" rel=\"noopener\">Diego Fersula de Moura<\/a> (Chefe da SPCONT)<\/span><br \/>\n<span style=\"font-family: arial, helvetica, sans-serif; font-size: 10pt;\"><a href=\"https:\/\/institucional.ufpel.edu.br\/servidores\/id\/152320\">Mauri da Costa Machado<\/a><\/span><br \/>\n<a href=\"https:\/\/institucional.ufpel.edu.br\/servidores\/id\/146355\"><span style=\"font-family: arial, helvetica, sans-serif; font-size: 10pt;\">Anderson Damasceno Raupp<\/span><\/a><br \/>\n<span style=\"font-family: arial, helvetica, sans-serif; font-size: 10pt;\">E-mail<strong>:<\/strong> spcont@ufpel.edu.br<\/span><br \/>\n<span style=\"font-family: arial, helvetica, sans-serif; font-size: 10pt;\">Telefone\/Whatsapp: +55 (53) 3284-3134<\/span><\/p>\n<p>&nbsp;<\/p>\n<p style=\"text-align: left;\">\n<!-- iframe plugin v.6.0 wordpress.org\/plugins\/iframe\/ -->\n<iframe loading=\"lazy\" src=\"https:\/\/www.google.com\/maps\/embed?pb=!1m18!1m12!1m3!1d299.8068588723687!2d-52.33552224474532!3d-31.772465806670326!2m3!1f0!2f0!3f0!3m2!1i1024!2i768!4f13.1!3m3!1m2!1s0x9511b5bf3aea836f%3A0x9279c26cea0cd543!2sUFPEL-Universidade+Federal+de+Pelotas-Ag%C3%AAncia+Lagoa+Mirim!5e0!3m2!1spt-BR!2sbr!4v1518186616871\" width=\"300\" height=\"200\" scrolling=\"yes\" class=\"iframe-class\" frameborder=\"0\"><\/iframe>\n<\/p>\n<p><span style=\"font-family: arial, helvetica, sans-serif; font-size: 10pt;\">Endere\u00e7o: Rua Lobo da Costa, 447<\/span><br \/>\n<span style=\"font-family: arial, helvetica, sans-serif; font-size: 10pt;\">Centro, Pelotas &#8211; RS, CEP 96010-150<\/span><br \/>\n<span style=\"font-family: arial, helvetica, sans-serif; font-size: 10pt;\">E-mail: atendimentoconvenios@ufpel.edu.br<\/span><br \/>\n<span style=\"font-family: arial, helvetica, sans-serif; font-size: 10pt;\">Telefone: +55 (53) 3284-3144\/3284-3145<\/span><br \/>\n<span style=\"font-family: arial, helvetica, sans-serif; font-size: 10pt;\">Hor\u00e1rio de funcionamento: 8:00 \u00e0s 18:00h<\/span><\/p>\n","protected":false},"excerpt":{"rendered":"<p>Coordena\u00e7\u00e3o de Conv\u00eanios e Contratos (CCONC) Ethel Antunes Wilhelm (Coordenadora) E-mail: cconvenios@ufpel.edu.br Telefone: (53) 3284-3135 N\u00facleo de Conv\u00eanios e Contratos (NCONT) Luciano \u00c1vila dos Santos (Chefe do NCONT) Jonathan Dias Hardt Angelo Aldrin Duarte Malta E-mail: celebracao@ufpel.edu.br Telefone\/Whatsapp: +55 (53) 3284-3145 Se\u00e7\u00e3o de Acompanhamento e Controle (SAC) Rafael Vargas Hetsper (Chefe da SAC) E-mail: solicitacaoconvenios@ufpel.edu.br [&hellip;]<\/p>\n","protected":false},"author":122,"featured_media":0,"parent":2,"menu_order":2,"comment_status":"closed","ping_status":"closed","template":"","meta":{"footnotes":""},"class_list":["post-1092","page","type-page","status-publish","hentry","post"],"jetpack_sharing_enabled":true,"jetpack_likes_enabled":true,"_links":{"self":[{"href":"https:\/\/wp.ufpel.edu.br\/convenios\/wp-json\/wp\/v2\/pages\/1092","targetHints":{"allow":["GET"]}}],"collection":[{"href":"https:\/\/wp.ufpel.edu.br\/convenios\/wp-json\/wp\/v2\/pages"}],"about":[{"href":"https:\/\/wp.ufpel.edu.br\/convenios\/wp-json\/wp\/v2\/types\/page"}],"author":[{"embeddable":true,"href":"https:\/\/wp.ufpel.edu.br\/convenios\/wp-json\/wp\/v2\/users\/122"}],"replies":[{"embeddable":true,"href":"https:\/\/wp.ufpel.edu.br\/convenios\/wp-json\/wp\/v2\/comments?post=1092"}],"version-history":[{"count":3,"href":"https:\/\/wp.ufpel.edu.br\/convenios\/wp-json\/wp\/v2\/pages\/1092\/revisions"}],"predecessor-version":[{"id":4395,"href":"https:\/\/wp.ufpel.edu.br\/convenios\/wp-json\/wp\/v2\/pages\/1092\/revisions\/4395"}],"up":[{"embeddable":true,"href":"https:\/\/wp.ufpel.edu.br\/convenios\/wp-json\/wp\/v2\/pages\/2"}],"wp:attachment":[{"href":"https:\/\/wp.ufpel.edu.br\/convenios\/wp-json\/wp\/v2\/media?parent=1092"}],"curies":[{"name":"wp","href":"https:\/\/api.w.org\/{rel}","templated":true}]}}