{"id":32,"date":"2014-06-25T11:20:41","date_gmt":"2014-06-25T14:20:41","guid":{"rendered":"https:\/\/wp.ufpel.edu.br\/constituinte\/?page_id=32"},"modified":"2014-06-25T11:29:10","modified_gmt":"2014-06-25T14:29:10","slug":"estatuto","status":"publish","type":"page","link":"https:\/\/wp.ufpel.edu.br\/constituinte\/estatuto\/","title":{"rendered":"Estatuto"},"content":{"rendered":"<p>O Estatuto \u00e9 o conjunto de normas que regem a vida institucional.<\/p>\n<p>Estruturas do Estatuto*:<br \/>\n\u25ba Universidade (cria\u00e7\u00e3o, conceito, autonomia, princ\u00edpios&#8230;)<br \/>\n\u25ba Finalidades (educa\u00e7\u00e3o superior, produ\u00e7\u00e3o do conheciement&#8230;)<br \/>\n\u25ba Organiza\u00e7\u00e3o (diretrizes, estrutura, administra\u00e7\u00e3o superior e unidades acad\u00eamicas**)<br \/>\n\u25ba Ensino, pesquisa e extens\u00e3o (n\u00edveis e tipos de cursos)<br \/>\n\u25ba Servidores e discentes (caracteriza\u00e7\u00e3o, responsabilidades e prerrogativas&#8230;)<br \/>\n\u25ba Ordem econ\u00f4mica e financeira (patrim\u00f4nio, fundos, receitas&#8230;)<br \/>\n\u25ba Disposi\u00e7\u00f5es gerais e transit\u00f3rias (regras de altera\u00e7\u00e3o estatut\u00e1ria, prazo para elabora\u00e7\u00e3o do Regimento Geral, casos omissos&#8230;)<\/p>\n<p>*A estrutura e os temas tratados no Estatuto definem a estrutura e os temas a serem abordados pelo Regimento Geral.<br \/>\n**Estas defini\u00e7\u00f5es devem ser coerentes com a concep\u00e7\u00e3o de forma\u00e7\u00e3o acad\u00eamica anunciada no PPI\t<\/p>\n","protected":false},"excerpt":{"rendered":"<p>O Estatuto \u00e9 o conjunto de normas que regem a vida institucional. Estruturas do Estatuto*: \u25ba Universidade (cria\u00e7\u00e3o, conceito, autonomia, princ\u00edpios&#8230;) \u25ba Finalidades (educa\u00e7\u00e3o superior, produ\u00e7\u00e3o do conheciement&#8230;) \u25ba Organiza\u00e7\u00e3o (diretrizes, estrutura, administra\u00e7\u00e3o superior e unidades acad\u00eamicas**) \u25ba Ensino, pesquisa e extens\u00e3o (n\u00edveis e tipos de cursos) \u25ba Servidores e discentes (caracteriza\u00e7\u00e3o, responsabilidades e prerrogativas&#8230;) [&hellip;]<\/p>\n","protected":false},"author":413,"featured_media":0,"parent":0,"menu_order":0,"comment_status":"closed","ping_status":"closed","template":"","meta":{"footnotes":""},"class_list":["post-32","page","type-page","status-publish","hentry"],"_links":{"self":[{"href":"https:\/\/wp.ufpel.edu.br\/constituinte\/wp-json\/wp\/v2\/pages\/32","targetHints":{"allow":["GET"]}}],"collection":[{"href":"https:\/\/wp.ufpel.edu.br\/constituinte\/wp-json\/wp\/v2\/pages"}],"about":[{"href":"https:\/\/wp.ufpel.edu.br\/constituinte\/wp-json\/wp\/v2\/types\/page"}],"author":[{"embeddable":true,"href":"https:\/\/wp.ufpel.edu.br\/constituinte\/wp-json\/wp\/v2\/users\/413"}],"replies":[{"embeddable":true,"href":"https:\/\/wp.ufpel.edu.br\/constituinte\/wp-json\/wp\/v2\/comments?post=32"}],"version-history":[{"count":2,"href":"https:\/\/wp.ufpel.edu.br\/constituinte\/wp-json\/wp\/v2\/pages\/32\/revisions"}],"predecessor-version":[{"id":48,"href":"https:\/\/wp.ufpel.edu.br\/constituinte\/wp-json\/wp\/v2\/pages\/32\/revisions\/48"}],"wp:attachment":[{"href":"https:\/\/wp.ufpel.edu.br\/constituinte\/wp-json\/wp\/v2\/media?parent=32"}],"curies":[{"name":"wp","href":"https:\/\/api.w.org\/{rel}","templated":true}]}}