{"id":12,"date":"2014-06-25T11:08:58","date_gmt":"2014-06-25T14:08:58","guid":{"rendered":"https:\/\/wp.ufpel.edu.br\/constituinte\/?page_id=12"},"modified":"2014-06-25T12:10:26","modified_gmt":"2014-06-25T15:10:26","slug":"ciclo-de-debates","status":"publish","type":"page","link":"https:\/\/wp.ufpel.edu.br\/constituinte\/ciclo-de-debates\/","title":{"rendered":"Ciclo de Debates"},"content":{"rendered":"<p>Para subsidiar o processo que discutir\u00e1 o conte\u00fado dos documentos e conhecer experi\u00eancias de outras institui\u00e7\u00f5es, a UFPel promover\u00e1 o primeiro Ciclo de Debates sobre a Constituinte, para o qual foram apresentadas sugest\u00f5es de palestrantes pelas entidades representativas dos segmentos da comunidade acad\u00eamica e pelos integrantes do CONSUN.<\/p>\n<p>Voc\u00ea \u00e9 fundamental neste processo!<\/p>\n<p>A Constituinte Universit\u00e1ria ser\u00e1 um foro de debates visando a atualiza\u00e7\u00e3o dos documentos legais que regem a UFPel, que devem se inspirar na atual realidade do mundo do trabalho e estar sintonizados com um processo de desenvolvimento sustent\u00e1vel.<\/p>\n<p>Mas, para contemplar as expectativas dos tr\u00eas segmentos da institui\u00e7\u00e3o \u2013 docentes, servidores t\u00e9cnico-administrativos e estudantes \u2013, \u00e9 imprescind\u00edvel que toda a comunidade universit\u00e1ria integre-se \u00e0s discuss\u00f5es, opinando e dando sugest\u00f5es.<\/p>\n","protected":false},"excerpt":{"rendered":"<p>Para subsidiar o processo que discutir\u00e1 o conte\u00fado dos documentos e conhecer experi\u00eancias de outras institui\u00e7\u00f5es, a UFPel promover\u00e1 o primeiro Ciclo de Debates sobre a Constituinte, para o qual foram apresentadas sugest\u00f5es de palestrantes pelas entidades representativas dos segmentos da comunidade acad\u00eamica e pelos integrantes do CONSUN. Voc\u00ea \u00e9 fundamental neste processo! A Constituinte [&hellip;]<\/p>\n","protected":false},"author":413,"featured_media":0,"parent":0,"menu_order":0,"comment_status":"closed","ping_status":"closed","template":"","meta":{"footnotes":""},"class_list":["post-12","page","type-page","status-publish","hentry"],"_links":{"self":[{"href":"https:\/\/wp.ufpel.edu.br\/constituinte\/wp-json\/wp\/v2\/pages\/12","targetHints":{"allow":["GET"]}}],"collection":[{"href":"https:\/\/wp.ufpel.edu.br\/constituinte\/wp-json\/wp\/v2\/pages"}],"about":[{"href":"https:\/\/wp.ufpel.edu.br\/constituinte\/wp-json\/wp\/v2\/types\/page"}],"author":[{"embeddable":true,"href":"https:\/\/wp.ufpel.edu.br\/constituinte\/wp-json\/wp\/v2\/users\/413"}],"replies":[{"embeddable":true,"href":"https:\/\/wp.ufpel.edu.br\/constituinte\/wp-json\/wp\/v2\/comments?post=12"}],"version-history":[{"count":4,"href":"https:\/\/wp.ufpel.edu.br\/constituinte\/wp-json\/wp\/v2\/pages\/12\/revisions"}],"predecessor-version":[{"id":94,"href":"https:\/\/wp.ufpel.edu.br\/constituinte\/wp-json\/wp\/v2\/pages\/12\/revisions\/94"}],"wp:attachment":[{"href":"https:\/\/wp.ufpel.edu.br\/constituinte\/wp-json\/wp\/v2\/media?parent=12"}],"curies":[{"name":"wp","href":"https:\/\/api.w.org\/{rel}","templated":true}]}}

<p>Para subsidiar o processo que discutirá o conteúdo dos documentos e conhecer experiências de outras instituições, a UFPel promoverá o primeiro Ciclo de Debates sobre a Constituinte, para o qual foram apresentadas sugestões de palestrantes pelas entidades representativas dos segmentos da comunidade acadêmica e pelos integrantes do CONSUN.</p>
<p>Você é fundamental neste processo!</p>
<p>A Constituinte Universitária será um foro de debates visando a atualização dos documentos legais que regem a UFPel, que devem se inspirar na atual realidade do mundo do trabalho e estar sintonizados com um processo de desenvolvimento sustentável.</p>
<p>Mas, para contemplar as expectativas dos três segmentos da instituição – docentes, servidores técnico-administrativos e estudantes –, é imprescindível que toda a comunidade universitária integre-se às discussões, opinando e dando sugestões.</p>

<p>Para subsidiar o processo que discutirá o conteúdo dos documentos e conhecer experiências de outras instituições, a UFPel promoverá o primeiro Ciclo de Debates sobre a Constituinte, para o qual foram apresentadas sugestões de palestrantes pelas entidades representativas dos segmentos da comunidade acadêmica e pelos integrantes do CONSUN. Você é fundamental neste processo! A Constituinte [&hellip;]</p>
