{"id":119,"date":"2014-07-09T11:33:59","date_gmt":"2014-07-09T14:33:59","guid":{"rendered":"https:\/\/wp.ufpel.edu.br\/constituinte\/?page_id=119"},"modified":"2014-07-14T11:34:59","modified_gmt":"2014-07-14T14:34:59","slug":"o-desafio-da-ampliacao-do-acesso-e-da-permanencia-com-qualidade-academica","status":"publish","type":"page","link":"https:\/\/wp.ufpel.edu.br\/constituinte\/o-desafio-da-ampliacao-do-acesso-e-da-permanencia-com-qualidade-academica\/","title":{"rendered":"O Desafio da Amplia\u00e7\u00e3o do Acesso e da Perman\u00eancia com Qualidade Acad\u00eamica"},"content":{"rendered":"<p><span style=\"color: #666666\">Dentro do Ciclo de Debates da Constituinte Universit\u00e1ria, a UFPel vem trabalhando v\u00e1rios temas.<\/span><\/p>\n<p><span style=\"color: #666666\">O Desafio da Amplia\u00e7\u00e3o do Acesso e da Perman\u00eancia com Qualidade Acad\u00eamica foi o tema do dia\u00a0<\/span>2 de julho \u2013 19h \u2013 Audit\u00f3rio da Faculdade de Direito<\/p>\n<p><span style=\"color: #666666\">Debatedores: Vilmar Alves Pereira (FURG), Raul Ceretta (UFSM) e Luis Carlos Lucas (aposentado da UFPel)<\/span><\/p>\n<p>&nbsp;<\/p>\n<p>Confira a MAT\u00c9RIA no <a href=\"https:\/\/wp.ufpel.edu.br\/constituinte\/2014\/07\/04\/terceiro-debate-sobre-a-constituinte-tem-como-tema-a-ampliacao-do-acesso-e-a-permanencia-na-universidade\/\">link<\/a>.<\/p>\n<p>&nbsp;<\/p>\n<p>\u00c1udios:<\/p>\n<p>Apresenta\u00e7\u00e3o Raul Ceretta<\/p>\n<audio class=\"wp-audio-shortcode\" id=\"audio-119-1\" preload=\"none\" style=\"width: 100%;\" controls=\"controls\"><source type=\"audio\/mpeg\" src=\"https:\/\/wp.ufpel.edu.br\/constituinte\/files\/2014\/07\/2014-07-02-Constituinte-Universit\u00e1ria-01-Raul-Ceretta-Nunes1.mp3?_=1\" \/><a href=\"https:\/\/wp.ufpel.edu.br\/constituinte\/files\/2014\/07\/2014-07-02-Constituinte-Universit\u00e1ria-01-Raul-Ceretta-Nunes1.mp3\">https:\/\/wp.ufpel.edu.br\/constituinte\/files\/2014\/07\/2014-07-02-Constituinte-Universit\u00e1ria-01-Raul-Ceretta-Nunes1.mp3<\/a><\/audio>\n<p>Apresenta\u00e7\u00e3o Luis Carlos Lucas<\/p>\n<audio class=\"wp-audio-shortcode\" id=\"audio-119-2\" preload=\"none\" style=\"width: 100%;\" controls=\"controls\"><source type=\"audio\/mpeg\" src=\"https:\/\/wp.ufpel.edu.br\/constituinte\/files\/2014\/07\/2014-07-02-Constituinte-Universit\u00e1ria-02-Luis-Carlos-Lucas1.mp3?_=2\" \/><a href=\"https:\/\/wp.ufpel.edu.br\/constituinte\/files\/2014\/07\/2014-07-02-Constituinte-Universit\u00e1ria-02-Luis-Carlos-Lucas1.mp3\">https:\/\/wp.ufpel.edu.br\/constituinte\/files\/2014\/07\/2014-07-02-Constituinte-Universit\u00e1ria-02-Luis-Carlos-Lucas1.mp3<\/a><\/audio>\n<p>Apresenta\u00e7\u00e3o Vilmar Alves Pereira<\/p>\n<audio class=\"wp-audio-shortcode\" id=\"audio-119-3\" preload=\"none\" style=\"width: 100%;\" controls=\"controls\"><source type=\"audio\/mpeg\" src=\"https:\/\/wp.ufpel.edu.br\/constituinte\/files\/2014\/07\/2014-07-02-Constituinte-Universit\u00e1ria-03-Vilmar-Alves-Pereira1.mp3?_=3\" \/><a href=\"https:\/\/wp.ufpel.edu.br\/constituinte\/files\/2014\/07\/2014-07-02-Constituinte-Universit\u00e1ria-03-Vilmar-Alves-Pereira1.mp3\">https:\/\/wp.ufpel.edu.br\/constituinte\/files\/2014\/07\/2014-07-02-Constituinte-Universit\u00e1ria-03-Vilmar-Alves-Pereira1.mp3<\/a><\/audio>\n<p>Debate &#8211; Parte 1<\/p>\n<audio class=\"wp-audio-shortcode\" id=\"audio-119-4\" preload=\"none\" style=\"width: 100%;\" controls=\"controls\"><source type=\"audio\/mpeg\" src=\"https:\/\/wp.ufpel.edu.br\/constituinte\/files\/2014\/07\/2014-07-02-Constituinte-Universit\u00e1ria-04-Debate-parte-012.mp3?_=4\" \/><a href=\"https:\/\/wp.ufpel.edu.br\/constituinte\/files\/2014\/07\/2014-07-02-Constituinte-Universit\u00e1ria-04-Debate-parte-012.mp3\">https:\/\/wp.ufpel.edu.br\/constituinte\/files\/2014\/07\/2014-07-02-Constituinte-Universit\u00e1ria-04-Debate-parte-012.mp3<\/a><\/audio>\n<p>Debate &#8211; Parte 2<\/p>\n<audio class=\"wp-audio-shortcode\" id=\"audio-119-5\" preload=\"none\" style=\"width: 100%;\" controls=\"controls\"><source type=\"audio\/mpeg\" src=\"https:\/\/wp.ufpel.edu.br\/constituinte\/files\/2014\/07\/2014-07-02-Constituinte-Universit\u00e1ria-05-Debate-parte-02.mp3?_=5\" \/><a href=\"https:\/\/wp.ufpel.edu.br\/constituinte\/files\/2014\/07\/2014-07-02-Constituinte-Universit\u00e1ria-05-Debate-parte-02.mp3\">https:\/\/wp.ufpel.edu.br\/constituinte\/files\/2014\/07\/2014-07-02-Constituinte-Universit\u00e1ria-05-Debate-parte-02.mp3<\/a><\/audio>\n","protected":false},"excerpt":{"rendered":"<p>Dentro do Ciclo de Debates da Constituinte Universit\u00e1ria, a UFPel vem trabalhando v\u00e1rios temas. O Desafio da Amplia\u00e7\u00e3o do Acesso e da Perman\u00eancia com Qualidade Acad\u00eamica foi o tema do dia\u00a02 de julho \u2013 19h \u2013 Audit\u00f3rio da Faculdade de Direito Debatedores: Vilmar Alves Pereira (FURG), Raul Ceretta (UFSM) e Luis Carlos Lucas (aposentado da [&hellip;]<\/p>\n","protected":false},"author":413,"featured_media":0,"parent":0,"menu_order":0,"comment_status":"closed","ping_status":"closed","template":"","meta":{"footnotes":""},"class_list":["post-119","page","type-page","status-publish","hentry"],"_links":{"self":[{"href":"https:\/\/wp.ufpel.edu.br\/constituinte\/wp-json\/wp\/v2\/pages\/119","targetHints":{"allow":["GET"]}}],"collection":[{"href":"https:\/\/wp.ufpel.edu.br\/constituinte\/wp-json\/wp\/v2\/pages"}],"about":[{"href":"https:\/\/wp.ufpel.edu.br\/constituinte\/wp-json\/wp\/v2\/types\/page"}],"author":[{"embeddable":true,"href":"https:\/\/wp.ufpel.edu.br\/constituinte\/wp-json\/wp\/v2\/users\/413"}],"replies":[{"embeddable":true,"href":"https:\/\/wp.ufpel.edu.br\/constituinte\/wp-json\/wp\/v2\/comments?post=119"}],"version-history":[{"count":4,"href":"https:\/\/wp.ufpel.edu.br\/constituinte\/wp-json\/wp\/v2\/pages\/119\/revisions"}],"predecessor-version":[{"id":158,"href":"https:\/\/wp.ufpel.edu.br\/constituinte\/wp-json\/wp\/v2\/pages\/119\/revisions\/158"}],"wp:attachment":[{"href":"https:\/\/wp.ufpel.edu.br\/constituinte\/wp-json\/wp\/v2\/media?parent=119"}],"curies":[{"name":"wp","href":"https:\/\/api.w.org\/{rel}","templated":true}]}}