{"id":10,"date":"2014-06-25T11:08:34","date_gmt":"2014-06-25T14:08:34","guid":{"rendered":"https:\/\/wp.ufpel.edu.br\/constituinte\/?page_id=10"},"modified":"2014-06-25T12:06:16","modified_gmt":"2014-06-25T15:06:16","slug":"seminarios","status":"publish","type":"page","link":"https:\/\/wp.ufpel.edu.br\/constituinte\/seminarios\/","title":{"rendered":"Semin\u00e1rios"},"content":{"rendered":"<p>Para informar a comunidade acad\u00eamica sobre O que \u00e9 Constituinte, a Administra\u00e7\u00e3o Superior da UFPel promoveu dois semin\u00e1rios sobre o assunto.<\/p>\n<p>Confira a mat\u00e9ria no <a href=\"https:\/\/wp.ufpel.edu.br\/constituinte\/2014\/06\/06\/seminarios-antecedem-debates-sobre-a-constituinte-universitaria\/\">link<\/a>.<\/p>\n<p>Confira tamb\u00e9m o\u00a0folder\u00a0<a href=\"https:\/\/wp.ufpel.edu.br\/constituinte\/files\/2014\/06\/GR_Folder-Constituinte-WEB.pdf\">GR_Folder Constituinte (WEB)<\/a>.<\/p>\n","protected":false},"excerpt":{"rendered":"<p>Para informar a comunidade acad\u00eamica sobre O que \u00e9 Constituinte, a Administra\u00e7\u00e3o Superior da UFPel promoveu dois semin\u00e1rios sobre o assunto. Confira a mat\u00e9ria no link. Confira tamb\u00e9m o\u00a0folder\u00a0GR_Folder Constituinte (WEB).<\/p>\n","protected":false},"author":413,"featured_media":0,"parent":0,"menu_order":0,"comment_status":"closed","ping_status":"closed","template":"","meta":{"footnotes":""},"class_list":["post-10","page","type-page","status-publish","hentry"],"_links":{"self":[{"href":"https:\/\/wp.ufpel.edu.br\/constituinte\/wp-json\/wp\/v2\/pages\/10","targetHints":{"allow":["GET"]}}],"collection":[{"href":"https:\/\/wp.ufpel.edu.br\/constituinte\/wp-json\/wp\/v2\/pages"}],"about":[{"href":"https:\/\/wp.ufpel.edu.br\/constituinte\/wp-json\/wp\/v2\/types\/page"}],"author":[{"embeddable":true,"href":"https:\/\/wp.ufpel.edu.br\/constituinte\/wp-json\/wp\/v2\/users\/413"}],"replies":[{"embeddable":true,"href":"https:\/\/wp.ufpel.edu.br\/constituinte\/wp-json\/wp\/v2\/comments?post=10"}],"version-history":[{"count":3,"href":"https:\/\/wp.ufpel.edu.br\/constituinte\/wp-json\/wp\/v2\/pages\/10\/revisions"}],"predecessor-version":[{"id":86,"href":"https:\/\/wp.ufpel.edu.br\/constituinte\/wp-json\/wp\/v2\/pages\/10\/revisions\/86"}],"wp:attachment":[{"href":"https:\/\/wp.ufpel.edu.br\/constituinte\/wp-json\/wp\/v2\/media?parent=10"}],"curies":[{"name":"wp","href":"https:\/\/api.w.org\/{rel}","templated":true}]}}

Seminários

<p>Para informar a comunidade acadêmica sobre O que é Constituinte, a Administração Superior da UFPel promoveu dois seminários sobre o assunto.</p>
<p>Confira a matéria no <a href="https://wp.ufpel.edu.br/constituinte/2014/06/06/seminarios-antecedem-debates-sobre-a-constituinte-universitaria/">link</a>.</p>
<p>Confira também o folder <a href="https://wp.ufpel.edu.br/constituinte/files/2014/06/GR_Folder-Constituinte-WEB.pdf">GR_Folder Constituinte (WEB)</a>.</p>

<p>Para informar a comunidade acadêmica sobre O que é Constituinte, a Administração Superior da UFPel promoveu dois seminários sobre o assunto. Confira a matéria no link. Confira também o folder GR_Folder Constituinte (WEB).</p>
