{"id":713,"date":"2023-05-17T19:50:54","date_gmt":"2023-05-17T22:50:54","guid":{"rendered":"https:\/\/wp.ufpel.edu.br\/conservatoriodemusica\/?page_id=713"},"modified":"2023-05-17T19:56:05","modified_gmt":"2023-05-17T22:56:05","slug":"grupo-de-acordeonistas-do-conservatorio-de-musica-ufpel","status":"publish","type":"page","link":"https:\/\/wp.ufpel.edu.br\/conservatoriodemusica\/atividades\/grupo-de-acordeonistas-do-conservatorio-de-musica-ufpel\/","title":{"rendered":"Grupo de Acordeonistas do Conservat\u00f3rio de M\u00fasica\/UFPel"},"content":{"rendered":"<p><strong>GRUPO DE ACORDEONS<img loading=\"lazy\" decoding=\"async\" class=\"alignleft\" src=\"https:\/\/wp.ufpel.edu.br\/conservatoriodemusica\/files\/2023\/05\/Grupo-acordeon.jpg\" width=\"212\" height=\"212\" \/><\/strong><\/p>\n<p style=\"text-align: justify;\">Fundado em agosto de 2022, com 05 integrantes A iniciativa prop\u00f5e uma verdadeira imers\u00e3o musical e tem abrang\u00eancia aos participantes da regi\u00e3o sul. O objetivo \u00e9 proporcionar o acesso a materiais de estudo para o aperfei\u00e7oamento, dentro do universo da m\u00fasica instrumental atrav\u00e9s do acordeom. O Grupo de Acordeonistas tem como coordenador e preparador o m\u00fasico Vinicius Terres, formado no Curso M\u00fasica Popular pela UFPel,\u00a0 coordenou o I Encontro de Acordeonistas do Conservat\u00f3rio de M\u00fasica. Em setembro teve sua estreia no evento em comemora\u00e7\u00e3o aos 104 anos do Conservat\u00f3rio de M\u00fasica.<\/p>\n","protected":false},"excerpt":{"rendered":"<p>GRUPO DE ACORDEONS Fundado em agosto de 2022, com 05 integrantes A iniciativa prop\u00f5e uma verdadeira imers\u00e3o musical e tem abrang\u00eancia aos participantes da regi\u00e3o sul. O objetivo \u00e9 proporcionar o acesso a materiais de estudo para o aperfei\u00e7oamento, dentro &hellip; <a href=\"https:\/\/wp.ufpel.edu.br\/conservatoriodemusica\/atividades\/grupo-de-acordeonistas-do-conservatorio-de-musica-ufpel\/\">Continue lendo <span class=\"meta-nav\">&rarr;<\/span><\/a><\/p>\n","protected":false},"author":668,"featured_media":0,"parent":16,"menu_order":0,"comment_status":"closed","ping_status":"closed","template":"","meta":{"footnotes":""},"class_list":["post-713","page","type-page","status-publish","hentry"],"_links":{"self":[{"href":"https:\/\/wp.ufpel.edu.br\/conservatoriodemusica\/wp-json\/wp\/v2\/pages\/713","targetHints":{"allow":["GET"]}}],"collection":[{"href":"https:\/\/wp.ufpel.edu.br\/conservatoriodemusica\/wp-json\/wp\/v2\/pages"}],"about":[{"href":"https:\/\/wp.ufpel.edu.br\/conservatoriodemusica\/wp-json\/wp\/v2\/types\/page"}],"author":[{"embeddable":true,"href":"https:\/\/wp.ufpel.edu.br\/conservatoriodemusica\/wp-json\/wp\/v2\/users\/668"}],"replies":[{"embeddable":true,"href":"https:\/\/wp.ufpel.edu.br\/conservatoriodemusica\/wp-json\/wp\/v2\/comments?post=713"}],"version-history":[{"count":2,"href":"https:\/\/wp.ufpel.edu.br\/conservatoriodemusica\/wp-json\/wp\/v2\/pages\/713\/revisions"}],"predecessor-version":[{"id":718,"href":"https:\/\/wp.ufpel.edu.br\/conservatoriodemusica\/wp-json\/wp\/v2\/pages\/713\/revisions\/718"}],"up":[{"embeddable":true,"href":"https:\/\/wp.ufpel.edu.br\/conservatoriodemusica\/wp-json\/wp\/v2\/pages\/16"}],"wp:attachment":[{"href":"https:\/\/wp.ufpel.edu.br\/conservatoriodemusica\/wp-json\/wp\/v2\/media?parent=713"}],"curies":[{"name":"wp","href":"https:\/\/api.w.org\/{rel}","templated":true}]}}