{"id":701,"date":"2023-05-15T21:10:07","date_gmt":"2023-05-16T00:10:07","guid":{"rendered":"https:\/\/wp.ufpel.edu.br\/conservatoriodemusica\/?page_id=701"},"modified":"2023-06-21T18:28:20","modified_gmt":"2023-06-21T21:28:20","slug":"coral-infanto-juvenil-do-conservatorio-de-musica","status":"publish","type":"page","link":"https:\/\/wp.ufpel.edu.br\/conservatoriodemusica\/atividades\/coral-infanto-juvenil-do-conservatorio-de-musica\/","title":{"rendered":"Coral Infanto-Juvenil do Conservat\u00f3rio de M\u00fasica"},"content":{"rendered":"<p style=\"text-align: justify;\"><strong>Coral Infantil e Juvenil do Conservat\u00f3rio de M\u00fasica da UFPel<\/strong>: fundado na d\u00e9cada de 80, sob coordena\u00e7\u00e3o e dire\u00e7\u00e3o da professora Leda Maria Vieira Pacheco. Inicialmente congregou alunos dos cursos de instrumentos e teoria musical do Conservat\u00f3rio de M\u00fasica, sendo mais tarde aberto \u00e0 comunidade. Foi reativado no segundo semestre de 2017, atualmente conta com 35 integrantes com faixa et\u00e1ria entre 09 e 20 anos de idade. Em 2018 participou do II Encontro de Corais do Conservat\u00f3rio de M\u00fasica, do ENVOZP \u2013 Encontro de Vozes da Primavera na cidade de Rio Grande e do evento Harmoniza\u00e7\u00e3o dos Vinhos da Campanha Ga\u00facha e dos Doces de Pelotas. No ano de 2019 participou da 6\u00aa Edi\u00e7\u00e3o do Festival Caixinha de M\u00fasica em Morro Redondo, da abertura do III Encontro de Corais do Conservat\u00f3rio de M\u00fasica da UFPel, Semana de Cultura na Catedral S\u00e3o Francisco de Paula, Encontro Binacional de Corais no Uruguai e Jaguar\u00e3o e da Abertura da Programa\u00e7\u00e3o de Natal em Arroio do Padre. No ano de 2022 fez a abertura do IV Encontro de Corais do Conservat\u00f3rio de M\u00fasica. No ano de 2023 fez parte dos eventos em Homenagem aos 35\u00ba da cidade de Morro Redondo. Tem como regente Raquel Barbier, e acompanhamento com o pianista Felipe Bunilha.<\/p>\n","protected":false},"excerpt":{"rendered":"<p>Coral Infantil e Juvenil do Conservat\u00f3rio de M\u00fasica da UFPel: fundado na d\u00e9cada de 80, sob coordena\u00e7\u00e3o e dire\u00e7\u00e3o da professora Leda Maria Vieira Pacheco. Inicialmente congregou alunos dos cursos de instrumentos e teoria musical do Conservat\u00f3rio de M\u00fasica, sendo &hellip; <a href=\"https:\/\/wp.ufpel.edu.br\/conservatoriodemusica\/atividades\/coral-infanto-juvenil-do-conservatorio-de-musica\/\">Continue lendo <span class=\"meta-nav\">&rarr;<\/span><\/a><\/p>\n","protected":false},"author":668,"featured_media":0,"parent":16,"menu_order":0,"comment_status":"closed","ping_status":"closed","template":"","meta":{"footnotes":""},"class_list":["post-701","page","type-page","status-publish","hentry"],"_links":{"self":[{"href":"https:\/\/wp.ufpel.edu.br\/conservatoriodemusica\/wp-json\/wp\/v2\/pages\/701","targetHints":{"allow":["GET"]}}],"collection":[{"href":"https:\/\/wp.ufpel.edu.br\/conservatoriodemusica\/wp-json\/wp\/v2\/pages"}],"about":[{"href":"https:\/\/wp.ufpel.edu.br\/conservatoriodemusica\/wp-json\/wp\/v2\/types\/page"}],"author":[{"embeddable":true,"href":"https:\/\/wp.ufpel.edu.br\/conservatoriodemusica\/wp-json\/wp\/v2\/users\/668"}],"replies":[{"embeddable":true,"href":"https:\/\/wp.ufpel.edu.br\/conservatoriodemusica\/wp-json\/wp\/v2\/comments?post=701"}],"version-history":[{"count":2,"href":"https:\/\/wp.ufpel.edu.br\/conservatoriodemusica\/wp-json\/wp\/v2\/pages\/701\/revisions"}],"predecessor-version":[{"id":759,"href":"https:\/\/wp.ufpel.edu.br\/conservatoriodemusica\/wp-json\/wp\/v2\/pages\/701\/revisions\/759"}],"up":[{"embeddable":true,"href":"https:\/\/wp.ufpel.edu.br\/conservatoriodemusica\/wp-json\/wp\/v2\/pages\/16"}],"wp:attachment":[{"href":"https:\/\/wp.ufpel.edu.br\/conservatoriodemusica\/wp-json\/wp\/v2\/media?parent=701"}],"curies":[{"name":"wp","href":"https:\/\/api.w.org\/{rel}","templated":true}]}}

Coral Infanto-Juvenil do Conservatório de Música

<p style="text-align: justify;"><strong>Coral Infantil e Juvenil do Conservatório de Música da UFPel</strong>: fundado na década de 80, sob coordenação e direção da professora Leda Maria Vieira Pacheco. Inicialmente congregou alunos dos cursos de instrumentos e teoria musical do Conservatório de Música, sendo mais tarde aberto à comunidade. Foi reativado no segundo semestre de 2017, atualmente conta com 35 integrantes com faixa etária entre 09 e 20 anos de idade. Em 2018 participou do II Encontro de Corais do Conservatório de Música, do ENVOZP – Encontro de Vozes da Primavera na cidade de Rio Grande e do evento Harmonização dos Vinhos da Campanha Gaúcha e dos Doces de Pelotas. No ano de 2019 participou da 6ª Edição do Festival Caixinha de Música em Morro Redondo, da abertura do III Encontro de Corais do Conservatório de Música da UFPel, Semana de Cultura na Catedral São Francisco de Paula, Encontro Binacional de Corais no Uruguai e Jaguarão e da Abertura da Programação de Natal em Arroio do Padre. No ano de 2022 fez a abertura do IV Encontro de Corais do Conservatório de Música. No ano de 2023 fez parte dos eventos em Homenagem aos 35º da cidade de Morro Redondo. Tem como regente Raquel Barbier, e acompanhamento com o pianista Felipe Bunilha.</p>

<p>Coral Infantil e Juvenil do Conservatório de Música da UFPel: fundado na década de 80, sob coordenação e direção da professora Leda Maria Vieira Pacheco. Inicialmente congregou alunos dos cursos de instrumentos e teoria musical do Conservatório de Música, sendo &hellip; <a href="https://wp.ufpel.edu.br/conservatoriodemusica/atividades/coral-infanto-juvenil-do-conservatorio-de-musica/">Continue lendo <span class="meta-nav">&rarr;</span></a></p>
