{"id":38,"date":"2016-07-11T15:40:49","date_gmt":"2016-07-11T18:40:49","guid":{"rendered":"https:\/\/wp.ufpel.edu.br\/conservatoriodemusica\/?page_id=38"},"modified":"2023-05-15T21:15:49","modified_gmt":"2023-05-16T00:15:49","slug":"equipe","status":"publish","type":"page","link":"https:\/\/wp.ufpel.edu.br\/conservatoriodemusica\/equipe\/","title":{"rendered":"Equipe"},"content":{"rendered":"<p>Diretora: Prof\u00aa Magali Richter Spiazzi<br \/>\nDiretora Adjunto: Prof. Tiago Sabino Ribas<br \/>\nSecret\u00e1ria: Eliane Brum Machado<\/p>\n<p>Curso de Inicia\u00e7\u00e3o Musical: Prof.\u00a0 Macedo Macedo Cazarr\u00e9<br \/>\nCurso de Aperfei\u00e7oamento Musical:\u00a0 Prof.\u00a0 Macedo Macedo Cazarr\u00e9<\/p>\n<p>Musicoteca: Prof.\u00a0 Macedo Macedo Cazarr\u00e9<br \/>\nCentro de Documenta\u00e7\u00e3o Hist\u00f3rica: Prof. M\u00e1rcio de Souza<br \/>\nLaborat\u00f3rio de Ci\u00eancias Musicais: Prof. Guilherme Duro Goldberg<\/p>\n","protected":false},"excerpt":{"rendered":"<p>Diretora: Prof\u00aa Magali Richter Spiazzi Diretora Adjunto: Prof. Tiago Sabino Ribas Secret\u00e1ria: Eliane Brum Machado Curso de Inicia\u00e7\u00e3o Musical: Prof.\u00a0 Macedo Macedo Cazarr\u00e9 Curso de Aperfei\u00e7oamento Musical:\u00a0 Prof.\u00a0 Macedo Macedo Cazarr\u00e9 Musicoteca: Prof.\u00a0 Macedo Macedo Cazarr\u00e9 Centro de Documenta\u00e7\u00e3o Hist\u00f3rica: &hellip; <a href=\"https:\/\/wp.ufpel.edu.br\/conservatoriodemusica\/equipe\/\">Continue lendo <span class=\"meta-nav\">&rarr;<\/span><\/a><\/p>\n","protected":false},"author":452,"featured_media":0,"parent":0,"menu_order":0,"comment_status":"closed","ping_status":"closed","template":"","meta":{"footnotes":""},"class_list":["post-38","page","type-page","status-publish","hentry"],"_links":{"self":[{"href":"https:\/\/wp.ufpel.edu.br\/conservatoriodemusica\/wp-json\/wp\/v2\/pages\/38","targetHints":{"allow":["GET"]}}],"collection":[{"href":"https:\/\/wp.ufpel.edu.br\/conservatoriodemusica\/wp-json\/wp\/v2\/pages"}],"about":[{"href":"https:\/\/wp.ufpel.edu.br\/conservatoriodemusica\/wp-json\/wp\/v2\/types\/page"}],"author":[{"embeddable":true,"href":"https:\/\/wp.ufpel.edu.br\/conservatoriodemusica\/wp-json\/wp\/v2\/users\/452"}],"replies":[{"embeddable":true,"href":"https:\/\/wp.ufpel.edu.br\/conservatoriodemusica\/wp-json\/wp\/v2\/comments?post=38"}],"version-history":[{"count":10,"href":"https:\/\/wp.ufpel.edu.br\/conservatoriodemusica\/wp-json\/wp\/v2\/pages\/38\/revisions"}],"predecessor-version":[{"id":703,"href":"https:\/\/wp.ufpel.edu.br\/conservatoriodemusica\/wp-json\/wp\/v2\/pages\/38\/revisions\/703"}],"wp:attachment":[{"href":"https:\/\/wp.ufpel.edu.br\/conservatoriodemusica\/wp-json\/wp\/v2\/media?parent=38"}],"curies":[{"name":"wp","href":"https:\/\/api.w.org\/{rel}","templated":true}]}}

<p>Diretora: Profª Magali Richter Spiazzi<br />
Diretora Adjunto: Prof. Tiago Sabino Ribas<br />
Secretária: Eliane Brum Machado</p>
<p>Curso de Iniciação Musical: Prof.  Macedo Macedo Cazarré<br />
Curso de Aperfeiçoamento Musical:  Prof.  Macedo Macedo Cazarré</p>
<p>Musicoteca: Prof.  Macedo Macedo Cazarré<br />
Centro de Documentação Histórica: Prof. Márcio de Souza<br />
Laboratório de Ciências Musicais: Prof. Guilherme Duro Goldberg</p>

<p>Diretora: Profª Magali Richter Spiazzi Diretora Adjunto: Prof. Tiago Sabino Ribas Secretária: Eliane Brum Machado Curso de Iniciação Musical: Prof.  Macedo Macedo Cazarré Curso de Aperfeiçoamento Musical:  Prof.  Macedo Macedo Cazarré Musicoteca: Prof.  Macedo Macedo Cazarré Centro de Documentação Histórica: &hellip; <a href="https://wp.ufpel.edu.br/conservatoriodemusica/equipe/">Continue lendo <span class="meta-nav">&rarr;</span></a></p>
