{"id":28,"date":"2016-07-11T15:38:38","date_gmt":"2016-07-11T18:38:38","guid":{"rendered":"https:\/\/wp.ufpel.edu.br\/conservatoriodemusica\/?page_id=28"},"modified":"2023-06-21T19:31:41","modified_gmt":"2023-06-21T22:31:41","slug":"musicoteca","status":"publish","type":"page","link":"https:\/\/wp.ufpel.edu.br\/conservatoriodemusica\/atividades\/musicoteca\/","title":{"rendered":"Musicoteca"},"content":{"rendered":"<p style=\"text-align: justify;\"><img loading=\"lazy\" decoding=\"async\" class=\"alignnone size-medium wp-image-349 alignleft\" src=\"https:\/\/wp.ufpel.edu.br\/conservatoriodemusica\/files\/2018\/03\/10649615_772474526125359_7058093357921711590_n-424x283.jpg\" alt=\"\" width=\"424\" height=\"283\" srcset=\"https:\/\/wp.ufpel.edu.br\/conservatoriodemusica\/files\/2018\/03\/10649615_772474526125359_7058093357921711590_n-424x283.jpg 424w, https:\/\/wp.ufpel.edu.br\/conservatoriodemusica\/files\/2018\/03\/10649615_772474526125359_7058093357921711590_n-212x141.jpg 212w, https:\/\/wp.ufpel.edu.br\/conservatoriodemusica\/files\/2018\/03\/10649615_772474526125359_7058093357921711590_n-768x512.jpg 768w, https:\/\/wp.ufpel.edu.br\/conservatoriodemusica\/files\/2018\/03\/10649615_772474526125359_7058093357921711590_n.jpg 892w\" sizes=\"auto, (max-width: 424px) 100vw, 424px\" \/>A Musicoteca do Conservat\u00f3rio de M\u00fasica da Universidade Federal de Pelotas foi fundada em 1997 pelo professor Dr. Marcelo Macedo Cazarr\u00e9.<\/p>\n<p style=\"text-align: justify;\">Consiste de um acervo de milhares de partituras para instrumentos solos, canto, m\u00fasica de c\u00e2mara, e uma cole\u00e7\u00e3o especial de m\u00fasica para acordeom, dentre o material encontram-se as doa\u00e7\u00f5es dos acervos completos de alguns antigos diretores do Conservat\u00f3rio, o principal destes \u00e9 o do prof. Milton de Lemos, que foi diretor e principal professor de piano de 1923 a 1954.<\/p>\n<p style=\"text-align: justify;\">Al\u00e9m das partituras a Musicoteca possui fitas cassetes, fitas VHS, cd\u2019s, dvd\u2019s e uma cole\u00e7\u00e3o hist\u00f3rica de discos em vinil. Livros sobre m\u00fasica dos mais variados assuntos, cabe salientar: Musicologia, Musicoterapia, Musicaliza\u00e7\u00e3o, Did\u00e1tica dos Instrumentos e Canto, Percep\u00e7\u00e3o Musical, dentre outros.<\/p>\n<p style=\"text-align: justify;\">Diversos trabalhos de pesquisas foram realizados tendo como base o acervo da Musicoteca, que continua recebendo doa\u00e7\u00f5es de partituras, livros, cd\u2019s e dvd\u2019s dos mais variados estados brasileiros, bem como de tradicionais fam\u00edlias pelotenses, que tiveram seus parentes como alunos do Conservat\u00f3rio de M\u00fasica. Dentre as metas para os pr\u00f3ximos anos esta a de disponibilizar o acervo para consulta online.<\/p>\n","protected":false},"excerpt":{"rendered":"<p>A Musicoteca do Conservat\u00f3rio de M\u00fasica da Universidade Federal de Pelotas foi fundada em 1997 pelo professor Dr. Marcelo Macedo Cazarr\u00e9. Consiste de um acervo de milhares de partituras para instrumentos solos, canto, m\u00fasica de c\u00e2mara, e uma cole\u00e7\u00e3o especial &hellip; <a href=\"https:\/\/wp.ufpel.edu.br\/conservatoriodemusica\/atividades\/musicoteca\/\">Continue lendo <span class=\"meta-nav\">&rarr;<\/span><\/a><\/p>\n","protected":false},"author":452,"featured_media":0,"parent":16,"menu_order":0,"comment_status":"closed","ping_status":"closed","template":"","meta":{"footnotes":""},"class_list":["post-28","page","type-page","status-publish","hentry"],"_links":{"self":[{"href":"https:\/\/wp.ufpel.edu.br\/conservatoriodemusica\/wp-json\/wp\/v2\/pages\/28","targetHints":{"allow":["GET"]}}],"collection":[{"href":"https:\/\/wp.ufpel.edu.br\/conservatoriodemusica\/wp-json\/wp\/v2\/pages"}],"about":[{"href":"https:\/\/wp.ufpel.edu.br\/conservatoriodemusica\/wp-json\/wp\/v2\/types\/page"}],"author":[{"embeddable":true,"href":"https:\/\/wp.ufpel.edu.br\/conservatoriodemusica\/wp-json\/wp\/v2\/users\/452"}],"replies":[{"embeddable":true,"href":"https:\/\/wp.ufpel.edu.br\/conservatoriodemusica\/wp-json\/wp\/v2\/comments?post=28"}],"version-history":[{"count":5,"href":"https:\/\/wp.ufpel.edu.br\/conservatoriodemusica\/wp-json\/wp\/v2\/pages\/28\/revisions"}],"predecessor-version":[{"id":773,"href":"https:\/\/wp.ufpel.edu.br\/conservatoriodemusica\/wp-json\/wp\/v2\/pages\/28\/revisions\/773"}],"up":[{"embeddable":true,"href":"https:\/\/wp.ufpel.edu.br\/conservatoriodemusica\/wp-json\/wp\/v2\/pages\/16"}],"wp:attachment":[{"href":"https:\/\/wp.ufpel.edu.br\/conservatoriodemusica\/wp-json\/wp\/v2\/media?parent=28"}],"curies":[{"name":"wp","href":"https:\/\/api.w.org\/{rel}","templated":true}]}}

<p style="text-align: justify;"><img loading="lazy" decoding="async" class="alignnone size-medium wp-image-349 alignleft" src="https://wp.ufpel.edu.br/conservatoriodemusica/files/2018/03/10649615_772474526125359_7058093357921711590_n-424x283.jpg" alt="" width="424" height="283" srcset="https://wp.ufpel.edu.br/conservatoriodemusica/files/2018/03/10649615_772474526125359_7058093357921711590_n-424x283.jpg 424w, https://wp.ufpel.edu.br/conservatoriodemusica/files/2018/03/10649615_772474526125359_7058093357921711590_n-212x141.jpg 212w, https://wp.ufpel.edu.br/conservatoriodemusica/files/2018/03/10649615_772474526125359_7058093357921711590_n-768x512.jpg 768w, https://wp.ufpel.edu.br/conservatoriodemusica/files/2018/03/10649615_772474526125359_7058093357921711590_n.jpg 892w" sizes="auto, (max-width: 424px) 100vw, 424px" />A Musicoteca do Conservatório de Música da Universidade Federal de Pelotas foi fundada em 1997 pelo professor Dr. Marcelo Macedo Cazarré.</p>
<p style="text-align: justify;">Consiste de um acervo de milhares de partituras para instrumentos solos, canto, música de câmara, e uma coleção especial de música para acordeom, dentre o material encontram-se as doações dos acervos completos de alguns antigos diretores do Conservatório, o principal destes é o do prof. Milton de Lemos, que foi diretor e principal professor de piano de 1923 a 1954.</p>
<p style="text-align: justify;">Além das partituras a Musicoteca possui fitas cassetes, fitas VHS, cd’s, dvd’s e uma coleção histórica de discos em vinil. Livros sobre música dos mais variados assuntos, cabe salientar: Musicologia, Musicoterapia, Musicalização, Didática dos Instrumentos e Canto, Percepção Musical, dentre outros.</p>
<p style="text-align: justify;">Diversos trabalhos de pesquisas foram realizados tendo como base o acervo da Musicoteca, que continua recebendo doações de partituras, livros, cd’s e dvd’s dos mais variados estados brasileiros, bem como de tradicionais famílias pelotenses, que tiveram seus parentes como alunos do Conservatório de Música. Dentre as metas para os próximos anos esta a de disponibilizar o acervo para consulta online.</p>

<p>A Musicoteca do Conservatório de Música da Universidade Federal de Pelotas foi fundada em 1997 pelo professor Dr. Marcelo Macedo Cazarré. Consiste de um acervo de milhares de partituras para instrumentos solos, canto, música de câmara, e uma coleção especial &hellip; <a href="https://wp.ufpel.edu.br/conservatoriodemusica/atividades/musicoteca/">Continue lendo <span class="meta-nav">&rarr;</span></a></p>
