{"id":19,"date":"2016-07-11T15:23:50","date_gmt":"2016-07-11T18:23:50","guid":{"rendered":"https:\/\/wp.ufpel.edu.br\/conservatoriodemusica\/?page_id=19"},"modified":"2023-06-21T18:35:23","modified_gmt":"2023-06-21T21:35:23","slug":"afinasul","status":"publish","type":"page","link":"https:\/\/wp.ufpel.edu.br\/conservatoriodemusica\/atividades\/afinasul\/","title":{"rendered":"Curso de Musica do Conservat\u00f3rio de M\u00fasica"},"content":{"rendered":"<p style=\"text-align: justify;\">\u00a0<img loading=\"lazy\" decoding=\"async\" class=\"wp-image-753 alignleft\" src=\"https:\/\/wp.ufpel.edu.br\/conservatoriodemusica\/files\/2023\/06\/INTRU-140x318.jpg\" alt=\"\" width=\"235\" height=\"534\" srcset=\"https:\/\/wp.ufpel.edu.br\/conservatoriodemusica\/files\/2023\/06\/INTRU-140x318.jpg 140w, https:\/\/wp.ufpel.edu.br\/conservatoriodemusica\/files\/2023\/06\/INTRU-70x159.jpg 70w, https:\/\/wp.ufpel.edu.br\/conservatoriodemusica\/files\/2023\/06\/INTRU.jpg 413w\" sizes=\"auto, (max-width: 235px) 100vw, 235px\" \/>O Curso de M\u00fasica, tem como promotora a Associa\u00e7\u00e3o Amigos do Conservat\u00f3rio de M\u00fasica.<\/p>\n<p style=\"text-align: justify;\">\u00c9 aberto a todas a idades, tanto para iniciantes como para os que possuem algum conhecimento.<\/p>\n<p style=\"text-align: justify;\"><strong>INFORMA\u00c7\u00d5ES GERAIS:<\/strong><\/p>\n<p style=\"text-align: justify;\"><strong>HOR\u00c1RIO DAS AULAS <\/strong><\/p>\n<p style=\"text-align: justify;\">As aulas de Teoria e Percep\u00e7\u00e3o Musical ocorrer\u00e3o: Nos turnos da noite, inicio \u00e0s 19h. Turma infantil: de 09 a 14 anos \u2013 01h15min de dura\u00e7\u00e3o. Turma de adultos: a partir dos 14 anos de idade \u2013 01h30min de dura\u00e7\u00e3o.<\/p>\n<p style=\"text-align: justify;\"><strong>In\u00edcio das aulas: <\/strong>31 de julho (segunda-feira) <strong>|<\/strong> <strong>\u00daltimo dia letivo: <\/strong>17 de novembro (sexta-feira)<\/p>\n<p style=\"text-align: justify;\"><strong><u>REMATR\u00cdCULAS:<\/u><\/strong> Dias 28, \u00a029 e 30 de novembro, 16h \u00e0s 20h30min <strong>(<u>o aluno regular que n\u00e3o fizer sua rematr\u00edcula dentro deste per\u00edodo perder\u00e1 automaticamente sua vaga, podendo tentar nova vaga no per\u00edodo de matr\u00edculas<\/u>)<\/strong>.<\/p>\n<p><strong>\u00a0<\/strong><strong>FUNCIONAMENTO DAS AULAS<\/strong><\/p>\n<p><strong>\u00a0<\/strong>\u00a0\u00a0\u00a0 Ser\u00e3o ministrados 16 encontros em cada disciplina ao longo do semestre.<\/p>\n<p><strong>Pr\u00e1ticas Interpretativas (turmas de Acordeom, canto, cavaquinho, flauta transversal, violino, viol\u00e3o, guitarra, piano, teclado, trompete e saxofone):<\/strong> aulas individuais, semanais com dura\u00e7\u00e3o de 1h, distribu\u00eddas em 06 semestres. O programa a ser desenvolvido \u00e9 definido por cada professor de acordo com o n\u00edvel de seus alunos e conforme conte\u00fado program\u00e1tico de cada curso.<\/p>\n<p><strong>O aluno ingressante dever\u00e1 matricular-se nas aulas de Pr\u00e1ticas Interpretativas e Teoria e Percep\u00e7\u00e3o Musical, pagando uma taxa mensal de R$ 150,00. <\/strong><\/p>\n<p><strong>Teoria e Percep\u00e7\u00e3o Musical<\/strong>: aulas semanais coletivas. Programa distribu\u00eddo em tr\u00eas semestres.<\/p>\n<p><strong>FREQU\u00caNCIA<\/strong><strong> &#8211; <\/strong>O aluno ser\u00e1 considerado reprovado por infrequ\u00eancia se tiver faltado a mais de 4 encontros no semestre. A vaga do aluno infrequente ser\u00e1 imediatamente preenchida pelo pr\u00f3ximo aluno da lista de espera assim que a infrequ\u00eancia for constatada.<\/p>\n<p><strong>AVALIA\u00c7\u00c3O<\/strong><strong> &#8211; <\/strong>Em ambas as disciplinas (Teoria e Percep\u00e7\u00e3o Musical e Pr\u00e1ticas Interpretativas) ser\u00e3o realizadas duas provas com peso 10, uma na metade do semestre (para que o professor verifique o rendimento at\u00e9 este ponto e d\u00ea orienta\u00e7\u00f5es para a continua\u00e7\u00e3o do trabalho) e outra no final (para verifica\u00e7\u00e3o do rendimento geral no semestre). A m\u00e9dia final de cada aluno ser\u00e1 calculada com base nas pontua\u00e7\u00f5es atingidas em cada disciplina (Teoria e Percep\u00e7\u00e3o e Pr\u00e1ticas Interpretativas). O n\u00e3o comparecimento \u00e0s provas importar\u00e1 na atribui\u00e7\u00e3o de nota 0 (zero). <strong>Alunos com m\u00e9dia semestral igual ou superior a 7,0 (sete) e m\u00ednimo de 75% de presen\u00e7a ser\u00e3o aprovados, podendo solicitar certificado de participa\u00e7\u00e3o junto \u00e0 secretaria ao final do ano.<\/strong><\/p>\n<p>O aluno que for reprovado <strong><u>nas aulas pr\u00e1ticas ou te\u00f3ricas<\/u><\/strong> por DOIS SEMESTRES SEGUIDOS (por infrequ\u00eancia ou por ter obtido m\u00e9dia semestral inferior a 7,0) ficar\u00e1 impossibilitado de realizar nova matr\u00edcula no semestre seguinte. ALUNOS BOLSISTAS que forem reprovados UMA VEZ, por infrequ\u00eancia ou por m\u00e9dia semestral insuficiente, perder\u00e3o automaticamente o direito \u00e0 bolsa de estudos, a qual ser\u00e1 concedida a outro aluno que a necessite.<\/p>\n<p><strong>MENSALIDADES N\u00c3O PAGAS &#8211; <\/strong>O aluno que n\u00e3o pagar sua mensalidade por dois meses seguidos perder\u00e1 automaticamente sua vaga, liberando-a para o pr\u00f3ximo na lista de espera, visto que \u00e9 insustent\u00e1vel manter o bom funcionamento do projeto se houverem alunos em d\u00edvida.<\/p>\n<p><strong>BOLSAS DE ESTUDO &#8211; <\/strong>Estudantes de baixa renda que estejam regularmente matriculados em escolas p\u00fablicas poder\u00e3o ficar isentos do pagamento. Em todos os semestres s\u00e3o distribu\u00eddas bolsas de estudo para at\u00e9 25% do total de inscritos, mediante sele\u00e7\u00e3o realizada com base na an\u00e1lise dos documentos apresentados. Todo aluno bolsista que estiver frequente e que tenha obtido rendimento semestral igual ou superior a 7,0 ter\u00e1 sua bolsa automaticamente renovada para o semestre seguinte.<\/p>\n<p><strong>Documentos Necess\u00e1rios para a requisi\u00e7\u00e3o de bolsa de estudo:<\/strong><\/p>\n<p>&#8211; Atestado de matr\u00edcula em escola p\u00fablica para o semestre desejado;<br \/>\n&#8211; Comprovante de renda mensal dos pais ou respons\u00e1veis (ou do pr\u00f3prio requerente)*;<br \/>\n&#8211; Carta leg\u00edvel (se poss\u00edvel impressa) para requisi\u00e7\u00e3o da bolsa contendo justificativa que exponha os motivos e necessidades.<\/p>\n<p>*S\u00e3o aceitos os tr\u00eas \u00faltimos demonstrativos de pagamento (contracheques) ou a Declara\u00e7\u00e3o de Imposto de Renda do ano vigente.<\/p>\n<p><strong>COORDENADOR: PROF. MARCELO MACEDO CAZARR\u00c9<\/strong><\/p>\n","protected":false},"excerpt":{"rendered":"<p>\u00a0O Curso de M\u00fasica, tem como promotora a Associa\u00e7\u00e3o Amigos do Conservat\u00f3rio de M\u00fasica. \u00c9 aberto a todas a idades, tanto para iniciantes como para os que possuem algum conhecimento. INFORMA\u00c7\u00d5ES GERAIS: HOR\u00c1RIO DAS AULAS As aulas de Teoria e &hellip; <a href=\"https:\/\/wp.ufpel.edu.br\/conservatoriodemusica\/atividades\/afinasul\/\">Continue lendo <span class=\"meta-nav\">&rarr;<\/span><\/a><\/p>\n","protected":false},"author":452,"featured_media":0,"parent":16,"menu_order":0,"comment_status":"closed","ping_status":"closed","template":"","meta":{"footnotes":""},"class_list":["post-19","page","type-page","status-publish","hentry"],"_links":{"self":[{"href":"https:\/\/wp.ufpel.edu.br\/conservatoriodemusica\/wp-json\/wp\/v2\/pages\/19","targetHints":{"allow":["GET"]}}],"collection":[{"href":"https:\/\/wp.ufpel.edu.br\/conservatoriodemusica\/wp-json\/wp\/v2\/pages"}],"about":[{"href":"https:\/\/wp.ufpel.edu.br\/conservatoriodemusica\/wp-json\/wp\/v2\/types\/page"}],"author":[{"embeddable":true,"href":"https:\/\/wp.ufpel.edu.br\/conservatoriodemusica\/wp-json\/wp\/v2\/users\/452"}],"replies":[{"embeddable":true,"href":"https:\/\/wp.ufpel.edu.br\/conservatoriodemusica\/wp-json\/wp\/v2\/comments?post=19"}],"version-history":[{"count":4,"href":"https:\/\/wp.ufpel.edu.br\/conservatoriodemusica\/wp-json\/wp\/v2\/pages\/19\/revisions"}],"predecessor-version":[{"id":762,"href":"https:\/\/wp.ufpel.edu.br\/conservatoriodemusica\/wp-json\/wp\/v2\/pages\/19\/revisions\/762"}],"up":[{"embeddable":true,"href":"https:\/\/wp.ufpel.edu.br\/conservatoriodemusica\/wp-json\/wp\/v2\/pages\/16"}],"wp:attachment":[{"href":"https:\/\/wp.ufpel.edu.br\/conservatoriodemusica\/wp-json\/wp\/v2\/media?parent=19"}],"curies":[{"name":"wp","href":"https:\/\/api.w.org\/{rel}","templated":true}]}}