{"id":565,"date":"2011-03-17T12:12:17","date_gmt":"2011-03-17T15:12:17","guid":{"rendered":"https:\/\/wp.ufpel.edu.br\/consagro\/"},"modified":"2012-03-06T20:00:56","modified_gmt":"2012-03-06T20:00:56","slug":"sou-membro-da-rede","status":"publish","type":"page","link":"https:\/\/wp.ufpel.edu.br\/consagro\/sou-membro-da-rede\/","title":{"rendered":"SOU MEMBRO DA REDE"},"content":{"rendered":"<p>Sou membro da Rede Social para a Sustentabilidade, uma espa\u00e7o que busca proporcionar uma maior intera\u00e7\u00e3o entre os membros da Rede Consagro.<\/p>\n<p>Click &#8211;&gt; <a href=\"http:\/\/redesustentabilidade.ning.com\/main\/authorization\/signIn?target=http%3A%2F%2Fredesustentabilidade.ning.com%2F\">http:\/\/redesustentabilidade.ning.com\/main\/authorization\/signIn?target=http%3A%2F%2Fredesustentabilidade.ning.com%2F<\/a><\/p>\n","protected":false},"excerpt":{"rendered":"<p>Sou membro da Rede Social para a Sustentabilidade, uma espa\u00e7o que busca proporcionar uma maior intera\u00e7\u00e3o entre os membros da Rede Consagro. Click &#8211;&gt; http:\/\/redesustentabilidade.ning.com\/main\/authorization\/signIn?target=http%3A%2F%2Fredesustentabilidade.ning.com%2F<\/p>\n","protected":false},"author":40,"featured_media":0,"parent":0,"menu_order":10,"comment_status":"closed","ping_status":"open","template":"","meta":{"jetpack_post_was_ever_published":false,"footnotes":""},"class_list":["post-565","page","type-page","status-publish","hentry"],"jetpack_sharing_enabled":true,"jetpack_shortlink":"https:\/\/wp.me\/P2YLUy-97","_links":{"self":[{"href":"https:\/\/wp.ufpel.edu.br\/consagro\/wp-json\/wp\/v2\/pages\/565","targetHints":{"allow":["GET"]}}],"collection":[{"href":"https:\/\/wp.ufpel.edu.br\/consagro\/wp-json\/wp\/v2\/pages"}],"about":[{"href":"https:\/\/wp.ufpel.edu.br\/consagro\/wp-json\/wp\/v2\/types\/page"}],"author":[{"embeddable":true,"href":"https:\/\/wp.ufpel.edu.br\/consagro\/wp-json\/wp\/v2\/users\/40"}],"replies":[{"embeddable":true,"href":"https:\/\/wp.ufpel.edu.br\/consagro\/wp-json\/wp\/v2\/comments?post=565"}],"version-history":[{"count":6,"href":"https:\/\/wp.ufpel.edu.br\/consagro\/wp-json\/wp\/v2\/pages\/565\/revisions"}],"predecessor-version":[{"id":2796,"href":"https:\/\/wp.ufpel.edu.br\/consagro\/wp-json\/wp\/v2\/pages\/565\/revisions\/2796"}],"wp:attachment":[{"href":"https:\/\/wp.ufpel.edu.br\/consagro\/wp-json\/wp\/v2\/media?parent=565"}],"curies":[{"name":"wp","href":"https:\/\/api.w.org\/{rel}","templated":true}]}}