{"id":481,"date":"2017-04-15T00:25:48","date_gmt":"2017-04-15T03:25:48","guid":{"rendered":"https:\/\/wp.ufpel.edu.br\/conill\/?page_id=481"},"modified":"2020-07-27T15:08:29","modified_gmt":"2020-07-27T18:08:29","slug":"bem-vindo","status":"publish","type":"page","link":"https:\/\/wp.ufpel.edu.br\/conill\/","title":{"rendered":"Bem vindo"},"content":{"rendered":"<p>Ol\u00e1<\/p>\n<p>Seja bem vindo \u00e0 minha p\u00e1gina pessoal.<\/p>\n<p>Sou Engenheiro Agr\u00f4nomo pela Universidade Federal do Rio Grande do Sul (1985), mestrado em Economia Rural pelo IEPE\/UFRGS (1991) e doutorado em Engenharia de Produ\u00e7\u00e3o pela Universidade Federal de Santa Catarina (2001). P\u00f3s Doutorado no Instituto de Estudios Sociales Avanzados &#8211; IESA\/CSIC (Espanha) &#8211; 2016; na \u00e1rea de Desenvolvimento Territorial e Capital Social com apoio da CAPES (Coordena\u00e7\u00e3o de Aperfei\u00e7oamento de Pessoal de N\u00edvel Superior).<\/p>\n<p>Atualmente sou\u00a0 professor Titular da Universidade Federal de Pelotas e tenho experi\u00eancia na \u00e1rea de M\u00e9todos Multicrit\u00e9rio em Apoio \u00e0 Decis\u00e3o e Engenharia Econ\u00f4mica, atuando principalmente com foco voltado \u00e0 modelagem da racionalidade e tomada de decis\u00e3o na agricultura familiar.<\/p>\n","protected":false},"excerpt":{"rendered":"<p>Ol\u00e1 Seja bem vindo \u00e0 minha p\u00e1gina pessoal. Sou Engenheiro Agr\u00f4nomo pela Universidade Federal do Rio Grande do Sul (1985), mestrado em Economia Rural pelo IEPE\/UFRGS (1991) e doutorado em Engenharia de Produ\u00e7\u00e3o pela Universidade Federal de Santa Catarina (2001). P\u00f3s Doutorado no Instituto de Estudios Sociales Avanzados &#8211; IESA\/CSIC (Espanha) &#8211; 2016; na \u00e1rea [&hellip;]<\/p>\n","protected":false},"author":367,"featured_media":0,"parent":0,"menu_order":0,"comment_status":"closed","ping_status":"closed","template":"","meta":{"jetpack_post_was_ever_published":false,"footnotes":""},"class_list":["post-481","page","type-page","status-publish","hentry"],"jetpack_sharing_enabled":true,"jetpack_shortlink":"https:\/\/wp.me\/P6RZcY-7L","_links":{"self":[{"href":"https:\/\/wp.ufpel.edu.br\/conill\/wp-json\/wp\/v2\/pages\/481","targetHints":{"allow":["GET"]}}],"collection":[{"href":"https:\/\/wp.ufpel.edu.br\/conill\/wp-json\/wp\/v2\/pages"}],"about":[{"href":"https:\/\/wp.ufpel.edu.br\/conill\/wp-json\/wp\/v2\/types\/page"}],"author":[{"embeddable":true,"href":"https:\/\/wp.ufpel.edu.br\/conill\/wp-json\/wp\/v2\/users\/367"}],"replies":[{"embeddable":true,"href":"https:\/\/wp.ufpel.edu.br\/conill\/wp-json\/wp\/v2\/comments?post=481"}],"version-history":[{"count":7,"href":"https:\/\/wp.ufpel.edu.br\/conill\/wp-json\/wp\/v2\/pages\/481\/revisions"}],"predecessor-version":[{"id":797,"href":"https:\/\/wp.ufpel.edu.br\/conill\/wp-json\/wp\/v2\/pages\/481\/revisions\/797"}],"wp:attachment":[{"href":"https:\/\/wp.ufpel.edu.br\/conill\/wp-json\/wp\/v2\/media?parent=481"}],"curies":[{"name":"wp","href":"https:\/\/api.w.org\/{rel}","templated":true}]}}

<p>Olá</p>
<p>Seja bem vindo à minha página pessoal.</p>
<p>Sou Engenheiro Agrônomo pela Universidade Federal do Rio Grande do Sul (1985), mestrado em Economia Rural pelo IEPE/UFRGS (1991) e doutorado em Engenharia de Produção pela Universidade Federal de Santa Catarina (2001). Pós Doutorado no Instituto de Estudios Sociales Avanzados &#8211; IESA/CSIC (Espanha) &#8211; 2016; na área de Desenvolvimento Territorial e Capital Social com apoio da CAPES (Coordenação de Aperfeiçoamento de Pessoal de Nível Superior).</p>
<p>Atualmente sou  professor Titular da Universidade Federal de Pelotas e tenho experiência na área de Métodos Multicritério em Apoio à Decisão e Engenharia Econômica, atuando principalmente com foco voltado à modelagem da racionalidade e tomada de decisão na agricultura familiar.</p>

<p>Olá Seja bem vindo à minha página pessoal. Sou Engenheiro Agrônomo pela Universidade Federal do Rio Grande do Sul (1985), mestrado em Economia Rural pelo IEPE/UFRGS (1991) e doutorado em Engenharia de Produção pela Universidade Federal de Santa Catarina (2001). Pós Doutorado no Instituto de Estudios Sociales Avanzados &#8211; IESA/CSIC (Espanha) &#8211; 2016; na área [&hellip;]</p>
