{"id":215,"date":"2014-03-01T12:22:43","date_gmt":"2014-03-01T15:22:43","guid":{"rendered":"https:\/\/wp.ufpel.edu.br\/conill\/?page_id=215"},"modified":"2020-05-25T21:47:51","modified_gmt":"2020-05-26T00:47:51","slug":"faculdade-de-agronomia-eliseu-maciel","status":"publish","type":"page","link":"https:\/\/wp.ufpel.edu.br\/conill\/sobre\/faculdade-de-agronomia-eliseu-maciel\/","title":{"rendered":"Faculdade de Agronomia Eliseu Maciel"},"content":{"rendered":"<p><img data-recalc-dims=\"1\" class=\"attachment-post-thumbnail alignleft\" style=\"line-height: 18px\" alt=\"120anos\" src=\"https:\/\/i0.wp.com\/wp.ufpel.edu.br\/conill\/files\/2014\/03\/120anos.gif?resize=95%2C79&#038;ssl=1\" width=\"95\" height=\"79\" \/><\/p>\n<p>FUNDADA EM 1883, a Faculdade de Agronomia Eliseu Maciel destaca-se no ensino na \u00e1rea de\u00a0<b>Ci\u00eancias Agr\u00e1rias<\/b>\u00a0em n\u00edveis de gradua\u00e7\u00e3o e p\u00f3s-gradua\u00e7\u00e3o. O Curso de Gradua\u00e7\u00e3o em Agronomia objetiva formar um Engenheiro Agr\u00f4nomo com s\u00f3lida cultura, adequado preparo human\u00edstico, elevado conte\u00fado pol\u00edtico e s\u00f3lidos conhecimentos cient\u00edficos e tecnol\u00f3gicos.<\/p>\n<p>Fonte:\u00a0faem.ufpel.edu.br<\/p>\n<p>Veja mais no s\u00edtio da <a href=\"http:\/\/faem.ufpel.edu.br\/\u200e\">FAEM<\/a>.<\/p>\n<div style=\"width: 494px\" class=\"wp-caption aligncenter\"><img data-recalc-dims=\"1\" alt=\"\" src=\"https:\/\/i0.wp.com\/ccs.ufpel.edu.br\/wp\/wp-content\/uploads\/2008\/12\/faem1.jpg?resize=484%2C364\" width=\"484\" height=\"364\" \/><p class=\"wp-caption-text\">Faculdade de Agronomia Eliseu Maciel<\/p><\/div>\n","protected":false},"excerpt":{"rendered":"<p>FUNDADA EM 1883, a Faculdade de Agronomia Eliseu Maciel destaca-se no ensino na \u00e1rea de\u00a0Ci\u00eancias Agr\u00e1rias\u00a0em n\u00edveis de gradua\u00e7\u00e3o e p\u00f3s-gradua\u00e7\u00e3o. O Curso de Gradua\u00e7\u00e3o em Agronomia objetiva formar um Engenheiro Agr\u00f4nomo com s\u00f3lida cultura, adequado preparo human\u00edstico, elevado conte\u00fado pol\u00edtico e s\u00f3lidos conhecimentos cient\u00edficos e tecnol\u00f3gicos. Fonte:\u00a0faem.ufpel.edu.br Veja mais no s\u00edtio da FAEM.<\/p>\n","protected":false},"author":367,"featured_media":225,"parent":36,"menu_order":3,"comment_status":"closed","ping_status":"closed","template":"","meta":{"jetpack_post_was_ever_published":false,"footnotes":""},"class_list":["post-215","page","type-page","status-publish","has-post-thumbnail","hentry"],"jetpack_sharing_enabled":true,"jetpack_shortlink":"https:\/\/wp.me\/P6RZcY-3t","_links":{"self":[{"href":"https:\/\/wp.ufpel.edu.br\/conill\/wp-json\/wp\/v2\/pages\/215","targetHints":{"allow":["GET"]}}],"collection":[{"href":"https:\/\/wp.ufpel.edu.br\/conill\/wp-json\/wp\/v2\/pages"}],"about":[{"href":"https:\/\/wp.ufpel.edu.br\/conill\/wp-json\/wp\/v2\/types\/page"}],"author":[{"embeddable":true,"href":"https:\/\/wp.ufpel.edu.br\/conill\/wp-json\/wp\/v2\/users\/367"}],"replies":[{"embeddable":true,"href":"https:\/\/wp.ufpel.edu.br\/conill\/wp-json\/wp\/v2\/comments?post=215"}],"version-history":[{"count":9,"href":"https:\/\/wp.ufpel.edu.br\/conill\/wp-json\/wp\/v2\/pages\/215\/revisions"}],"predecessor-version":[{"id":378,"href":"https:\/\/wp.ufpel.edu.br\/conill\/wp-json\/wp\/v2\/pages\/215\/revisions\/378"}],"up":[{"embeddable":true,"href":"https:\/\/wp.ufpel.edu.br\/conill\/wp-json\/wp\/v2\/pages\/36"}],"wp:featuredmedia":[{"embeddable":true,"href":"https:\/\/wp.ufpel.edu.br\/conill\/wp-json\/wp\/v2\/media\/225"}],"wp:attachment":[{"href":"https:\/\/wp.ufpel.edu.br\/conill\/wp-json\/wp\/v2\/media?parent=215"}],"curies":[{"name":"wp","href":"https:\/\/api.w.org\/{rel}","templated":true}]}}

<p><img data-recalc-dims="1" class="attachment-post-thumbnail alignleft" style="line-height: 18px" alt="120anos" src="https://i0.wp.com/wp.ufpel.edu.br/conill/files/2014/03/120anos.gif?resize=95%2C79&#038;ssl=1" width="95" height="79" /></p>
<p>FUNDADA EM 1883, a Faculdade de Agronomia Eliseu Maciel destaca-se no ensino na área de <b>Ciências Agrárias</b> em níveis de graduação e pós-graduação. O Curso de Graduação em Agronomia objetiva formar um Engenheiro Agrônomo com sólida cultura, adequado preparo humanístico, elevado conteúdo político e sólidos conhecimentos científicos e tecnológicos.</p>
<p>Fonte: faem.ufpel.edu.br</p>
<p>Veja mais no sítio da <a href="http://faem.ufpel.edu.br/‎">FAEM</a>.</p>
<div style="width: 494px" class="wp-caption aligncenter"><img data-recalc-dims="1" alt="" src="https://i0.wp.com/ccs.ufpel.edu.br/wp/wp-content/uploads/2008/12/faem1.jpg?resize=484%2C364" width="484" height="364" /><p class="wp-caption-text">Faculdade de Agronomia Eliseu Maciel</p></div>

<p>FUNDADA EM 1883, a Faculdade de Agronomia Eliseu Maciel destaca-se no ensino na área de Ciências Agrárias em níveis de graduação e pós-graduação. O Curso de Graduação em Agronomia objetiva formar um Engenheiro Agrônomo com sólida cultura, adequado preparo humanístico, elevado conteúdo político e sólidos conhecimentos científicos e tecnológicos. Fonte: faem.ufpel.edu.br Veja mais no sítio da FAEM.</p>
