{"id":213,"date":"2014-03-01T12:21:26","date_gmt":"2014-03-01T15:21:26","guid":{"rendered":"https:\/\/wp.ufpel.edu.br\/conill\/?page_id=213"},"modified":"2020-05-25T23:33:19","modified_gmt":"2020-05-26T02:33:19","slug":"a-ufpel","status":"publish","type":"page","link":"https:\/\/wp.ufpel.edu.br\/conill\/sobre\/a-ufpel\/","title":{"rendered":"A UFPel"},"content":{"rendered":"<p><img data-recalc-dims=\"1\" class=\"attachment-post-thumbnail alignleft\" style=\"font-size: 12px;line-height: 18px\" src=\"https:\/\/i0.wp.com\/wp.ufpel.edu.br\/conill\/files\/2014\/03\/logo_ufpel.jpg?resize=98%2C92&#038;ssl=1\" alt=\"logo_ufpel\" width=\"98\" height=\"92\" \/>Localizada no Sul do Rio Grande do Sul, na cidade de Pelotas, a 250 km de Porto Alegre, capital do Estado, a UFPel foi\u00a0 criada a partir da transforma\u00e7\u00e3o da Universidade Federal Rural do Rio Grande do Sul (composta pela centen\u00e1ria Faculdade de Agronomia Eliseu Maciel, Faculdade de Veterin\u00e1ria e a Faculdade de Ci\u00eancias Dom\u00e9sticas) e da anexa\u00e7\u00e3o das Faculdades de Direito e Odontologia, at\u00e9 ent\u00e3o ligadas \u00e0 Universidade Federal do Rio Grande do Sul.<\/p>\n<p>&nbsp;<\/p>\n<div id=\"attachment_696\" style=\"width: 410px\" class=\"wp-caption aligncenter\"><a href=\"https:\/\/i0.wp.com\/wp.ufpel.edu.br\/conill\/files\/2020\/05\/Carlos-Queiroz-623458.jpg?ssl=1\"><img data-recalc-dims=\"1\" aria-describedby=\"caption-attachment-696\" class=\"wp-image-696 size-medium\" src=\"https:\/\/i0.wp.com\/wp.ufpel.edu.br\/conill\/files\/2020\/05\/Carlos-Queiroz-623458.jpg?resize=400%2C267&#038;ssl=1\" alt=\"\" width=\"400\" height=\"267\" srcset=\"https:\/\/i0.wp.com\/wp.ufpel.edu.br\/conill\/files\/2020\/05\/Carlos-Queiroz-623458.jpg?resize=400%2C267&amp;ssl=1 400w, https:\/\/i0.wp.com\/wp.ufpel.edu.br\/conill\/files\/2020\/05\/Carlos-Queiroz-623458.jpg?resize=1024%2C683&amp;ssl=1 1024w, https:\/\/i0.wp.com\/wp.ufpel.edu.br\/conill\/files\/2020\/05\/Carlos-Queiroz-623458.jpg?resize=768%2C512&amp;ssl=1 768w, https:\/\/i0.wp.com\/wp.ufpel.edu.br\/conill\/files\/2020\/05\/Carlos-Queiroz-623458.jpg?w=1280&amp;ssl=1 1280w\" sizes=\"(max-width: 400px) 100vw, 400px\" \/><\/a><p id=\"caption-attachment-696\" class=\"wp-caption-text\">Campus Porto &#8211; UFPel<\/p><\/div>\n<p>Foram tamb\u00e9m relevantes, no processo de desenvolvimento da Universidade Federal de Pelotas, a Faculdade de Medicina e a Faculdade de Enfermagem, visto que ambas deram origem a toda a estrutura da \u00e1rea da sa\u00fade na UFPel. Estrutura essa que, atrav\u00e9s dos ambulat\u00f3rios da Faculdade de Medicina e do Hospital Escola da Universidade, contribui at\u00e9 hoje, decisivamente, para a sa\u00fade de Pelotas e cidades vizinhas, visto o grande n\u00famero de atendimentos realizados a pacientes do SUS.<\/p>\n<p>Atualmente a Universidade conta com 5 Campi: Campus do Cap\u00e3o do Le\u00e3o, Campus da Palma, Campus da Sa\u00fade, Campus das Ci\u00eancias Sociais e o Campus Porto, onde est\u00e1 instalada a Reitoria e demais unidades administrativas. Fazem parte tamb\u00e9m da estrutura atual da UFPel diversas unidades dispersas. Dentre elas, est\u00e3o a Faculdade de Odontologia, a Faculdade de Direito, o Servi\u00e7o de Assist\u00eancia Judici\u00e1ria, o Conservat\u00f3rio de M\u00fasica, o Centro de artes (CA), o Centro de Ci\u00eancias Qu\u00edmicas, Farmac\u00eauticas e de Alimentos (CCQFA), o Centro de Desenvolvimento Tecnol\u00f3gico (CDTEc), o Centro das Engenharias (CEng), a Escola Superior de Educa\u00e7\u00e3o F\u00edsica (ESEF), o Centro de Educa\u00e7\u00e3o Aberta e a Dist\u00e2ncia (CEAD), o Museu de Arte Leopoldo Gotuzzo (MALG), o Museu de Ci\u00eancias Naturais Carlos Ritter e a Ag\u00eancia para o Desenvolvimento da Lagoa Mirim (ALM).<\/p>\n<p>&nbsp;<\/p>\n<p>Al\u00e9m dos campi, a Universidade tamb\u00e9m tem sob seu controle as seguintes \u00e1reas: Barragem Eclusa do Canal S\u00e3o Gon\u00e7alo, com 29 ha e 8.762,25 m2 de \u00e1rea constru\u00edda (seis pr\u00e9dios), instalada no munic\u00edpio do Cap\u00e3o do Le\u00e3o, Barragem de Irriga\u00e7\u00e3o do Arroio Chasqueiro, com 1.915 ha e 835,84 m2 de \u00e1rea constru\u00edda (cinco pr\u00e9dios), situada no munic\u00edpio de Arroio Grande, com os postos meteorol\u00f3gicos de Santa Vit\u00f3ria do Palmar e de Santa Isabel, respectivamente com 96,42 m2 e 59,48 m2 de \u00e1rea constru\u00edda.<\/p>\n<p>Fonte:\u00a0portal.ufpel.edu.br\/historico\/<\/p>\n<p>Veja mais no site da <a href=\"http:\/\/portal.ufpel.edu.br\/historico\/\">UFPel<\/a>.<\/p>\n","protected":false},"excerpt":{"rendered":"<p>Localizada no Sul do Rio Grande do Sul, na cidade de Pelotas, a 250 km de Porto Alegre, capital do Estado, a UFPel foi\u00a0 criada a partir da transforma\u00e7\u00e3o da Universidade Federal Rural do Rio Grande do Sul (composta pela centen\u00e1ria Faculdade de Agronomia Eliseu Maciel, Faculdade de Veterin\u00e1ria e a Faculdade de Ci\u00eancias Dom\u00e9sticas) [&hellip;]<\/p>\n","protected":false},"author":367,"featured_media":230,"parent":36,"menu_order":4,"comment_status":"closed","ping_status":"closed","template":"","meta":{"jetpack_post_was_ever_published":false,"footnotes":""},"class_list":["post-213","page","type-page","status-publish","has-post-thumbnail","hentry"],"jetpack_sharing_enabled":true,"jetpack_shortlink":"https:\/\/wp.me\/P6RZcY-3r","_links":{"self":[{"href":"https:\/\/wp.ufpel.edu.br\/conill\/wp-json\/wp\/v2\/pages\/213","targetHints":{"allow":["GET"]}}],"collection":[{"href":"https:\/\/wp.ufpel.edu.br\/conill\/wp-json\/wp\/v2\/pages"}],"about":[{"href":"https:\/\/wp.ufpel.edu.br\/conill\/wp-json\/wp\/v2\/types\/page"}],"author":[{"embeddable":true,"href":"https:\/\/wp.ufpel.edu.br\/conill\/wp-json\/wp\/v2\/users\/367"}],"replies":[{"embeddable":true,"href":"https:\/\/wp.ufpel.edu.br\/conill\/wp-json\/wp\/v2\/comments?post=213"}],"version-history":[{"count":9,"href":"https:\/\/wp.ufpel.edu.br\/conill\/wp-json\/wp\/v2\/pages\/213\/revisions"}],"predecessor-version":[{"id":697,"href":"https:\/\/wp.ufpel.edu.br\/conill\/wp-json\/wp\/v2\/pages\/213\/revisions\/697"}],"up":[{"embeddable":true,"href":"https:\/\/wp.ufpel.edu.br\/conill\/wp-json\/wp\/v2\/pages\/36"}],"wp:featuredmedia":[{"embeddable":true,"href":"https:\/\/wp.ufpel.edu.br\/conill\/wp-json\/wp\/v2\/media\/230"}],"wp:attachment":[{"href":"https:\/\/wp.ufpel.edu.br\/conill\/wp-json\/wp\/v2\/media?parent=213"}],"curies":[{"name":"wp","href":"https:\/\/api.w.org\/{rel}","templated":true}]}}

<p><img data-recalc-dims="1" class="attachment-post-thumbnail alignleft" style="font-size: 12px;line-height: 18px" src="https://i0.wp.com/wp.ufpel.edu.br/conill/files/2014/03/logo_ufpel.jpg?resize=98%2C92&#038;ssl=1" alt="logo_ufpel" width="98" height="92" />Localizada no Sul do Rio Grande do Sul, na cidade de Pelotas, a 250 km de Porto Alegre, capital do Estado, a UFPel foi  criada a partir da transformação da Universidade Federal Rural do Rio Grande do Sul (composta pela centenária Faculdade de Agronomia Eliseu Maciel, Faculdade de Veterinária e a Faculdade de Ciências Domésticas) e da anexação das Faculdades de Direito e Odontologia, até então ligadas à Universidade Federal do Rio Grande do Sul.</p>
<p>&nbsp;</p>
<div id="attachment_696" style="width: 410px" class="wp-caption aligncenter"><a href="https://i0.wp.com/wp.ufpel.edu.br/conill/files/2020/05/Carlos-Queiroz-623458.jpg?ssl=1"><img data-recalc-dims="1" aria-describedby="caption-attachment-696" class="wp-image-696 size-medium" src="https://i0.wp.com/wp.ufpel.edu.br/conill/files/2020/05/Carlos-Queiroz-623458.jpg?resize=400%2C267&#038;ssl=1" alt="" width="400" height="267" srcset="https://i0.wp.com/wp.ufpel.edu.br/conill/files/2020/05/Carlos-Queiroz-623458.jpg?resize=400%2C267&amp;ssl=1 400w, https://i0.wp.com/wp.ufpel.edu.br/conill/files/2020/05/Carlos-Queiroz-623458.jpg?resize=1024%2C683&amp;ssl=1 1024w, https://i0.wp.com/wp.ufpel.edu.br/conill/files/2020/05/Carlos-Queiroz-623458.jpg?resize=768%2C512&amp;ssl=1 768w, https://i0.wp.com/wp.ufpel.edu.br/conill/files/2020/05/Carlos-Queiroz-623458.jpg?w=1280&amp;ssl=1 1280w" sizes="(max-width: 400px) 100vw, 400px" /></a><p id="caption-attachment-696" class="wp-caption-text">Campus Porto &#8211; UFPel</p></div>
<p>Foram também relevantes, no processo de desenvolvimento da Universidade Federal de Pelotas, a Faculdade de Medicina e a Faculdade de Enfermagem, visto que ambas deram origem a toda a estrutura da área da saúde na UFPel. Estrutura essa que, através dos ambulatórios da Faculdade de Medicina e do Hospital Escola da Universidade, contribui até hoje, decisivamente, para a saúde de Pelotas e cidades vizinhas, visto o grande número de atendimentos realizados a pacientes do SUS.</p>
<p>Atualmente a Universidade conta com 5 Campi: Campus do Capão do Leão, Campus da Palma, Campus da Saúde, Campus das Ciências Sociais e o Campus Porto, onde está instalada a Reitoria e demais unidades administrativas. Fazem parte também da estrutura atual da UFPel diversas unidades dispersas. Dentre elas, estão a Faculdade de Odontologia, a Faculdade de Direito, o Serviço de Assistência Judiciária, o Conservatório de Música, o Centro de artes (CA), o Centro de Ciências Químicas, Farmacêuticas e de Alimentos (CCQFA), o Centro de Desenvolvimento Tecnológico (CDTEc), o Centro das Engenharias (CEng), a Escola Superior de Educação Física (ESEF), o Centro de Educação Aberta e a Distância (CEAD), o Museu de Arte Leopoldo Gotuzzo (MALG), o Museu de Ciências Naturais Carlos Ritter e a Agência para o Desenvolvimento da Lagoa Mirim (ALM).</p>
<p>&nbsp;</p>
<p>Além dos campi, a Universidade também tem sob seu controle as seguintes áreas: Barragem Eclusa do Canal São Gonçalo, com 29 ha e 8.762,25 m2 de área construída (seis prédios), instalada no município do Capão do Leão, Barragem de Irrigação do Arroio Chasqueiro, com 1.915 ha e 835,84 m2 de área construída (cinco prédios), situada no município de Arroio Grande, com os postos meteorológicos de Santa Vitória do Palmar e de Santa Isabel, respectivamente com 96,42 m2 e 59,48 m2 de área construída.</p>
<p>Fonte: portal.ufpel.edu.br/historico/</p>
<p>Veja mais no site da <a href="http://portal.ufpel.edu.br/historico/">UFPel</a>.</p>

<p>Localizada no Sul do Rio Grande do Sul, na cidade de Pelotas, a 250 km de Porto Alegre, capital do Estado, a UFPel foi  criada a partir da transformação da Universidade Federal Rural do Rio Grande do Sul (composta pela centenária Faculdade de Agronomia Eliseu Maciel, Faculdade de Veterinária e a Faculdade de Ciências Domésticas) [&hellip;]</p>
