{"id":206,"date":"2014-03-01T12:13:06","date_gmt":"2014-03-01T15:13:06","guid":{"rendered":"https:\/\/wp.ufpel.edu.br\/conill\/?page_id=206"},"modified":"2020-05-25T21:47:51","modified_gmt":"2020-05-26T00:47:51","slug":"spaf","status":"publish","type":"page","link":"https:\/\/wp.ufpel.edu.br\/conill\/pos-graduacao\/programas-de-pos-graduacao\/spaf\/","title":{"rendered":"SPAF"},"content":{"rendered":"<p style=\"text-align: center\"><a href=\"http:\/\/www2.ufpel.edu.br\/faem\/ppgspaf\/index.php\" target=\"_blank\" rel=\"noopener noreferrer\"><img data-recalc-dims=\"1\" class=\"aligncenter\" alt=\"\" src=\"https:\/\/i0.wp.com\/www2.ufpel.edu.br\/faem\/ppgspaf\/img\/Logo2.gif?resize=779%2C81\" width=\"779\" height=\"81\" \/><\/a><\/p>\n<p>O Programa de P\u00f3s-Gradua\u00e7\u00e3o em Sistemas de Produ\u00e7\u00e3o Agr\u00edcola Familiar da Faculdade de Agronomia Eliseu Maciel foi implantado no in\u00edcio de 2006, em n\u00edvel de Mestrado e Doutorado, e atualmente \u00e9 recomendado pela Capes com conceito 5. O Programa possui compromisso com a agricultura familiar e objetiva:<\/p>\n<ul>\n<li>formar recursos humanos para o ensino, pesquisa e produ\u00e7\u00e3o agrossilvipastoril;<\/li>\n<li>aumentar a competitividade da capacidade produtiva regional, a partir da melhor compreens\u00e3o dos processos de produ\u00e7\u00e3o vegetal e da gest\u00e3o da propriedade agr\u00edcola;<\/li>\n<li>aprofundar e expandir o conhecimento sobre o ambiente, especialmente nas rela\u00e7\u00f5es solo-planta-atmosfera e suas interdepend\u00eancias com os processos fisiol\u00f3gicos e respostas agron\u00f4micas das esp\u00e9cies cultivadas;<\/li>\n<li>compreender a atividade agrossilvipastoril como perturbadora dos ecossistemas naturais a partir das rela\u00e7\u00f5es entre energia, homem e ambiente;<\/li>\n<li>identificar e desenvolver pr\u00e1ticas agron\u00f4micas comprometidas com os princ\u00edpios da sustentabilidade e vinculadas \u00e0 vis\u00e3o sist\u00eamica de produ\u00e7\u00e3o;<\/li>\n<li>capacitar profissionais das ci\u00eancias agr\u00e1rias para atuarem na constru\u00e7\u00e3o de modelos sustent\u00e1veis para agricultura familiar;<\/li>\n<li>potencializar a agricultura familiar como agente fundamental para promover o processo de desenvolvimento rural sustent\u00e1vel.<\/li>\n<\/ul>\n<p>Fonte:\u00a0www2.ufpel.edu.br\/faem\/ppgspaf\/<\/p>\n","protected":false},"excerpt":{"rendered":"<p>O Programa de P\u00f3s-Gradua\u00e7\u00e3o em Sistemas de Produ\u00e7\u00e3o Agr\u00edcola Familiar da Faculdade de Agronomia Eliseu Maciel foi implantado no in\u00edcio de 2006, em n\u00edvel de Mestrado e Doutorado, e atualmente \u00e9 recomendado pela Capes com conceito 5. O Programa possui compromisso com a agricultura familiar e objetiva: formar recursos humanos para o ensino, pesquisa e [&hellip;]<\/p>\n","protected":false},"author":367,"featured_media":0,"parent":204,"menu_order":2,"comment_status":"closed","ping_status":"closed","template":"","meta":{"jetpack_post_was_ever_published":false,"footnotes":""},"class_list":["post-206","page","type-page","status-publish","hentry"],"jetpack_sharing_enabled":true,"jetpack_shortlink":"https:\/\/wp.me\/P6RZcY-3k","_links":{"self":[{"href":"https:\/\/wp.ufpel.edu.br\/conill\/wp-json\/wp\/v2\/pages\/206","targetHints":{"allow":["GET"]}}],"collection":[{"href":"https:\/\/wp.ufpel.edu.br\/conill\/wp-json\/wp\/v2\/pages"}],"about":[{"href":"https:\/\/wp.ufpel.edu.br\/conill\/wp-json\/wp\/v2\/types\/page"}],"author":[{"embeddable":true,"href":"https:\/\/wp.ufpel.edu.br\/conill\/wp-json\/wp\/v2\/users\/367"}],"replies":[{"embeddable":true,"href":"https:\/\/wp.ufpel.edu.br\/conill\/wp-json\/wp\/v2\/comments?post=206"}],"version-history":[{"count":7,"href":"https:\/\/wp.ufpel.edu.br\/conill\/wp-json\/wp\/v2\/pages\/206\/revisions"}],"predecessor-version":[{"id":666,"href":"https:\/\/wp.ufpel.edu.br\/conill\/wp-json\/wp\/v2\/pages\/206\/revisions\/666"}],"up":[{"embeddable":true,"href":"https:\/\/wp.ufpel.edu.br\/conill\/wp-json\/wp\/v2\/pages\/204"}],"wp:attachment":[{"href":"https:\/\/wp.ufpel.edu.br\/conill\/wp-json\/wp\/v2\/media?parent=206"}],"curies":[{"name":"wp","href":"https:\/\/api.w.org\/{rel}","templated":true}]}}

<p style="text-align: center"><a href="http://www2.ufpel.edu.br/faem/ppgspaf/index.php" target="_blank" rel="noopener noreferrer"><img data-recalc-dims="1" class="aligncenter" alt="" src="https://i0.wp.com/www2.ufpel.edu.br/faem/ppgspaf/img/Logo2.gif?resize=779%2C81" width="779" height="81" /></a></p>
<p>O Programa de Pós-Graduação em Sistemas de Produção Agrícola Familiar da Faculdade de Agronomia Eliseu Maciel foi implantado no início de 2006, em nível de Mestrado e Doutorado, e atualmente é recomendado pela Capes com conceito 5. O Programa possui compromisso com a agricultura familiar e objetiva:</p>
<ul>
<li>formar recursos humanos para o ensino, pesquisa e produção agrossilvipastoril;</li>
<li>aumentar a competitividade da capacidade produtiva regional, a partir da melhor compreensão dos processos de produção vegetal e da gestão da propriedade agrícola;</li>
<li>aprofundar e expandir o conhecimento sobre o ambiente, especialmente nas relações solo-planta-atmosfera e suas interdependências com os processos fisiológicos e respostas agronômicas das espécies cultivadas;</li>
<li>compreender a atividade agrossilvipastoril como perturbadora dos ecossistemas naturais a partir das relações entre energia, homem e ambiente;</li>
<li>identificar e desenvolver práticas agronômicas comprometidas com os princípios da sustentabilidade e vinculadas à visão sistêmica de produção;</li>
<li>capacitar profissionais das ciências agrárias para atuarem na construção de modelos sustentáveis para agricultura familiar;</li>
<li>potencializar a agricultura familiar como agente fundamental para promover o processo de desenvolvimento rural sustentável.</li>
</ul>
<p>Fonte: www2.ufpel.edu.br/faem/ppgspaf/</p>

<p>O Programa de Pós-Graduação em Sistemas de Produção Agrícola Familiar da Faculdade de Agronomia Eliseu Maciel foi implantado no início de 2006, em nível de Mestrado e Doutorado, e atualmente é recomendado pela Capes com conceito 5. O Programa possui compromisso com a agricultura familiar e objetiva: formar recursos humanos para o ensino, pesquisa e [&hellip;]</p>
