{"id":184,"date":"2014-03-01T10:37:29","date_gmt":"2014-03-01T13:37:29","guid":{"rendered":"https:\/\/wp.ufpel.edu.br\/conill\/?page_id=184"},"modified":"2020-05-25T21:48:09","modified_gmt":"2020-05-26T00:48:09","slug":"forma-de-avaliacao","status":"publish","type":"page","link":"https:\/\/wp.ufpel.edu.br\/conill\/forma-de-avaliacao\/","title":{"rendered":"4. Forma de Avalia\u00e7\u00e3o"},"content":{"rendered":"<h3><span style=\"color: #3366ff\"><strong><span style=\"text-decoration: underline\">Organiza\u00e7\u00e3o, Gerenciamento e Administra\u00e7\u00e3o na Agricultura Familiar<\/span><\/strong><\/span><\/h3>\n<p style=\"text-align: left\">A avalia\u00e7\u00e3o na disciplina \u00e9 feita atrav\u00e9s da elabora\u00e7\u00e3o de <span style=\"text-decoration: underline;color: #ff6600\"><strong>um artigo<\/strong> <\/span>de livre escolha do aluno, respeitado o foco da disciplina, do curso e do seu \u00a0trabalho de disserta\u00e7\u00e3o ou tese. O Conceito final ser\u00e1 obtido ap\u00f3s a <span style=\"text-decoration: underline;color: #ff6600\"><strong>submiss\u00e3o do artigo <\/strong><\/span><span style=\"color: #000000\">a uma revista cient\u00edfica<\/span> de <span style=\"text-decoration: underline;color: #ff6600\"><strong>n\u00edvel B5<\/strong><\/span> ou superior, segundo a avalia\u00e7\u00e3o da CAPES para a \u00e1rea do seu curso de p\u00f3s gradua\u00e7\u00e3o.<\/p>\n","protected":false},"excerpt":{"rendered":"<p>Organiza\u00e7\u00e3o, Gerenciamento e Administra\u00e7\u00e3o na Agricultura Familiar A avalia\u00e7\u00e3o na disciplina \u00e9 feita atrav\u00e9s da elabora\u00e7\u00e3o de um artigo de livre escolha do aluno, respeitado o foco da disciplina, do curso e do seu \u00a0trabalho de disserta\u00e7\u00e3o ou tese. O Conceito final ser\u00e1 obtido ap\u00f3s a submiss\u00e3o do artigo a uma revista cient\u00edfica de n\u00edvel [&hellip;]<\/p>\n","protected":false},"author":367,"featured_media":0,"parent":0,"menu_order":4,"comment_status":"closed","ping_status":"closed","template":"","meta":{"jetpack_post_was_ever_published":false,"footnotes":""},"class_list":["post-184","page","type-page","status-publish","hentry"],"jetpack_sharing_enabled":true,"jetpack_shortlink":"https:\/\/wp.me\/P6RZcY-2Y","_links":{"self":[{"href":"https:\/\/wp.ufpel.edu.br\/conill\/wp-json\/wp\/v2\/pages\/184","targetHints":{"allow":["GET"]}}],"collection":[{"href":"https:\/\/wp.ufpel.edu.br\/conill\/wp-json\/wp\/v2\/pages"}],"about":[{"href":"https:\/\/wp.ufpel.edu.br\/conill\/wp-json\/wp\/v2\/types\/page"}],"author":[{"embeddable":true,"href":"https:\/\/wp.ufpel.edu.br\/conill\/wp-json\/wp\/v2\/users\/367"}],"replies":[{"embeddable":true,"href":"https:\/\/wp.ufpel.edu.br\/conill\/wp-json\/wp\/v2\/comments?post=184"}],"version-history":[{"count":12,"href":"https:\/\/wp.ufpel.edu.br\/conill\/wp-json\/wp\/v2\/pages\/184\/revisions"}],"predecessor-version":[{"id":273,"href":"https:\/\/wp.ufpel.edu.br\/conill\/wp-json\/wp\/v2\/pages\/184\/revisions\/273"}],"wp:attachment":[{"href":"https:\/\/wp.ufpel.edu.br\/conill\/wp-json\/wp\/v2\/media?parent=184"}],"curies":[{"name":"wp","href":"https:\/\/api.w.org\/{rel}","templated":true}]}}

4. Forma de Avaliação

<h3><span style="color: #3366ff"><strong><span style="text-decoration: underline">Organização, Gerenciamento e Administração na Agricultura Familiar</span></strong></span></h3>
<p style="text-align: left">A avaliação na disciplina é feita através da elaboração de <span style="text-decoration: underline;color: #ff6600"><strong>um artigo</strong> </span>de livre escolha do aluno, respeitado o foco da disciplina, do curso e do seu  trabalho de dissertação ou tese. O Conceito final será obtido após a <span style="text-decoration: underline;color: #ff6600"><strong>submissão do artigo </strong></span><span style="color: #000000">a uma revista científica</span> de <span style="text-decoration: underline;color: #ff6600"><strong>nível B5</strong></span> ou superior, segundo a avaliação da CAPES para a área do seu curso de pós graduação.</p>

<p>Organização, Gerenciamento e Administração na Agricultura Familiar A avaliação na disciplina é feita através da elaboração de um artigo de livre escolha do aluno, respeitado o foco da disciplina, do curso e do seu  trabalho de dissertação ou tese. O Conceito final será obtido após a submissão do artigo a uma revista científica de nível [&hellip;]</p>
