{"id":180,"date":"2014-03-01T10:36:17","date_gmt":"2014-03-01T13:36:17","guid":{"rendered":"https:\/\/wp.ufpel.edu.br\/conill\/?page_id=180"},"modified":"2020-05-25T21:47:52","modified_gmt":"2020-05-26T00:47:52","slug":"conteudo-programatico","status":"publish","type":"page","link":"https:\/\/wp.ufpel.edu.br\/conill\/pos-graduacao\/disciplinas\/ogaaf\/conteudo-programatico\/","title":{"rendered":"2. Programa"},"content":{"rendered":"<h3><span style=\"text-decoration: underline;color: #3366ff\"><strong>Organiza\u00e7\u00e3o, Gerenciamento e Administra\u00e7\u00e3o na Agricultura Familiar<\/strong><\/span><\/h3>\n<p>&nbsp;<\/p>\n<p>Em breve!<\/p>\n","protected":false},"excerpt":{"rendered":"<p>Organiza\u00e7\u00e3o, Gerenciamento e Administra\u00e7\u00e3o na Agricultura Familiar &nbsp; Em breve!<\/p>\n","protected":false},"author":367,"featured_media":0,"parent":107,"menu_order":2,"comment_status":"closed","ping_status":"closed","template":"","meta":{"jetpack_post_was_ever_published":false,"footnotes":""},"class_list":["post-180","page","type-page","status-publish","hentry"],"jetpack_sharing_enabled":true,"jetpack_shortlink":"https:\/\/wp.me\/P6RZcY-2U","_links":{"self":[{"href":"https:\/\/wp.ufpel.edu.br\/conill\/wp-json\/wp\/v2\/pages\/180","targetHints":{"allow":["GET"]}}],"collection":[{"href":"https:\/\/wp.ufpel.edu.br\/conill\/wp-json\/wp\/v2\/pages"}],"about":[{"href":"https:\/\/wp.ufpel.edu.br\/conill\/wp-json\/wp\/v2\/types\/page"}],"author":[{"embeddable":true,"href":"https:\/\/wp.ufpel.edu.br\/conill\/wp-json\/wp\/v2\/users\/367"}],"replies":[{"embeddable":true,"href":"https:\/\/wp.ufpel.edu.br\/conill\/wp-json\/wp\/v2\/comments?post=180"}],"version-history":[{"count":6,"href":"https:\/\/wp.ufpel.edu.br\/conill\/wp-json\/wp\/v2\/pages\/180\/revisions"}],"predecessor-version":[{"id":400,"href":"https:\/\/wp.ufpel.edu.br\/conill\/wp-json\/wp\/v2\/pages\/180\/revisions\/400"}],"up":[{"embeddable":true,"href":"https:\/\/wp.ufpel.edu.br\/conill\/wp-json\/wp\/v2\/pages\/107"}],"wp:attachment":[{"href":"https:\/\/wp.ufpel.edu.br\/conill\/wp-json\/wp\/v2\/media?parent=180"}],"curies":[{"name":"wp","href":"https:\/\/api.w.org\/{rel}","templated":true}]}}

<h3><span style="text-decoration: underline;color: #3366ff"><strong>Organização, Gerenciamento e Administração na Agricultura Familiar</strong></span></h3>
<p>&nbsp;</p>
<p>Em breve!</p>

<p>Organização, Gerenciamento e Administração na Agricultura Familiar &nbsp; Em breve!</p>
