{"id":176,"date":"2014-03-01T10:31:14","date_gmt":"2014-03-01T13:31:14","guid":{"rendered":"https:\/\/wp.ufpel.edu.br\/conill\/?page_id=176"},"modified":"2020-05-25T21:47:52","modified_gmt":"2020-05-26T00:47:52","slug":"info","status":"publish","type":"page","link":"https:\/\/wp.ufpel.edu.br\/conill\/pos-graduacao\/disciplinas\/ogaaf\/info\/","title":{"rendered":"1. Informa\u00e7\u00f5es"},"content":{"rendered":"<h3><span style=\"text-decoration: underline\"><strong><span style=\"color: #3366ff;text-decoration: underline\">Organiza\u00e7\u00e3o, Gerenciamento e Administra\u00e7\u00e3o na Agricultura Familiar<\/span><\/strong><\/span><\/h3>\n<p>&nbsp;<\/p>\n<p>Em breve!<\/p>\n","protected":false},"excerpt":{"rendered":"<p>Organiza\u00e7\u00e3o, Gerenciamento e Administra\u00e7\u00e3o na Agricultura Familiar &nbsp; Em breve!<\/p>\n","protected":false},"author":367,"featured_media":0,"parent":107,"menu_order":1,"comment_status":"closed","ping_status":"closed","template":"","meta":{"jetpack_post_was_ever_published":false,"footnotes":""},"class_list":["post-176","page","type-page","status-publish","hentry"],"jetpack_sharing_enabled":true,"jetpack_shortlink":"https:\/\/wp.me\/P6RZcY-2Q","_links":{"self":[{"href":"https:\/\/wp.ufpel.edu.br\/conill\/wp-json\/wp\/v2\/pages\/176","targetHints":{"allow":["GET"]}}],"collection":[{"href":"https:\/\/wp.ufpel.edu.br\/conill\/wp-json\/wp\/v2\/pages"}],"about":[{"href":"https:\/\/wp.ufpel.edu.br\/conill\/wp-json\/wp\/v2\/types\/page"}],"author":[{"embeddable":true,"href":"https:\/\/wp.ufpel.edu.br\/conill\/wp-json\/wp\/v2\/users\/367"}],"replies":[{"embeddable":true,"href":"https:\/\/wp.ufpel.edu.br\/conill\/wp-json\/wp\/v2\/comments?post=176"}],"version-history":[{"count":6,"href":"https:\/\/wp.ufpel.edu.br\/conill\/wp-json\/wp\/v2\/pages\/176\/revisions"}],"predecessor-version":[{"id":309,"href":"https:\/\/wp.ufpel.edu.br\/conill\/wp-json\/wp\/v2\/pages\/176\/revisions\/309"}],"up":[{"embeddable":true,"href":"https:\/\/wp.ufpel.edu.br\/conill\/wp-json\/wp\/v2\/pages\/107"}],"wp:attachment":[{"href":"https:\/\/wp.ufpel.edu.br\/conill\/wp-json\/wp\/v2\/media?parent=176"}],"curies":[{"name":"wp","href":"https:\/\/api.w.org\/{rel}","templated":true}]}}

1. Informações

<h3><span style="text-decoration: underline"><strong><span style="color: #3366ff;text-decoration: underline">Organização, Gerenciamento e Administração na Agricultura Familiar</span></strong></span></h3>
<p>&nbsp;</p>
<p>Em breve!</p>

<p>Organização, Gerenciamento e Administração na Agricultura Familiar &nbsp; Em breve!</p>
