{"id":146,"date":"2014-02-28T17:47:57","date_gmt":"2014-02-28T20:47:57","guid":{"rendered":"https:\/\/wp.ufpel.edu.br\/conill\/?page_id=146"},"modified":"2020-05-25T21:47:52","modified_gmt":"2020-05-26T00:47:52","slug":"biblio","status":"publish","type":"page","link":"https:\/\/wp.ufpel.edu.br\/conill\/pos-graduacao\/disciplinas\/multicriterio\/biblio\/","title":{"rendered":"3. Bibliografia"},"content":{"rendered":"<h1><span style=\"color: #3366ff\"><strong><span style=\"text-decoration: underline\"><span style=\"font-size: medium\">Metodologia Multicrit\u00e9rio em Apoio \u00e0 Decis\u00e3o<\/span><\/span><\/strong><\/span><\/h1>\n<p>&nbsp;<\/p>\n<p><span style=\"text-decoration: underline;font-size: medium\"><strong>B\u00e1sica (livro texto):<\/strong><\/span><\/p>\n<p>ENSSLIN, L.; NETO, G.M.; NORONHA, S.M.\u00a0<b>Apoio \u00e0 decis\u00e3o: metodologias para estrutura\u00e7\u00e3o de problemas e avalia\u00e7\u00e3o multicrit\u00e9rios de alternativas.<\/b>\u00a0Florian\u00f3polis-SC: Ed. Insular, 2001. 296 p.<\/p>\n<p>&nbsp;<\/p>\n<p><span style=\"text-decoration: underline;font-size: medium\"><strong>Literatura complementar:<\/strong><\/span><\/p>\n<p>DOUMPOS, M; ZOPOUNIDIS, C. <b>Multicriteria Decision Aid Classification Methods<\/b>. New York : Kluwer. 2004. 271p.<\/p>\n<p>EHRGOTT, M.; FIGUEIRA, J. R; GRECO, S. <b>Trends in Multiple Criteria Decision Analysis<\/b>. New York : Springer. 2010. 429p.<\/p>\n<p>FRIEND, J; HICKLING, A. <b>Planning Under Pressure<\/b>: the Strategic Choice Approach. Oxford : Elsevier. 3ed. 2005. 412p.<\/p>\n<p>GOMES, M. C. <b>Apoio \u00e0 decis\u00e3o em empresas familiares em processo de evolu\u00e7\u00e3o: <\/b>um modelo multicrit\u00e9rios em um estudo de caso na ind\u00fastria de conservas de Pelotas-RS. Florian\u00f3polis, 2001. Tese (doutorado) \u2013 Programa de P\u00f3s-Gradua\u00e7\u00e3o em Engenharia de Produ\u00e7\u00e3o, UFSC.<\/p>\n<p>GOODWIN, P.;\u00a0 WRIGHT, G. <b>Decision analysis for management judgment<\/b>. Chichester : John Wiley &amp; Sons, 3ed. 2004. 493p.<\/p>\n<p>KEENEY, R. L. <b>Value-focused thinking<\/b> : a path to creative decision making. Cambridge MA : Harvard University Press, 1992.<\/p>\n<p>QUDRAT-ULLAH, H., J. M. SPECTOR AND P. I. DAVIDSEN. <b>Complex Decision Making<\/b>: Theory and Practice. Cambridge, Massachusetts, Springer. 337p. 2007.<\/p>\n<p>ROY, B. <b>Multicriteria methodology for decision aiding.<\/b> Dordrecht: Kluwer Academic Publishers, 1993.<\/p>\n<p>ZOPOUNIDIS, C.; PARDALOS, P. M. <b>Handbook of Multicriteria Analysis<\/b>. New York : Springer. 2010. 481p.<\/p>\n","protected":false},"excerpt":{"rendered":"<p>Metodologia Multicrit\u00e9rio em Apoio \u00e0 Decis\u00e3o &nbsp; B\u00e1sica (livro texto): ENSSLIN, L.; NETO, G.M.; NORONHA, S.M.\u00a0Apoio \u00e0 decis\u00e3o: metodologias para estrutura\u00e7\u00e3o de problemas e avalia\u00e7\u00e3o multicrit\u00e9rios de alternativas.\u00a0Florian\u00f3polis-SC: Ed. Insular, 2001. 296 p. &nbsp; Literatura complementar: DOUMPOS, M; ZOPOUNIDIS, C. Multicriteria Decision Aid Classification Methods. New York : Kluwer. 2004. 271p. EHRGOTT, M.; FIGUEIRA, J. [&hellip;]<\/p>\n","protected":false},"author":367,"featured_media":0,"parent":71,"menu_order":3,"comment_status":"closed","ping_status":"closed","template":"","meta":{"jetpack_post_was_ever_published":false,"footnotes":""},"class_list":["post-146","page","type-page","status-publish","hentry"],"jetpack_sharing_enabled":true,"jetpack_shortlink":"https:\/\/wp.me\/P6RZcY-2m","_links":{"self":[{"href":"https:\/\/wp.ufpel.edu.br\/conill\/wp-json\/wp\/v2\/pages\/146","targetHints":{"allow":["GET"]}}],"collection":[{"href":"https:\/\/wp.ufpel.edu.br\/conill\/wp-json\/wp\/v2\/pages"}],"about":[{"href":"https:\/\/wp.ufpel.edu.br\/conill\/wp-json\/wp\/v2\/types\/page"}],"author":[{"embeddable":true,"href":"https:\/\/wp.ufpel.edu.br\/conill\/wp-json\/wp\/v2\/users\/367"}],"replies":[{"embeddable":true,"href":"https:\/\/wp.ufpel.edu.br\/conill\/wp-json\/wp\/v2\/comments?post=146"}],"version-history":[{"count":8,"href":"https:\/\/wp.ufpel.edu.br\/conill\/wp-json\/wp\/v2\/pages\/146\/revisions"}],"predecessor-version":[{"id":295,"href":"https:\/\/wp.ufpel.edu.br\/conill\/wp-json\/wp\/v2\/pages\/146\/revisions\/295"}],"up":[{"embeddable":true,"href":"https:\/\/wp.ufpel.edu.br\/conill\/wp-json\/wp\/v2\/pages\/71"}],"wp:attachment":[{"href":"https:\/\/wp.ufpel.edu.br\/conill\/wp-json\/wp\/v2\/media?parent=146"}],"curies":[{"name":"wp","href":"https:\/\/api.w.org\/{rel}","templated":true}]}}