{"id":133,"date":"2014-02-28T17:40:26","date_gmt":"2014-02-28T20:40:26","guid":{"rendered":"https:\/\/wp.ufpel.edu.br\/conill\/?page_id=133"},"modified":"2020-05-25T21:47:52","modified_gmt":"2020-05-26T00:47:52","slug":"info","status":"publish","type":"page","link":"https:\/\/wp.ufpel.edu.br\/conill\/pos-graduacao\/disciplinas\/multicriterio\/info\/","title":{"rendered":"1. Informa\u00e7\u00f5es"},"content":{"rendered":"<h1><span style=\"text-decoration: underline;font-size: medium;color: #3366ff\"><strong>Metodologia Multicrit\u00e9rio em Apoio \u00e0 Decis\u00e3o<\/strong><\/span><\/h1>\n<p>&nbsp;<\/p>\n<table border=\"0\">\n<tbody>\n<tr>\n<td dir=\"\" id=\"\" scope=\"\" align=\"right\" valign=\"\">Cr\u00e9ditos:<\/td>\n<td>03<\/td>\n<\/tr>\n<tr>\n<td dir=\"\" id=\"\" scope=\"\" align=\"right\" valign=\"\">Horas-aula:<\/td>\n<td>03\/semana<\/td>\n<\/tr>\n<tr>\n<td dir=\"\" id=\"\" scope=\"\" align=\"right\" valign=\"\">Semestre de oferta:<\/td>\n<td>1\u00ba semestre<\/td>\n<\/tr>\n<tr>\n<td dir=\"\" id=\"\" scope=\"\" align=\"right\" valign=\"middle\">Programas para os quais \u00e9 ofertada:<\/td>\n<td style=\"text-align: left\">\n<ul>\n<li>Sistemas de Produ\u00e7\u00e3o Agr\u00edcola Familiar<\/li>\n<li>Desenvolvimento Territorial e Sistemas Agroindustriais<\/li>\n<li>Organiza\u00e7\u00f5es e Mercados<\/li>\n<\/ul>\n<\/td>\n<\/tr>\n<\/tbody>\n<\/table>\n<p><\/p>\n","protected":false},"excerpt":{"rendered":"<p>Metodologia Multicrit\u00e9rio em Apoio \u00e0 Decis\u00e3o &nbsp; Cr\u00e9ditos: 03 Horas-aula: 03\/semana Semestre de oferta: 1\u00ba semestre Programas para os quais \u00e9 ofertada: Sistemas de Produ\u00e7\u00e3o Agr\u00edcola Familiar Desenvolvimento Territorial e Sistemas Agroindustriais Organiza\u00e7\u00f5es e Mercados<\/p>\n","protected":false},"author":367,"featured_media":0,"parent":71,"menu_order":1,"comment_status":"closed","ping_status":"closed","template":"","meta":{"jetpack_post_was_ever_published":false,"footnotes":""},"class_list":["post-133","page","type-page","status-publish","hentry"],"jetpack_sharing_enabled":true,"jetpack_shortlink":"https:\/\/wp.me\/P6RZcY-29","_links":{"self":[{"href":"https:\/\/wp.ufpel.edu.br\/conill\/wp-json\/wp\/v2\/pages\/133","targetHints":{"allow":["GET"]}}],"collection":[{"href":"https:\/\/wp.ufpel.edu.br\/conill\/wp-json\/wp\/v2\/pages"}],"about":[{"href":"https:\/\/wp.ufpel.edu.br\/conill\/wp-json\/wp\/v2\/types\/page"}],"author":[{"embeddable":true,"href":"https:\/\/wp.ufpel.edu.br\/conill\/wp-json\/wp\/v2\/users\/367"}],"replies":[{"embeddable":true,"href":"https:\/\/wp.ufpel.edu.br\/conill\/wp-json\/wp\/v2\/comments?post=133"}],"version-history":[{"count":40,"href":"https:\/\/wp.ufpel.edu.br\/conill\/wp-json\/wp\/v2\/pages\/133\/revisions"}],"predecessor-version":[{"id":667,"href":"https:\/\/wp.ufpel.edu.br\/conill\/wp-json\/wp\/v2\/pages\/133\/revisions\/667"}],"up":[{"embeddable":true,"href":"https:\/\/wp.ufpel.edu.br\/conill\/wp-json\/wp\/v2\/pages\/71"}],"wp:attachment":[{"href":"https:\/\/wp.ufpel.edu.br\/conill\/wp-json\/wp\/v2\/media?parent=133"}],"curies":[{"name":"wp","href":"https:\/\/api.w.org\/{rel}","templated":true}]}}

1. Informações

<h1><span style="text-decoration: underline;font-size: medium;color: #3366ff"><strong>Metodologia Multicritério em Apoio à Decisão</strong></span></h1>
<p>&nbsp;</p>
<table border="0">
<tbody>
<tr>
<td dir="" id="" scope="" align="right" valign="">Créditos:</td>
<td>03</td>
</tr>
<tr>
<td dir="" id="" scope="" align="right" valign="">Horas-aula:</td>
<td>03/semana</td>
</tr>
<tr>
<td dir="" id="" scope="" align="right" valign="">Semestre de oferta:</td>
<td>1º semestre</td>
</tr>
<tr>
<td dir="" id="" scope="" align="right" valign="middle">Programas para os quais é ofertada:</td>
<td style="text-align: left">
<ul>
<li>Sistemas de Produção Agrícola Familiar</li>
<li>Desenvolvimento Territorial e Sistemas Agroindustriais</li>
<li>Organizações e Mercados</li>
</ul>
</td>
</tr>
</tbody>
</table>
<p></p>

<p>Metodologia Multicritério em Apoio à Decisão &nbsp; Créditos: 03 Horas-aula: 03/semana Semestre de oferta: 1º semestre Programas para os quais é ofertada: Sistemas de Produção Agrícola Familiar Desenvolvimento Territorial e Sistemas Agroindustriais Organizações e Mercados</p>
