{"id":117,"date":"2014-02-28T15:33:37","date_gmt":"2014-02-28T18:33:37","guid":{"rendered":"https:\/\/wp.ufpel.edu.br\/conill\/?page_id=117"},"modified":"2020-05-26T22:27:01","modified_gmt":"2020-05-27T01:27:01","slug":"disciplinas","status":"publish","type":"page","link":"https:\/\/wp.ufpel.edu.br\/conill\/pos-graduacao\/disciplinas\/","title":{"rendered":"Disciplinas"},"content":{"rendered":"<p>As disciplinas em que participo s\u00e3o as seguintes:<\/p>\n<p>Na P\u00f3s Gradua\u00e7\u00e3o:<\/p>\n<ul>\n<li>M\u00e9todo Multicrit\u00e9rio em Apoio \u00e0 Decis\u00e3o<\/li>\n<li>Organiza\u00e7\u00e3o, Gerenciamento e Administra\u00e7\u00e3o na Agricultura Familiar<\/li>\n<li>Desenvolvimento Territorial<\/li>\n<\/ul>\n<p>Na Gradua\u00e7\u00e3o:<\/p>\n<ul>\n<li>An\u00e1lise Econ\u00f4mica de Projetos<\/li>\n<li>Administra\u00e7\u00e3o Rural I<\/li>\n<\/ul>\n","protected":false},"excerpt":{"rendered":"<p>As disciplinas em que participo s\u00e3o as seguintes: Na P\u00f3s Gradua\u00e7\u00e3o: M\u00e9todo Multicrit\u00e9rio em Apoio \u00e0 Decis\u00e3o Organiza\u00e7\u00e3o, Gerenciamento e Administra\u00e7\u00e3o na Agricultura Familiar Desenvolvimento Territorial Na Gradua\u00e7\u00e3o: An\u00e1lise Econ\u00f4mica de Projetos Administra\u00e7\u00e3o Rural I<\/p>\n","protected":false},"author":367,"featured_media":0,"parent":64,"menu_order":2,"comment_status":"closed","ping_status":"closed","template":"","meta":{"jetpack_post_was_ever_published":false,"footnotes":""},"class_list":["post-117","page","type-page","status-publish","hentry"],"jetpack_sharing_enabled":true,"jetpack_shortlink":"https:\/\/wp.me\/P6RZcY-1T","_links":{"self":[{"href":"https:\/\/wp.ufpel.edu.br\/conill\/wp-json\/wp\/v2\/pages\/117","targetHints":{"allow":["GET"]}}],"collection":[{"href":"https:\/\/wp.ufpel.edu.br\/conill\/wp-json\/wp\/v2\/pages"}],"about":[{"href":"https:\/\/wp.ufpel.edu.br\/conill\/wp-json\/wp\/v2\/types\/page"}],"author":[{"embeddable":true,"href":"https:\/\/wp.ufpel.edu.br\/conill\/wp-json\/wp\/v2\/users\/367"}],"replies":[{"embeddable":true,"href":"https:\/\/wp.ufpel.edu.br\/conill\/wp-json\/wp\/v2\/comments?post=117"}],"version-history":[{"count":3,"href":"https:\/\/wp.ufpel.edu.br\/conill\/wp-json\/wp\/v2\/pages\/117\/revisions"}],"predecessor-version":[{"id":719,"href":"https:\/\/wp.ufpel.edu.br\/conill\/wp-json\/wp\/v2\/pages\/117\/revisions\/719"}],"up":[{"embeddable":true,"href":"https:\/\/wp.ufpel.edu.br\/conill\/wp-json\/wp\/v2\/pages\/64"}],"wp:attachment":[{"href":"https:\/\/wp.ufpel.edu.br\/conill\/wp-json\/wp\/v2\/media?parent=117"}],"curies":[{"name":"wp","href":"https:\/\/api.w.org\/{rel}","templated":true}]}}

<p>As disciplinas em que participo são as seguintes:</p>
<p>Na Pós Graduação:</p>
<ul>
<li>Método Multicritério em Apoio à Decisão</li>
<li>Organização, Gerenciamento e Administração na Agricultura Familiar</li>
<li>Desenvolvimento Territorial</li>
</ul>
<p>Na Graduação:</p>
<ul>
<li>Análise Econômica de Projetos</li>
<li>Administração Rural I</li>
</ul>

<p>As disciplinas em que participo são as seguintes: Na Pós Graduação: Método Multicritério em Apoio à Decisão Organização, Gerenciamento e Administração na Agricultura Familiar Desenvolvimento Territorial Na Graduação: Análise Econômica de Projetos Administração Rural I</p>
