{"id":107,"date":"2014-02-28T15:18:14","date_gmt":"2014-02-28T18:18:14","guid":{"rendered":"https:\/\/wp.ufpel.edu.br\/conill\/?page_id=107"},"modified":"2020-05-25T21:47:52","modified_gmt":"2020-05-26T00:47:52","slug":"ogaaf","status":"publish","type":"page","link":"https:\/\/wp.ufpel.edu.br\/conill\/pos-graduacao\/disciplinas\/ogaaf\/","title":{"rendered":"Organiz., Ger. e Adm. na Agricultura Familiar"},"content":{"rendered":"<p>Esta disciplina \u00e9 ofertada normalmente no 1\u00ba semestre.<\/p>\n<p>Ementa:<\/p>\n<p>Forma de avalia\u00e7\u00e3o:<\/p>\n<ul>\n<li>Elabora\u00e7\u00e3o e submiss\u00e3o de artigo para uma revista cient\u00edfica<\/li>\n<\/ul>\n<p>Oferecida para os seguintes Programas de P\u00f3s Gradua\u00e7\u00e3o:<\/p>\n<ul>\n<li>Desenvolvimento Territorial e Sistemas Agroindustriais<\/li>\n<li>Sistemas de Produ\u00e7\u00e3o Agr\u00edcola Familiar<\/li>\n<li>Organiza\u00e7\u00f5es e Mercados<\/li>\n<\/ul>\n","protected":false},"excerpt":{"rendered":"<p>Esta disciplina \u00e9 ofertada normalmente no 1\u00ba semestre. Ementa: Forma de avalia\u00e7\u00e3o: Elabora\u00e7\u00e3o e submiss\u00e3o de artigo para uma revista cient\u00edfica Oferecida para os seguintes Programas de P\u00f3s Gradua\u00e7\u00e3o: Desenvolvimento Territorial e Sistemas Agroindustriais Sistemas de Produ\u00e7\u00e3o Agr\u00edcola Familiar Organiza\u00e7\u00f5es e Mercados<\/p>\n","protected":false},"author":367,"featured_media":0,"parent":117,"menu_order":0,"comment_status":"closed","ping_status":"closed","template":"","meta":{"jetpack_post_was_ever_published":false,"footnotes":""},"class_list":["post-107","page","type-page","status-publish","hentry"],"jetpack_sharing_enabled":true,"jetpack_shortlink":"https:\/\/wp.me\/P6RZcY-1J","_links":{"self":[{"href":"https:\/\/wp.ufpel.edu.br\/conill\/wp-json\/wp\/v2\/pages\/107","targetHints":{"allow":["GET"]}}],"collection":[{"href":"https:\/\/wp.ufpel.edu.br\/conill\/wp-json\/wp\/v2\/pages"}],"about":[{"href":"https:\/\/wp.ufpel.edu.br\/conill\/wp-json\/wp\/v2\/types\/page"}],"author":[{"embeddable":true,"href":"https:\/\/wp.ufpel.edu.br\/conill\/wp-json\/wp\/v2\/users\/367"}],"replies":[{"embeddable":true,"href":"https:\/\/wp.ufpel.edu.br\/conill\/wp-json\/wp\/v2\/comments?post=107"}],"version-history":[{"count":4,"href":"https:\/\/wp.ufpel.edu.br\/conill\/wp-json\/wp\/v2\/pages\/107\/revisions"}],"predecessor-version":[{"id":131,"href":"https:\/\/wp.ufpel.edu.br\/conill\/wp-json\/wp\/v2\/pages\/107\/revisions\/131"}],"up":[{"embeddable":true,"href":"https:\/\/wp.ufpel.edu.br\/conill\/wp-json\/wp\/v2\/pages\/117"}],"wp:attachment":[{"href":"https:\/\/wp.ufpel.edu.br\/conill\/wp-json\/wp\/v2\/media?parent=107"}],"curies":[{"name":"wp","href":"https:\/\/api.w.org\/{rel}","templated":true}]}}

<p>Esta disciplina é ofertada normalmente no 1º semestre.</p>
<p>Ementa:</p>
<p>Forma de avaliação:</p>
<ul>
<li>Elaboração e submissão de artigo para uma revista científica</li>
</ul>
<p>Oferecida para os seguintes Programas de Pós Graduação:</p>
<ul>
<li>Desenvolvimento Territorial e Sistemas Agroindustriais</li>
<li>Sistemas de Produção Agrícola Familiar</li>
<li>Organizações e Mercados</li>
</ul>

<p>Esta disciplina é ofertada normalmente no 1º semestre. Ementa: Forma de avaliação: Elaboração e submissão de artigo para uma revista científica Oferecida para os seguintes Programas de Pós Graduação: Desenvolvimento Territorial e Sistemas Agroindustriais Sistemas de Produção Agrícola Familiar Organizações e Mercados</p>
