{"id":78,"date":"2019-01-24T10:19:55","date_gmt":"2019-01-24T12:19:55","guid":{"rendered":"https:\/\/wp.ufpel.edu.br\/congressoreducaodedanos\/?page_id=78"},"modified":"2019-01-24T10:19:55","modified_gmt":"2019-01-24T12:19:55","slug":"eixos-tematicos","status":"publish","type":"page","link":"https:\/\/wp.ufpel.edu.br\/congressoreducaodedanos\/sobre-o-evento\/eixos-tematicos\/","title":{"rendered":"Eixos Tem\u00e1ticos"},"content":{"rendered":"<p><strong>EIXOS TEM\u00c1TICOS<\/strong><\/p>\n<p><u>Eixo 1: Promo\u00e7\u00e3o da sa\u00fade, direitos humanos, abordagem e cuidado aos usu\u00e1rios de drogas<\/u><\/p>\n<p>Engloba trabalhos relacionados a \u00e1rea de preven\u00e7\u00e3o e cuidado, viola\u00e7\u00e3o dos direitos humanos, movimentos sociais, promo\u00e7\u00e3o de sa\u00fade, educa\u00e7\u00e3o em sa\u00fade, seguran\u00e7a e garantia de acesso aos servi\u00e7os.<\/p>\n<p><u>Eixo 2: Pol\u00edticas P\u00fablicas de Drogas no Brasil e no Mundo<\/u><\/p>\n<p>Engloba trabalhos relacionados a pol\u00edtica de redu\u00e7\u00e3o de danos, proibicionismo e antiproibicionismo, pol\u00edtica de guerra \u00e0s drogas, salas ou locais de uso controlado ou supervisionado (SSR), pol\u00edticas p\u00fablicas intersetoriais, perspectivas e interven\u00e7\u00f5es na \u00e1rea de \u00e1lcool e outras drogas.<\/p>\n<p><u>Eixo 3: Popula\u00e7\u00f5es vulner\u00e1veis, viol\u00eancia, exclus\u00e3o social, g\u00eanero, adolesc\u00eancia e uso de drogas<\/u><\/p>\n<p>Engloba trabalhos relacionados a cultura da viol\u00eancia, encarceramento, discrimina\u00e7\u00e3o racial, de g\u00eanero e classe, popula\u00e7\u00e3o carcer\u00e1ria, popula\u00e7\u00e3o trans e travesti, ind\u00edgenas, quilombolas, crian\u00e7as, jovens e pol\u00edticas voltadas as necessidades das popula\u00e7\u00f5es vulner\u00e1veis, envolvimento com o tr\u00e1fico de drogas, drogas e maternidade.<\/p>\n<p><u>Eixo 4: Drogas, medicaliza\u00e7\u00e3o, perspectivas terap\u00eauticas e religiosas<\/u><\/p>\n<p>Engloba trabalhos relacionados as quest\u00f5es religiosas, tratamentos voltados a abstin\u00eancia, abuso de medicamentos na popula\u00e7\u00e3o brasileira, ritos e rituais no uso de drogas.<\/p>\n<p>&nbsp;<\/p>\n<p>* Ser\u00e3o escolhidos oito trabalhos destaques, um por dia em cada eixo tem\u00e1tico. A premia\u00e7\u00e3o ser\u00e1 no encerramento do evento.<\/p>\n","protected":false},"excerpt":{"rendered":"<p>EIXOS TEM\u00c1TICOS Eixo 1: Promo\u00e7\u00e3o da sa\u00fade, direitos humanos, abordagem e cuidado aos usu\u00e1rios de drogas Engloba trabalhos relacionados a \u00e1rea de preven\u00e7\u00e3o e cuidado, viola\u00e7\u00e3o dos direitos humanos, movimentos sociais, promo\u00e7\u00e3o de sa\u00fade, educa\u00e7\u00e3o em sa\u00fade, seguran\u00e7a e garantia de acesso aos servi\u00e7os. Eixo 2: Pol\u00edticas P\u00fablicas de Drogas no Brasil e no Mundo [&hellip;]<\/p>\n","protected":false},"author":901,"featured_media":0,"parent":58,"menu_order":0,"comment_status":"closed","ping_status":"closed","template":"","meta":{"footnotes":""},"class_list":["post-78","page","type-page","status-publish","hentry"],"_links":{"self":[{"href":"https:\/\/wp.ufpel.edu.br\/congressoreducaodedanos\/wp-json\/wp\/v2\/pages\/78","targetHints":{"allow":["GET"]}}],"collection":[{"href":"https:\/\/wp.ufpel.edu.br\/congressoreducaodedanos\/wp-json\/wp\/v2\/pages"}],"about":[{"href":"https:\/\/wp.ufpel.edu.br\/congressoreducaodedanos\/wp-json\/wp\/v2\/types\/page"}],"author":[{"embeddable":true,"href":"https:\/\/wp.ufpel.edu.br\/congressoreducaodedanos\/wp-json\/wp\/v2\/users\/901"}],"replies":[{"embeddable":true,"href":"https:\/\/wp.ufpel.edu.br\/congressoreducaodedanos\/wp-json\/wp\/v2\/comments?post=78"}],"version-history":[{"count":1,"href":"https:\/\/wp.ufpel.edu.br\/congressoreducaodedanos\/wp-json\/wp\/v2\/pages\/78\/revisions"}],"predecessor-version":[{"id":80,"href":"https:\/\/wp.ufpel.edu.br\/congressoreducaodedanos\/wp-json\/wp\/v2\/pages\/78\/revisions\/80"}],"up":[{"embeddable":true,"href":"https:\/\/wp.ufpel.edu.br\/congressoreducaodedanos\/wp-json\/wp\/v2\/pages\/58"}],"wp:attachment":[{"href":"https:\/\/wp.ufpel.edu.br\/congressoreducaodedanos\/wp-json\/wp\/v2\/media?parent=78"}],"curies":[{"name":"wp","href":"https:\/\/api.w.org\/{rel}","templated":true}]}}