{"id":58,"date":"2019-01-24T09:29:33","date_gmt":"2019-01-24T11:29:33","guid":{"rendered":"https:\/\/wp.ufpel.edu.br\/congressoreducaodedanos\/?page_id=58"},"modified":"2019-03-20T09:15:59","modified_gmt":"2019-03-20T12:15:59","slug":"sobre-o-evento","status":"publish","type":"page","link":"https:\/\/wp.ufpel.edu.br\/congressoreducaodedanos\/sobre-o-evento\/","title":{"rendered":"Sobre o evento"},"content":{"rendered":"<p>O II Semin\u00e1rio de Subst\u00e2ncias Psicoativas e I Congresso Internacional de Redu\u00e7\u00e3o de Danos e cuidado a pessoas que usam drogas, organizado pela Faculdade de Enfermagem da Universidade Federal de Pelotas, ocorrer\u00e1 nos dias 15, 16 e 17 de abril de 2019 na cidade de Pelotas \u2013 RS.<\/p>\n<p>O evento contar\u00e1 com a presen\u00e7a de pesquisadores nacionais e internacionais, possibilitando o compartilhamento de experi\u00eancias por meio de mesas redondas, palestras e espa\u00e7o para apresenta\u00e7\u00e3o de trabalhos acad\u00eamicos.<\/p>\n<p>&nbsp;<\/p>\n","protected":false},"excerpt":{"rendered":"<p>O II Semin\u00e1rio de Subst\u00e2ncias Psicoativas e I Congresso Internacional de Redu\u00e7\u00e3o de Danos e cuidado a pessoas que usam drogas, organizado pela Faculdade de Enfermagem da Universidade Federal de Pelotas, ocorrer\u00e1 nos dias 15, 16 e 17 de abril de 2019 na cidade de Pelotas \u2013 RS. O evento contar\u00e1 com a presen\u00e7a de [&hellip;]<\/p>\n","protected":false},"author":901,"featured_media":0,"parent":0,"menu_order":1,"comment_status":"closed","ping_status":"closed","template":"","meta":{"footnotes":""},"class_list":["post-58","page","type-page","status-publish","hentry"],"_links":{"self":[{"href":"https:\/\/wp.ufpel.edu.br\/congressoreducaodedanos\/wp-json\/wp\/v2\/pages\/58","targetHints":{"allow":["GET"]}}],"collection":[{"href":"https:\/\/wp.ufpel.edu.br\/congressoreducaodedanos\/wp-json\/wp\/v2\/pages"}],"about":[{"href":"https:\/\/wp.ufpel.edu.br\/congressoreducaodedanos\/wp-json\/wp\/v2\/types\/page"}],"author":[{"embeddable":true,"href":"https:\/\/wp.ufpel.edu.br\/congressoreducaodedanos\/wp-json\/wp\/v2\/users\/901"}],"replies":[{"embeddable":true,"href":"https:\/\/wp.ufpel.edu.br\/congressoreducaodedanos\/wp-json\/wp\/v2\/comments?post=58"}],"version-history":[{"count":2,"href":"https:\/\/wp.ufpel.edu.br\/congressoreducaodedanos\/wp-json\/wp\/v2\/pages\/58\/revisions"}],"predecessor-version":[{"id":271,"href":"https:\/\/wp.ufpel.edu.br\/congressoreducaodedanos\/wp-json\/wp\/v2\/pages\/58\/revisions\/271"}],"wp:attachment":[{"href":"https:\/\/wp.ufpel.edu.br\/congressoreducaodedanos\/wp-json\/wp\/v2\/media?parent=58"}],"curies":[{"name":"wp","href":"https:\/\/api.w.org\/{rel}","templated":true}]}}