{"id":411,"date":"2021-05-31T16:37:57","date_gmt":"2021-05-31T19:37:57","guid":{"rendered":"https:\/\/wp.ufpel.edu.br\/congressoinovacao\/?page_id=411"},"modified":"2021-06-15T11:29:38","modified_gmt":"2021-06-15T14:29:38","slug":"iv-cit-2020","status":"publish","type":"page","link":"https:\/\/wp.ufpel.edu.br\/congressoinovacao\/edicoes-anteriores\/iv-cit-2020\/","title":{"rendered":"IV CIT (2020)"},"content":{"rendered":"<p style=\"text-align: center;\"><img loading=\"lazy\" decoding=\"async\" class=\"alignnone size-large wp-image-351\" src=\"https:\/\/wp.ufpel.edu.br\/congressoinovacao\/files\/2020\/08\/CIT-1024x147.png\" alt=\"\" width=\"604\" height=\"87\" srcset=\"https:\/\/wp.ufpel.edu.br\/congressoinovacao\/files\/2020\/08\/CIT-1024x147.png 1024w, https:\/\/wp.ufpel.edu.br\/congressoinovacao\/files\/2020\/08\/CIT-400x58.png 400w, https:\/\/wp.ufpel.edu.br\/congressoinovacao\/files\/2020\/08\/CIT-768x110.png 768w, https:\/\/wp.ufpel.edu.br\/congressoinovacao\/files\/2020\/08\/CIT-1536x221.png 1536w, https:\/\/wp.ufpel.edu.br\/congressoinovacao\/files\/2020\/08\/CIT.png 1600w\" sizes=\"auto, (max-width: 604px) 100vw, 604px\" \/><br \/>\n<strong>DE 23 A 27 DE NOVEMBRO DE 2020, EM FORMATO REMOTO.<\/strong><\/p>\n<ul>\n<li><a href=\"https:\/\/wp.ufpel.edu.br\/congressoinovacao\/anais\/anais-2020\/\">Anais 2020<\/a><\/li>\n<li><a href=\"https:\/\/wp.ufpel.edu.br\/congressoinovacao\/category\/noticias\/2020\/\">Not\u00edcias<\/a><\/li>\n<\/ul>\n<h3>Trabalhos apresentados (v\u00eddeos):<\/h3>\n<ul>\n<li><a href=\"https:\/\/cti.ufpel.edu.br\/siiepe\/apresentacoes\/2020\/ca\/cit\">Ci\u00eancias Agr\u00e1rias<\/a><\/li>\n<li><a href=\"https:\/\/cti.ufpel.edu.br\/siiepe\/apresentacoes\/2020\/cb\/cit\">Ci\u00eancias Biol\u00f3gicas<\/a><\/li>\n<li><a href=\"https:\/\/cti.ufpel.edu.br\/siiepe\/apresentacoes\/2020\/ce\/cit\">Ci\u00eancias Exatas e da Terra<\/a><\/li>\n<li><a href=\"https:\/\/cti.ufpel.edu.br\/siiepe\/apresentacoes\/2020\/ch\/cit\">Ci\u00eancias Humanas<\/a><\/li>\n<li><a href=\"https:\/\/cti.ufpel.edu.br\/siiepe\/apresentacoes\/2020\/cs\/cit\">Ci\u00eancias da Sa\u00fade<\/a><\/li>\n<li><a href=\"https:\/\/cti.ufpel.edu.br\/siiepe\/apresentacoes\/2020\/sa\/cit\">Ci\u00eancias Sociais Aplicadas<\/a><\/li>\n<li><a href=\"https:\/\/cti.ufpel.edu.br\/siiepe\/apresentacoes\/2020\/en\/cit\">Engenharias<\/a><\/li>\n<li><a href=\"https:\/\/cti.ufpel.edu.br\/siiepe\/apresentacoes\/2020\/la\/cit\">Ling\u00fc\u00edstica, Letras e Artes<\/a><\/li>\n<li><a href=\"https:\/\/cti.ufpel.edu.br\/siiepe\/apresentacoes\/2020\/md\/cit\">Multidisciplinar<\/a><\/li>\n<\/ul>\n<p>&nbsp;<\/p>\n<p>&nbsp;<\/p>\n","protected":false},"excerpt":{"rendered":"<p>DE 23 A 27 DE NOVEMBRO DE 2020, EM FORMATO REMOTO. Anais 2020 Not\u00edcias Trabalhos apresentados (v\u00eddeos): Ci\u00eancias Agr\u00e1rias Ci\u00eancias Biol\u00f3gicas Ci\u00eancias Exatas e da Terra Ci\u00eancias Humanas Ci\u00eancias da Sa\u00fade Ci\u00eancias Sociais Aplicadas Engenharias Ling\u00fc\u00edstica, Letras e Artes Multidisciplinar &nbsp; &nbsp;<\/p>\n","protected":false},"author":20,"featured_media":0,"parent":131,"menu_order":0,"comment_status":"closed","ping_status":"closed","template":"","meta":{"jetpack_post_was_ever_published":false,"footnotes":"","_links_to":"","_links_to_target":""},"class_list":["post-411","page","type-page","status-publish","hentry"],"jetpack_sharing_enabled":true,"_links":{"self":[{"href":"https:\/\/wp.ufpel.edu.br\/congressoinovacao\/wp-json\/wp\/v2\/pages\/411","targetHints":{"allow":["GET"]}}],"collection":[{"href":"https:\/\/wp.ufpel.edu.br\/congressoinovacao\/wp-json\/wp\/v2\/pages"}],"about":[{"href":"https:\/\/wp.ufpel.edu.br\/congressoinovacao\/wp-json\/wp\/v2\/types\/page"}],"author":[{"embeddable":true,"href":"https:\/\/wp.ufpel.edu.br\/congressoinovacao\/wp-json\/wp\/v2\/users\/20"}],"replies":[{"embeddable":true,"href":"https:\/\/wp.ufpel.edu.br\/congressoinovacao\/wp-json\/wp\/v2\/comments?post=411"}],"version-history":[{"count":3,"href":"https:\/\/wp.ufpel.edu.br\/congressoinovacao\/wp-json\/wp\/v2\/pages\/411\/revisions"}],"predecessor-version":[{"id":422,"href":"https:\/\/wp.ufpel.edu.br\/congressoinovacao\/wp-json\/wp\/v2\/pages\/411\/revisions\/422"}],"up":[{"embeddable":true,"href":"https:\/\/wp.ufpel.edu.br\/congressoinovacao\/wp-json\/wp\/v2\/pages\/131"}],"wp:attachment":[{"href":"https:\/\/wp.ufpel.edu.br\/congressoinovacao\/wp-json\/wp\/v2\/media?parent=411"}],"curies":[{"name":"wp","href":"https:\/\/api.w.org\/{rel}","templated":true}]}}

<p style="text-align: center;"><img loading="lazy" decoding="async" class="alignnone size-large wp-image-351" src="https://wp.ufpel.edu.br/congressoinovacao/files/2020/08/CIT-1024x147.png" alt="" width="604" height="87" srcset="https://wp.ufpel.edu.br/congressoinovacao/files/2020/08/CIT-1024x147.png 1024w, https://wp.ufpel.edu.br/congressoinovacao/files/2020/08/CIT-400x58.png 400w, https://wp.ufpel.edu.br/congressoinovacao/files/2020/08/CIT-768x110.png 768w, https://wp.ufpel.edu.br/congressoinovacao/files/2020/08/CIT-1536x221.png 1536w, https://wp.ufpel.edu.br/congressoinovacao/files/2020/08/CIT.png 1600w" sizes="auto, (max-width: 604px) 100vw, 604px" /><br />
<strong>DE 23 A 27 DE NOVEMBRO DE 2020, EM FORMATO REMOTO.</strong></p>
<ul>
<li><a href="https://wp.ufpel.edu.br/congressoinovacao/anais/anais-2020/">Anais 2020</a></li>
<li><a href="https://wp.ufpel.edu.br/congressoinovacao/category/noticias/2020/">Notícias</a></li>
</ul>
<h3>Trabalhos apresentados (vídeos):</h3>
<ul>
<li><a href="https://cti.ufpel.edu.br/siiepe/apresentacoes/2020/ca/cit">Ciências Agrárias</a></li>
<li><a href="https://cti.ufpel.edu.br/siiepe/apresentacoes/2020/cb/cit">Ciências Biológicas</a></li>
<li><a href="https://cti.ufpel.edu.br/siiepe/apresentacoes/2020/ce/cit">Ciências Exatas e da Terra</a></li>
<li><a href="https://cti.ufpel.edu.br/siiepe/apresentacoes/2020/ch/cit">Ciências Humanas</a></li>
<li><a href="https://cti.ufpel.edu.br/siiepe/apresentacoes/2020/cs/cit">Ciências da Saúde</a></li>
<li><a href="https://cti.ufpel.edu.br/siiepe/apresentacoes/2020/sa/cit">Ciências Sociais Aplicadas</a></li>
<li><a href="https://cti.ufpel.edu.br/siiepe/apresentacoes/2020/en/cit">Engenharias</a></li>
<li><a href="https://cti.ufpel.edu.br/siiepe/apresentacoes/2020/la/cit">Lingüística, Letras e Artes</a></li>
<li><a href="https://cti.ufpel.edu.br/siiepe/apresentacoes/2020/md/cit">Multidisciplinar</a></li>
</ul>
<p>&nbsp;</p>
<p>&nbsp;</p>

<p>DE 23 A 27 DE NOVEMBRO DE 2020, EM FORMATO REMOTO. Anais 2020 Notícias Trabalhos apresentados (vídeos): Ciências Agrárias Ciências Biológicas Ciências Exatas e da Terra Ciências Humanas Ciências da Saúde Ciências Sociais Aplicadas Engenharias Lingüística, Letras e Artes Multidisciplinar &nbsp; &nbsp;</p>
