{"id":327,"date":"2020-03-12T12:25:25","date_gmt":"2020-03-12T15:25:25","guid":{"rendered":"https:\/\/wp.ufpel.edu.br\/congressoinovacao\/?page_id=327"},"modified":"2020-03-12T12:26:17","modified_gmt":"2020-03-12T15:26:17","slug":"iii-cit-2019","status":"publish","type":"page","link":"https:\/\/wp.ufpel.edu.br\/congressoinovacao\/edicoes-anteriores\/iii-cit-2019\/","title":{"rendered":"III CIT (2019)"},"content":{"rendered":"<p style=\"text-align: center;\"><img loading=\"lazy\" decoding=\"async\" class=\"alignnone wp-image-243 size-large\" src=\"https:\/\/wp.ufpel.edu.br\/congressoinovacao\/files\/2019\/08\/CIT-1024x147.png\" alt=\"\" width=\"604\" height=\"87\" srcset=\"https:\/\/wp.ufpel.edu.br\/congressoinovacao\/files\/2019\/08\/CIT-1024x147.png 1024w, https:\/\/wp.ufpel.edu.br\/congressoinovacao\/files\/2019\/08\/CIT-400x58.png 400w, https:\/\/wp.ufpel.edu.br\/congressoinovacao\/files\/2019\/08\/CIT-768x110.png 768w, https:\/\/wp.ufpel.edu.br\/congressoinovacao\/files\/2019\/08\/CIT.png 1600w\" sizes=\"auto, (max-width: 604px) 100vw, 604px\" \/><br \/>\nDe 21 a 25\/10\/2019 no Campus Cap\u00e3o do Le\u00e3o.<\/p>\n<ul>\n<li><a href=\"https:\/\/wp.ufpel.edu.br\/congressoinovacao\/anais\/anais-2019\/\">Anais 2019<\/a><\/li>\n<li><a href=\"https:\/\/wp.ufpel.edu.br\/congressoinovacao\/category\/noticias\/2019\/\">Not\u00edcias<\/a><\/li>\n<\/ul>\n<hr \/>\n<h3>Comiss\u00e3o Executiva III CIT<\/h3>\n<ul>\n<li>Vinicius Farias Campos<\/li>\n<li>Glenio do Couto Pinto Junior<\/li>\n<li>Silvia Trisch<\/li>\n<li>Amanda Krolow<\/li>\n<li>Danieli Cardoso<\/li>\n<li>Felipe Costa<\/li>\n<\/ul>\n<p>&nbsp;<\/p>\n","protected":false},"excerpt":{"rendered":"<p>De 21 a 25\/10\/2019 no Campus Cap\u00e3o do Le\u00e3o. Anais 2019 Not\u00edcias Comiss\u00e3o Executiva III CIT Vinicius Farias Campos Glenio do Couto Pinto Junior Silvia Trisch Amanda Krolow Danieli Cardoso Felipe Costa &nbsp;<\/p>\n","protected":false},"author":20,"featured_media":0,"parent":131,"menu_order":0,"comment_status":"closed","ping_status":"closed","template":"","meta":{"jetpack_post_was_ever_published":false,"footnotes":"","_links_to":"","_links_to_target":""},"class_list":["post-327","page","type-page","status-publish","hentry"],"jetpack_sharing_enabled":true,"_links":{"self":[{"href":"https:\/\/wp.ufpel.edu.br\/congressoinovacao\/wp-json\/wp\/v2\/pages\/327","targetHints":{"allow":["GET"]}}],"collection":[{"href":"https:\/\/wp.ufpel.edu.br\/congressoinovacao\/wp-json\/wp\/v2\/pages"}],"about":[{"href":"https:\/\/wp.ufpel.edu.br\/congressoinovacao\/wp-json\/wp\/v2\/types\/page"}],"author":[{"embeddable":true,"href":"https:\/\/wp.ufpel.edu.br\/congressoinovacao\/wp-json\/wp\/v2\/users\/20"}],"replies":[{"embeddable":true,"href":"https:\/\/wp.ufpel.edu.br\/congressoinovacao\/wp-json\/wp\/v2\/comments?post=327"}],"version-history":[{"count":3,"href":"https:\/\/wp.ufpel.edu.br\/congressoinovacao\/wp-json\/wp\/v2\/pages\/327\/revisions"}],"predecessor-version":[{"id":331,"href":"https:\/\/wp.ufpel.edu.br\/congressoinovacao\/wp-json\/wp\/v2\/pages\/327\/revisions\/331"}],"up":[{"embeddable":true,"href":"https:\/\/wp.ufpel.edu.br\/congressoinovacao\/wp-json\/wp\/v2\/pages\/131"}],"wp:attachment":[{"href":"https:\/\/wp.ufpel.edu.br\/congressoinovacao\/wp-json\/wp\/v2\/media?parent=327"}],"curies":[{"name":"wp","href":"https:\/\/api.w.org\/{rel}","templated":true}]}}

<p style="text-align: center;"><img loading="lazy" decoding="async" class="alignnone wp-image-243 size-large" src="https://wp.ufpel.edu.br/congressoinovacao/files/2019/08/CIT-1024x147.png" alt="" width="604" height="87" srcset="https://wp.ufpel.edu.br/congressoinovacao/files/2019/08/CIT-1024x147.png 1024w, https://wp.ufpel.edu.br/congressoinovacao/files/2019/08/CIT-400x58.png 400w, https://wp.ufpel.edu.br/congressoinovacao/files/2019/08/CIT-768x110.png 768w, https://wp.ufpel.edu.br/congressoinovacao/files/2019/08/CIT.png 1600w" sizes="auto, (max-width: 604px) 100vw, 604px" /><br />
De 21 a 25/10/2019 no Campus Capão do Leão.</p>
<ul>
<li><a href="https://wp.ufpel.edu.br/congressoinovacao/anais/anais-2019/">Anais 2019</a></li>
<li><a href="https://wp.ufpel.edu.br/congressoinovacao/category/noticias/2019/">Notícias</a></li>
</ul>
<hr />
<h3>Comissão Executiva III CIT</h3>
<ul>
<li>Vinicius Farias Campos</li>
<li>Glenio do Couto Pinto Junior</li>
<li>Silvia Trisch</li>
<li>Amanda Krolow</li>
<li>Danieli Cardoso</li>
<li>Felipe Costa</li>
</ul>
<p>&nbsp;</p>

<p>De 21 a 25/10/2019 no Campus Capão do Leão. Anais 2019 Notícias Comissão Executiva III CIT Vinicius Farias Campos Glenio do Couto Pinto Junior Silvia Trisch Amanda Krolow Danieli Cardoso Felipe Costa &nbsp;</p>
