{"id":141,"date":"2009-05-15T15:33:26","date_gmt":"2009-05-15T18:33:26","guid":{"rendered":"https:\/\/wp.ufpel.edu.br\/congressodefilosofia\/?page_id=141"},"modified":"2009-10-29T14:17:55","modified_gmt":"2009-10-29T17:17:55","slug":"conferencias","status":"publish","type":"page","link":"https:\/\/wp.ufpel.edu.br\/congressodefilosofia\/conferencias\/","title":{"rendered":"Confer\u00eancias"},"content":{"rendered":"<p style=\"text-align: justify\">Pierre-Marie Morel (<span>Ecole Normale Sup\u00e9rieure de Lettres et de Sciences Humaines &#8211; Lyon) <\/span>&#8211; A Prud\u00eancia em Arist\u00f3teles e no Epicurismo<\/p>\n<p style=\"text-align: justify\">Pablo da Silveira (Universidad\u00a0Cat\u00f3lica del Uruguay) &#8211; O Governo da Educa\u00e7\u00e3o como Tema da\u00a0Filosofia Pol\u00edtica Contempor\u00e2nea<\/p>\n<p style=\"text-align: justify\">Roberto Romano (Unicamp) &#8211;\u00a0Trapa\u00e7as, V\u00edcios e Virtudes: uma leitura da raz\u00e3o de Estado<\/p>\n<p style=\"text-align: justify\">Pierre Guenancia (Universit\u00e9 de Bourgogne) &#8211; Identidade e Na\u00e7\u00e3o<\/p>\n<p style=\"text-align: justify\">Yves Charles Zarka (Universit\u00e9 Paris Descartes\/Sorbonne) \u2013\u00a0A Legitimidade Democr\u00e1tica em Quest\u00e3o\u00a0<\/p>\n<p style=\"text-align: justify\">Gustavo Pereira (Universidad de la Rep\u00fablica del Uruguay) &#8211; Eticidade Democr\u00e1tica<\/p>\n","protected":false},"excerpt":{"rendered":"<p>Pierre-Marie Morel (Ecole Normale Sup\u00e9rieure de Lettres et de Sciences Humaines &#8211; Lyon) &#8211; A Prud\u00eancia em Arist\u00f3teles e no Epicurismo Pablo da Silveira (Universidad\u00a0Cat\u00f3lica del Uruguay) &#8211; O Governo da Educa\u00e7\u00e3o como Tema da\u00a0Filosofia Pol\u00edtica Contempor\u00e2nea Roberto Romano (Unicamp) &#8211;\u00a0Trapa\u00e7as, V\u00edcios e Virtudes: uma leitura da raz\u00e3o de Estado Pierre Guenancia (Universit\u00e9 de Bourgogne) &hellip; <\/p>\n<p><a class=\"more-link btn\" href=\"https:\/\/wp.ufpel.edu.br\/congressodefilosofia\/conferencias\/\">Continue lendo<\/a><\/p>\n","protected":false},"author":16,"featured_media":0,"parent":0,"menu_order":5,"comment_status":"closed","ping_status":"open","template":"","meta":{"footnotes":""},"class_list":["post-141","page","type-page","status-publish","hentry","nodate","item-wrap"],"_links":{"self":[{"href":"https:\/\/wp.ufpel.edu.br\/congressodefilosofia\/wp-json\/wp\/v2\/pages\/141","targetHints":{"allow":["GET"]}}],"collection":[{"href":"https:\/\/wp.ufpel.edu.br\/congressodefilosofia\/wp-json\/wp\/v2\/pages"}],"about":[{"href":"https:\/\/wp.ufpel.edu.br\/congressodefilosofia\/wp-json\/wp\/v2\/types\/page"}],"author":[{"embeddable":true,"href":"https:\/\/wp.ufpel.edu.br\/congressodefilosofia\/wp-json\/wp\/v2\/users\/16"}],"replies":[{"embeddable":true,"href":"https:\/\/wp.ufpel.edu.br\/congressodefilosofia\/wp-json\/wp\/v2\/comments?post=141"}],"version-history":[{"count":8,"href":"https:\/\/wp.ufpel.edu.br\/congressodefilosofia\/wp-json\/wp\/v2\/pages\/141\/revisions"}],"predecessor-version":[{"id":256,"href":"https:\/\/wp.ufpel.edu.br\/congressodefilosofia\/wp-json\/wp\/v2\/pages\/141\/revisions\/256"}],"wp:attachment":[{"href":"https:\/\/wp.ufpel.edu.br\/congressodefilosofia\/wp-json\/wp\/v2\/media?parent=141"}],"curies":[{"name":"wp","href":"https:\/\/api.w.org\/{rel}","templated":true}]}}