{"id":4,"date":"2017-07-27T17:52:33","date_gmt":"2017-07-27T20:52:33","guid":{"rendered":"https:\/\/wp.ufpel.edu.br\/confsisaut\/?page_id=4"},"modified":"2017-07-27T20:49:00","modified_gmt":"2017-07-27T23:49:00","slug":"inicio","status":"publish","type":"page","link":"https:\/\/wp.ufpel.edu.br\/confsisaut\/inicio\/","title":{"rendered":"In\u00edcio"},"content":{"rendered":"<p>O\u00a0projeto Desenvolvimento de Sistema An\u00e1lise de Confiabilidade no\u00a0Projeto de Sistemas Autom\u00e1ticos agora conta com este website\u00a0hospedado no sistema institucional da UFPel para facilitar e ampliar a\u00a0comunica\u00e7\u00e3o e a divulga\u00e7\u00e3o da pesquisa\u00a0e de seus resultados com a\u00a0comunidade cient\u00edfica, acad\u00eamica, e p\u00fablico geral.<\/p>\n<p><img class=\" wp-image-12 alignleft\" src=\"https:\/\/wp.ufpel.edu.br\/confsisaut\/files\/2017\/07\/299px-Animated_Petri_net_commons.gif\" alt=\"\" width=\"163\" height=\"91\" \/><\/p>\n<p>Ser\u00e3o registradas informa\u00e7\u00f5es\u00a0referentes \u00e0 pesquisa, envolvendo tanto o hist\u00f3rico do projeto quanto a fase atual e futura dos trabalhos. Documentos e materiais relacionados aos temas desenvolvidos ser\u00e3o disponibilizados.<\/p>\n<p>Revis\u00f5es bibliogr\u00e1ficas e atualiza\u00e7\u00f5es tamb\u00e9m estar\u00e3o presentes.<\/p>\n","protected":false},"excerpt":{"rendered":"<p>O\u00a0projeto Desenvolvimento de Sistema An\u00e1lise de Confiabilidade no\u00a0Projeto de Sistemas Autom\u00e1ticos agora conta com este website\u00a0hospedado no sistema institucional da UFPel para facilitar e ampliar a\u00a0comunica\u00e7\u00e3o e a divulga\u00e7\u00e3o da pesquisa\u00a0e de seus resultados com a\u00a0comunidade cient\u00edfica, acad\u00eamica, e p\u00fablico geral. Ser\u00e3o registradas informa\u00e7\u00f5es\u00a0referentes \u00e0 pesquisa, envolvendo tanto o hist\u00f3rico do projeto quanto a fase [&hellip;]<\/p>\n","protected":false},"author":779,"featured_media":0,"parent":0,"menu_order":0,"comment_status":"closed","ping_status":"closed","template":"","meta":{"footnotes":""},"class_list":["post-4","page","type-page","status-publish","hentry"],"_links":{"self":[{"href":"https:\/\/wp.ufpel.edu.br\/confsisaut\/wp-json\/wp\/v2\/pages\/4","targetHints":{"allow":["GET"]}}],"collection":[{"href":"https:\/\/wp.ufpel.edu.br\/confsisaut\/wp-json\/wp\/v2\/pages"}],"about":[{"href":"https:\/\/wp.ufpel.edu.br\/confsisaut\/wp-json\/wp\/v2\/types\/page"}],"author":[{"embeddable":true,"href":"https:\/\/wp.ufpel.edu.br\/confsisaut\/wp-json\/wp\/v2\/users\/779"}],"replies":[{"embeddable":true,"href":"https:\/\/wp.ufpel.edu.br\/confsisaut\/wp-json\/wp\/v2\/comments?post=4"}],"version-history":[{"count":11,"href":"https:\/\/wp.ufpel.edu.br\/confsisaut\/wp-json\/wp\/v2\/pages\/4\/revisions"}],"predecessor-version":[{"id":18,"href":"https:\/\/wp.ufpel.edu.br\/confsisaut\/wp-json\/wp\/v2\/pages\/4\/revisions\/18"}],"wp:attachment":[{"href":"https:\/\/wp.ufpel.edu.br\/confsisaut\/wp-json\/wp\/v2\/media?parent=4"}],"curies":[{"name":"wp","href":"https:\/\/api.w.org\/{rel}","templated":true}]}}