{"id":32,"date":"2023-12-05T10:15:55","date_gmt":"2023-12-05T13:15:55","guid":{"rendered":"https:\/\/wp.ufpel.edu.br\/confins\/?page_id=32"},"modified":"2023-12-22T09:03:27","modified_gmt":"2023-12-22T12:03:27","slug":"o-rio-em-maraba","status":"publish","type":"page","link":"https:\/\/wp.ufpel.edu.br\/confins\/o-rio-em-maraba\/","title":{"rendered":"o rio em marab\u00e1"},"content":{"rendered":"<p><a href=\"https:\/\/wp.ufpel.edu.br\/confins\/files\/2023\/12\/2024-3.jpg\"><img loading=\"lazy\" decoding=\"async\" class=\"alignnone wp-image-355 size-full\" src=\"https:\/\/wp.ufpel.edu.br\/confins\/files\/2023\/12\/2024-3.jpg\" alt=\"\" width=\"960\" height=\"540\" srcset=\"https:\/\/wp.ufpel.edu.br\/confins\/files\/2023\/12\/2024-3.jpg 960w, https:\/\/wp.ufpel.edu.br\/confins\/files\/2023\/12\/2024-3-400x225.jpg 400w, https:\/\/wp.ufpel.edu.br\/confins\/files\/2023\/12\/2024-3-768x432.jpg 768w\" sizes=\"auto, (max-width: 767px) 89vw, (max-width: 1000px) 54vw, (max-width: 1071px) 543px, 580px\" \/><\/a><\/p>\n<p><span style=\"color: #33cccc;\"><strong>Marab\u00e1<\/strong><\/span>, cidade da regi\u00e3o sudeste do Par\u00e1,\u00a0 com 233.669 habitantes (IBGE, 2017), banhada pelos rios Itacai\u00fanas e Tocantins. A popula\u00e7\u00e3o, especialmente na Velha Marab\u00e1 e no bairro do Amap\u00e1 dialogam diretamente com os rios, atrav\u00e9s da pesca e do transporte de barco. Pretende-se caminhografar as regi\u00f5es ribeirinhas e ind\u00edgenas:\u00a0<span style=\"color: #33cccc;\"><strong>Velha Marab\u00e1\/Z30, Cidade Nova\/Amap\u00e1 e S\u00e3o F\u00e9lix, na \u00e1rea urbana; e a Terra Ind\u00edgena M\u00e3e Maria na \u00e1rea rural<\/strong>.<\/span><\/p>\n<p><iframe loading=\"lazy\" src=\"https:\/\/www.google.com\/maps\/d\/embed?mid=1jR1GvLl-5gmLPiMmomeWMnAbC8JXz60&amp;ehbc=2E312F&amp;noprof=1\" width=\"640\" height=\"480\"><\/iframe><\/p>\n","protected":false},"excerpt":{"rendered":"<p>Marab\u00e1, cidade da regi\u00e3o sudeste do Par\u00e1,\u00a0 com 233.669 habitantes (IBGE, 2017), banhada pelos rios Itacai\u00fanas e Tocantins. A popula\u00e7\u00e3o, especialmente na Velha Marab\u00e1 e no bairro do Amap\u00e1 dialogam diretamente com os rios, atrav\u00e9s da pesca e do transporte de barco. Pretende-se caminhografar as regi\u00f5es ribeirinhas e ind\u00edgenas:\u00a0Velha Marab\u00e1\/Z30, Cidade Nova\/Amap\u00e1 e S\u00e3o F\u00e9lix, &hellip; <\/p>\n<p class=\"link-more\"><a href=\"https:\/\/wp.ufpel.edu.br\/confins\/o-rio-em-maraba\/\" class=\"more-link\">Continue lendo<span class=\"screen-reader-text\"> &#8220;o rio em marab\u00e1&#8221;<\/span><\/a><\/p>\n","protected":false},"author":716,"featured_media":0,"parent":0,"menu_order":0,"comment_status":"closed","ping_status":"closed","template":"","meta":{"footnotes":""},"class_list":["post-32","page","type-page","status-publish","hentry"],"_links":{"self":[{"href":"https:\/\/wp.ufpel.edu.br\/confins\/wp-json\/wp\/v2\/pages\/32","targetHints":{"allow":["GET"]}}],"collection":[{"href":"https:\/\/wp.ufpel.edu.br\/confins\/wp-json\/wp\/v2\/pages"}],"about":[{"href":"https:\/\/wp.ufpel.edu.br\/confins\/wp-json\/wp\/v2\/types\/page"}],"author":[{"embeddable":true,"href":"https:\/\/wp.ufpel.edu.br\/confins\/wp-json\/wp\/v2\/users\/716"}],"replies":[{"embeddable":true,"href":"https:\/\/wp.ufpel.edu.br\/confins\/wp-json\/wp\/v2\/comments?post=32"}],"version-history":[{"count":8,"href":"https:\/\/wp.ufpel.edu.br\/confins\/wp-json\/wp\/v2\/pages\/32\/revisions"}],"predecessor-version":[{"id":400,"href":"https:\/\/wp.ufpel.edu.br\/confins\/wp-json\/wp\/v2\/pages\/32\/revisions\/400"}],"wp:attachment":[{"href":"https:\/\/wp.ufpel.edu.br\/confins\/wp-json\/wp\/v2\/media?parent=32"}],"curies":[{"name":"wp","href":"https:\/\/api.w.org\/{rel}","templated":true}]}}

o rio em marabá

<p><a href="https://wp.ufpel.edu.br/confins/files/2023/12/2024-3.jpg"><img loading="lazy" decoding="async" class="alignnone wp-image-355 size-full" src="https://wp.ufpel.edu.br/confins/files/2023/12/2024-3.jpg" alt="" width="960" height="540" srcset="https://wp.ufpel.edu.br/confins/files/2023/12/2024-3.jpg 960w, https://wp.ufpel.edu.br/confins/files/2023/12/2024-3-400x225.jpg 400w, https://wp.ufpel.edu.br/confins/files/2023/12/2024-3-768x432.jpg 768w" sizes="auto, (max-width: 767px) 89vw, (max-width: 1000px) 54vw, (max-width: 1071px) 543px, 580px" /></a></p>
<p><span style="color: #33cccc;"><strong>Marabá</strong></span>, cidade da região sudeste do Pará,  com 233.669 habitantes (IBGE, 2017), banhada pelos rios Itacaiúnas e Tocantins. A população, especialmente na Velha Marabá e no bairro do Amapá dialogam diretamente com os rios, através da pesca e do transporte de barco. Pretende-se caminhografar as regiões ribeirinhas e indígenas: <span style="color: #33cccc;"><strong>Velha Marabá/Z30, Cidade Nova/Amapá e São Félix, na área urbana; e a Terra Indígena Mãe Maria na área rural</strong>.</span></p>
<p><iframe loading="lazy" src="https://www.google.com/maps/d/embed?mid=1jR1GvLl-5gmLPiMmomeWMnAbC8JXz60&amp;ehbc=2E312F&amp;noprof=1" width="640" height="480"></iframe></p>

<p>Marabá, cidade da região sudeste do Pará,  com 233.669 habitantes (IBGE, 2017), banhada pelos rios Itacaiúnas e Tocantins. A população, especialmente na Velha Marabá e no bairro do Amapá dialogam diretamente com os rios, através da pesca e do transporte de barco. Pretende-se caminhografar as regiões ribeirinhas e indígenas: Velha Marabá/Z30, Cidade Nova/Amapá e São Félix, &hellip; </p>
<p class="link-more"><a href="https://wp.ufpel.edu.br/confins/o-rio-em-maraba/" class="more-link">Continue lendo<span class="screen-reader-text"> &#8220;o rio em marabá&#8221;</span></a></p>
