{"id":30,"date":"2023-12-05T10:15:54","date_gmt":"2023-12-05T13:15:54","guid":{"rendered":"https:\/\/wp.ufpel.edu.br\/confins\/?page_id=30"},"modified":"2023-12-22T08:14:15","modified_gmt":"2023-12-22T11:14:15","slug":"antecedentes","status":"publish","type":"page","link":"https:\/\/wp.ufpel.edu.br\/confins\/antecedentes\/","title":{"rendered":"a caminhografia"},"content":{"rendered":"<p><span style=\"font-weight: 400;\">O m\u00e9todo utilizado nas atividade da pesquisa \u00e9 a \u201c<strong><span style=\"color: #33cccc;\">Caminhografia Urbana<\/span><\/strong>\u201d, que conta na sua configura\u00e7\u00e3o com dois movimentos fundamentais: a cartografia e o caminhar (<a href=\"https:\/\/vitruvius.com.br\/revistas\/read\/arquitextos\/24.281\/8923\">ROCHA; SANTOS, 2023<\/a>) .<\/span><\/p>\n<p><span style=\"font-weight: 400;\">A cartografia tem sua g\u00eanese na <strong><span style=\"color: #33cccc;\">filosofia da diferen\u00e7a deleuze-guattariana<\/span><\/strong>, que preconiza a constru\u00e7\u00e3o de um mapa, o qual se distancia do conceito de mapa tradicional; propondo um mapa aberto e conect\u00e1vel (DELEUZE; GUATTARI, 1997).\u00a0<\/span><\/p>\n<p><span style=\"font-weight: 400;\">O caminhar \u00e9 desenvolvido a partir do conceito de <strong><span style=\"color: #33cccc;\">transurb\u00e2ncia, criado por Francesco Careri<\/span><\/strong> (2014), como sendo uma postura adotada durante o caminhar, uma pol\u00edtica. Um modo de (re)conhecer territ\u00f3rios urbanos, atravessando-os, por entre p\u00fablico-privado, dentro-fora, interior-exterior, etc.<\/span><\/p>\n<p><span style=\"font-weight: 400;\">A caminhografia urbana, a partir da cartografia e do caminhar, busca mapear, desenhar, fotografar, filmar, narrar e conversar com a cidade na cidade, <strong><span style=\"color: #33cccc;\">pensando nos lugares como produtores de subjetividade<\/span><\/strong> \u2013 na rela\u00e7\u00e3o espa\u00e7o-corpo \u2013, sempre em processo; caminhando, explorando a cidade com o corpo atento, a partir de um deslocamento da experi\u00eancia; registrando qualquer afecto que pe\u00e7a passagem, que provoque o pensamento.\u00a0<\/span><\/p>\n<p><span style=\"font-weight: 400;\">Cabe ressaltar que a <strong><span style=\"color: #33cccc;\">transforma\u00e7\u00e3o dos resultados da pesquisa cient\u00edfica em pol\u00edticas p\u00fablicas<\/span><\/strong> \u00e9 um processo complexo, mas essencial para garantir que a tomada de decis\u00f5es seja baseada em evid\u00eancias s\u00f3lidas. Aqui est\u00e3o algumas etapas envolvidas nesse processo:<\/span><\/p>\n<ul>\n<li style=\"font-weight: 400;\" aria-level=\"1\"><span style=\"font-weight: 400;\"><strong><span style=\"color: #33cccc;\">Realiza\u00e7\u00e3o da pesquisa cient\u00edfica<\/span><\/strong>: A pesquisa cient\u00edfica \u00e9 realizada para investigar um problema espec\u00edfico, coletar dados, analis\u00e1-los e obter conclus\u00f5es. A pesquisa pode ser conduzida por cientistas, acad\u00eamicos, institui\u00e7\u00f5es de pesquisa ou organiza\u00e7\u00f5es governamentais.<\/span><\/li>\n<li style=\"font-weight: 400;\" aria-level=\"1\"><span style=\"font-weight: 400;\"><strong><span style=\"color: #33cccc;\">Comunica\u00e7\u00e3o dos resultados<\/span><\/strong>: Ap\u00f3s a conclus\u00e3o da pesquisa, os resultados precisam ser comunicados de forma clara e acess\u00edvel. Isso geralmente envolve a publica\u00e7\u00e3o de artigos cient\u00edficos em revistas especializadas, apresenta\u00e7\u00f5es em confer\u00eancias ou simp\u00f3sios e outras formas de dissemina\u00e7\u00e3o acad\u00eamica. Al\u00e9m disso, \u00e9 importante que os resultados sejam comunicados de maneira compreens\u00edvel para o p\u00fablico em geral.<\/span><\/li>\n<li style=\"font-weight: 400;\" aria-level=\"1\"><span style=\"font-weight: 400;\"><strong><span style=\"color: #33cccc;\">Avalia\u00e7\u00e3o da relev\u00e2ncia para as pol\u00edticas p\u00fablicas<\/span><\/strong>: Os resultados da pesquisa devem ser avaliados quanto \u00e0 sua relev\u00e2ncia para as pol\u00edticas p\u00fablicas. Isso envolve a an\u00e1lise de como os resultados da pesquisa se relacionam com quest\u00f5es e desafios existentes, a identifica\u00e7\u00e3o dos atores e partes interessadas envolvidos e a compreens\u00e3o de como os resultados da pesquisa podem contribuir para a formula\u00e7\u00e3o de pol\u00edticas eficazes.<\/span><\/li>\n<li style=\"font-weight: 400;\" aria-level=\"1\"><span style=\"font-weight: 400;\"><strong><span style=\"color: #33cccc;\">Engajamento de partes interessadas<\/span><\/strong>: \u00c9 importante envolver as partes interessadas relevantes, como governos, formuladores de pol\u00edticas, organiza\u00e7\u00f5es n\u00e3o governamentais, especialistas na \u00e1rea e comunidades afetadas, na discuss\u00e3o e interpreta\u00e7\u00e3o dos resultados da pesquisa. Isso ajuda a garantir que as perspectivas diversas sejam consideradas e que as pol\u00edticas desenvolvidas sejam apropriadas e implement\u00e1veis.<\/span><\/li>\n<li style=\"font-weight: 400;\" aria-level=\"1\"><span style=\"font-weight: 400;\"><strong><span style=\"color: #33cccc;\">Formula\u00e7\u00e3o de pol\u00edticas<\/span><\/strong>: Com base nos resultados da pesquisa e no envolvimento das partes interessadas, as pol\u00edticas p\u00fablicas podem ser formuladas. Isso envolve a identifica\u00e7\u00e3o de objetivos claros, a defini\u00e7\u00e3o de estrat\u00e9gias e a elabora\u00e7\u00e3o de planos de a\u00e7\u00e3o concretos. As pol\u00edticas devem levar em considera\u00e7\u00e3o os resultados da pesquisa, mas tamb\u00e9m considerar outros fatores, como viabilidade pol\u00edtica, recursos dispon\u00edveis e restri\u00e7\u00f5es legais.<\/span><\/li>\n<li style=\"font-weight: 400;\" aria-level=\"1\"><span style=\"font-weight: 400;\"><strong><span style=\"color: #33cccc;\">Implementa\u00e7\u00e3o da pol\u00edtica<\/span><\/strong>: Ap\u00f3s a formula\u00e7\u00e3o, a pol\u00edtica p\u00fablica precisa ser implementada. Isso pode envolver a cria\u00e7\u00e3o de leis, a aloca\u00e7\u00e3o de recursos, a defini\u00e7\u00e3o de programas e a coordena\u00e7\u00e3o de esfor\u00e7os entre diferentes atores governamentais e n\u00e3o governamentais. A implementa\u00e7\u00e3o deve ser acompanhada de perto para garantir que os objetivos sejam alcan\u00e7ados.<\/span><\/li>\n<li style=\"font-weight: 400;\" aria-level=\"1\"><span style=\"font-weight: 400;\"><strong><span style=\"color: #33cccc;\">Monitoramento e avalia\u00e7\u00e3o<\/span><\/strong>: \u00c9 fundamental monitorar e avaliar continuamente a implementa\u00e7\u00e3o da pol\u00edtica e seus resultados. Isso ajuda a identificar poss\u00edveis lacunas ou problemas na implementa\u00e7\u00e3o, bem como a avaliar o impacto da pol\u00edtica nas quest\u00f5es que ela visa resolver. Os resultados dessa monitoria podem ser usados para ajustar a pol\u00edtica, se necess\u00e1rio, ou para informar futuras pol\u00edticas.<\/span><\/li>\n<\/ul>\n<p><span style=\"font-weight: 400;\">Vale ressaltar que o processo de transforma\u00e7\u00e3o de resultados de pesquisa em pol\u00edticas p\u00fablicas pode variar de acordo com o contexto e as caracter\u00edsticas espec\u00edficas de cada situa\u00e7\u00e3o. A <strong><span style=\"color: #33cccc;\">colabora\u00e7\u00e3o entre pesquisadores, formuladores de pol\u00edticas e partes interessadas<\/span><\/strong> \u00e9 fundamental para garantir que as pol\u00edticas sejam informadas pelas evid\u00eancias cient\u00edficas mais atualizadas e sejam eficazes na abordagem dos desafios enfrentados pela sociedade.<\/span><\/p>\n<p><strong>Textos de Refer\u00eancia sobre Caminhografia Urbana:<\/strong><\/p>\n<p>ROCHA, E.; SANTOS, T. B. dos. (2023).\u00a0<a href=\"https:\/\/vitruvius.com.br\/revistas\/read\/arquitextos\/24.281\/8923\"><strong><span style=\"color: #33cccc;\">Como \u00e9 a Caminhografia Urbana?<\/span><\/strong>\u00a0<\/a>Registrar, jogar e criar na cidade. Arquitextos, 281, ano 24, S\u00e3o Paulo, out. 2023.<\/p>\n","protected":false},"excerpt":{"rendered":"<p>O m\u00e9todo utilizado nas atividade da pesquisa \u00e9 a \u201cCaminhografia Urbana\u201d, que conta na sua configura\u00e7\u00e3o com dois movimentos fundamentais: a cartografia e o caminhar (ROCHA; SANTOS, 2023) . A cartografia tem sua g\u00eanese na filosofia da diferen\u00e7a deleuze-guattariana, que preconiza a constru\u00e7\u00e3o de um mapa, o qual se distancia do conceito de mapa tradicional; &hellip; <\/p>\n<p class=\"link-more\"><a href=\"https:\/\/wp.ufpel.edu.br\/confins\/antecedentes\/\" class=\"more-link\">Continue lendo<span class=\"screen-reader-text\"> &#8220;a caminhografia&#8221;<\/span><\/a><\/p>\n","protected":false},"author":716,"featured_media":0,"parent":0,"menu_order":0,"comment_status":"closed","ping_status":"closed","template":"","meta":{"footnotes":""},"class_list":["post-30","page","type-page","status-publish","hentry"],"_links":{"self":[{"href":"https:\/\/wp.ufpel.edu.br\/confins\/wp-json\/wp\/v2\/pages\/30","targetHints":{"allow":["GET"]}}],"collection":[{"href":"https:\/\/wp.ufpel.edu.br\/confins\/wp-json\/wp\/v2\/pages"}],"about":[{"href":"https:\/\/wp.ufpel.edu.br\/confins\/wp-json\/wp\/v2\/types\/page"}],"author":[{"embeddable":true,"href":"https:\/\/wp.ufpel.edu.br\/confins\/wp-json\/wp\/v2\/users\/716"}],"replies":[{"embeddable":true,"href":"https:\/\/wp.ufpel.edu.br\/confins\/wp-json\/wp\/v2\/comments?post=30"}],"version-history":[{"count":10,"href":"https:\/\/wp.ufpel.edu.br\/confins\/wp-json\/wp\/v2\/pages\/30\/revisions"}],"predecessor-version":[{"id":391,"href":"https:\/\/wp.ufpel.edu.br\/confins\/wp-json\/wp\/v2\/pages\/30\/revisions\/391"}],"wp:attachment":[{"href":"https:\/\/wp.ufpel.edu.br\/confins\/wp-json\/wp\/v2\/media?parent=30"}],"curies":[{"name":"wp","href":"https:\/\/api.w.org\/{rel}","templated":true}]}}