{"id":16,"date":"2023-12-05T10:10:29","date_gmt":"2023-12-05T13:10:29","guid":{"rendered":"https:\/\/wp.ufpel.edu.br\/confins\/?page_id=16"},"modified":"2023-12-21T07:52:51","modified_gmt":"2023-12-21T10:52:51","slug":"transcriar","status":"publish","type":"page","link":"https:\/\/wp.ufpel.edu.br\/confins\/transcriar\/","title":{"rendered":"[trans]criar (2025)"},"content":{"rendered":"<p><strong>Metas e indicadores<\/strong><\/p>\n<ol>\n<li style=\"list-style-type: none;\">\n<ol>\n<li style=\"font-weight: 400;\" aria-level=\"1\"><span style=\"font-weight: 400;\">Implementa\u00e7\u00e3o de melhorias no App CaminhoVivo. Indicador 1: Vers\u00e3o 2.0 do App CaminhoVivo.<\/span><\/li>\n<li style=\"font-weight: 400;\" aria-level=\"1\"><span style=\"font-weight: 400;\">Miss\u00e3o 3: Caminhografia com comunidades e gestores p\u00fablicos em Pelotas, com App CaminhoVivo. Indicador 2: caminhadas em grupos, entrevistas caminhadas com referentes de comunidades tradicionais e interven\u00e7\u00f5es urbanas (fotografias, v\u00eddeos e transcri\u00e7\u00f5es), no App CaminhoVivo.<\/span><\/li>\n<li style=\"font-weight: 400;\" aria-level=\"1\"><span style=\"font-weight: 400;\">Miss\u00e3o 4: Caminhografia com comunidades e gestores p\u00fablicos em Marab\u00e1, com App CaminhoVivo. Indicador 3: caminhadas em grupos, entrevistas caminhadas com referentes de comunidades tradicionais e interven\u00e7\u00f5es urbanas (fotografias, v\u00eddeos e transcri\u00e7\u00f5es), no App CaminhoVivo.<\/span><\/li>\n<li style=\"font-weight: 400;\" aria-level=\"1\"><span style=\"font-weight: 400;\">Miss\u00e3o 5: Caminhografia com comunidades e gestores p\u00fablicos em Comodoro Rivadavia (com a participa\u00e7\u00e3o de bolsistas SWE e PDE), com App CaminhoVivo. Indicador 4: caminhadas em grupos, entrevistas caminhadas com referentes de comunidades tradicionais e interven\u00e7\u00f5es urbanas (fotografias, v\u00eddeos e transcri\u00e7\u00f5es), no App CaminhoVivo.<\/span><\/li>\n<li style=\"font-weight: 400;\" aria-level=\"1\"><span style=\"font-weight: 400;\">An\u00e1lise da caminhografia urbana e cria\u00e7\u00e3o de pistas para pol\u00edticas p\u00fablicas, com aux\u00edlio do\u00a0 App CaminhoVivo. Indicador 5: mapas gerais, organiza\u00e7\u00e3o de banco de dados, cruzamento de dados e agenciamentos te\u00f3ricos, relat\u00f3rios do App CaminhoVivo.<\/span><\/li>\n<\/ol>\n<\/li>\n<\/ol>\n","protected":false},"excerpt":{"rendered":"<p>Metas e indicadores Implementa\u00e7\u00e3o de melhorias no App CaminhoVivo. Indicador 1: Vers\u00e3o 2.0 do App CaminhoVivo. Miss\u00e3o 3: Caminhografia com comunidades e gestores p\u00fablicos em Pelotas, com App CaminhoVivo. Indicador 2: caminhadas em grupos, entrevistas caminhadas com referentes de comunidades tradicionais e interven\u00e7\u00f5es urbanas (fotografias, v\u00eddeos e transcri\u00e7\u00f5es), no App CaminhoVivo. Miss\u00e3o 4: Caminhografia com &hellip; <\/p>\n<p class=\"link-more\"><a href=\"https:\/\/wp.ufpel.edu.br\/confins\/transcriar\/\" class=\"more-link\">Continue lendo<span class=\"screen-reader-text\"> &#8220;[trans]criar (2025)&#8221;<\/span><\/a><\/p>\n","protected":false},"author":716,"featured_media":0,"parent":0,"menu_order":0,"comment_status":"closed","ping_status":"closed","template":"","meta":{"footnotes":""},"class_list":["post-16","page","type-page","status-publish","hentry"],"_links":{"self":[{"href":"https:\/\/wp.ufpel.edu.br\/confins\/wp-json\/wp\/v2\/pages\/16","targetHints":{"allow":["GET"]}}],"collection":[{"href":"https:\/\/wp.ufpel.edu.br\/confins\/wp-json\/wp\/v2\/pages"}],"about":[{"href":"https:\/\/wp.ufpel.edu.br\/confins\/wp-json\/wp\/v2\/types\/page"}],"author":[{"embeddable":true,"href":"https:\/\/wp.ufpel.edu.br\/confins\/wp-json\/wp\/v2\/users\/716"}],"replies":[{"embeddable":true,"href":"https:\/\/wp.ufpel.edu.br\/confins\/wp-json\/wp\/v2\/comments?post=16"}],"version-history":[{"count":7,"href":"https:\/\/wp.ufpel.edu.br\/confins\/wp-json\/wp\/v2\/pages\/16\/revisions"}],"predecessor-version":[{"id":337,"href":"https:\/\/wp.ufpel.edu.br\/confins\/wp-json\/wp\/v2\/pages\/16\/revisions\/337"}],"wp:attachment":[{"href":"https:\/\/wp.ufpel.edu.br\/confins\/wp-json\/wp\/v2\/media?parent=16"}],"curies":[{"name":"wp","href":"https:\/\/api.w.org\/{rel}","templated":true}]}}

<p><strong>Metas e indicadores</strong></p>
<ol>
<li style="list-style-type: none;">
<ol>
<li style="font-weight: 400;" aria-level="1"><span style="font-weight: 400;">Implementação de melhorias no App CaminhoVivo. Indicador 1: Versão 2.0 do App CaminhoVivo.</span></li>
<li style="font-weight: 400;" aria-level="1"><span style="font-weight: 400;">Missão 3: Caminhografia com comunidades e gestores públicos em Pelotas, com App CaminhoVivo. Indicador 2: caminhadas em grupos, entrevistas caminhadas com referentes de comunidades tradicionais e intervenções urbanas (fotografias, vídeos e transcrições), no App CaminhoVivo.</span></li>
<li style="font-weight: 400;" aria-level="1"><span style="font-weight: 400;">Missão 4: Caminhografia com comunidades e gestores públicos em Marabá, com App CaminhoVivo. Indicador 3: caminhadas em grupos, entrevistas caminhadas com referentes de comunidades tradicionais e intervenções urbanas (fotografias, vídeos e transcrições), no App CaminhoVivo.</span></li>
<li style="font-weight: 400;" aria-level="1"><span style="font-weight: 400;">Missão 5: Caminhografia com comunidades e gestores públicos em Comodoro Rivadavia (com a participação de bolsistas SWE e PDE), com App CaminhoVivo. Indicador 4: caminhadas em grupos, entrevistas caminhadas com referentes de comunidades tradicionais e intervenções urbanas (fotografias, vídeos e transcrições), no App CaminhoVivo.</span></li>
<li style="font-weight: 400;" aria-level="1"><span style="font-weight: 400;">Análise da caminhografia urbana e criação de pistas para políticas públicas, com auxílio do  App CaminhoVivo. Indicador 5: mapas gerais, organização de banco de dados, cruzamento de dados e agenciamentos teóricos, relatórios do App CaminhoVivo.</span></li>
</ol>
</li>
</ol>

<p>Metas e indicadores Implementação de melhorias no App CaminhoVivo. Indicador 1: Versão 2.0 do App CaminhoVivo. Missão 3: Caminhografia com comunidades e gestores públicos em Pelotas, com App CaminhoVivo. Indicador 2: caminhadas em grupos, entrevistas caminhadas com referentes de comunidades tradicionais e intervenções urbanas (fotografias, vídeos e transcrições), no App CaminhoVivo. Missão 4: Caminhografia com &hellip; </p>
<p class="link-more"><a href="https://wp.ufpel.edu.br/confins/transcriar/" class="more-link">Continue lendo<span class="screen-reader-text"> &#8220;[trans]criar (2025)&#8221;</span></a></p>
