{"id":3023,"date":"2020-09-19T13:05:03","date_gmt":"2020-09-19T16:05:03","guid":{"rendered":"https:\/\/wp.ufpel.edu.br\/conectar\/?page_id=3023"},"modified":"2020-10-26T10:40:57","modified_gmt":"2020-10-26T13:40:57","slug":"primeiro-ciclo-edital-2020","status":"publish","type":"page","link":"https:\/\/wp.ufpel.edu.br\/conectar\/primeiro-ciclo-edital-2020\/","title":{"rendered":"Resultados do primeiro ciclo de sele\u00e7\u00e3o do Edital 2020"},"content":{"rendered":"<h2>Resultados do primeiro ciclo de sele\u00e7\u00e3o do Edital 2020<\/h2>\n<hr \/>\n<p><strong>Projetos Selecionados<\/strong><\/p>\n<table style=\"width: 513px\" border=\"1\" cellspacing=\"1\">\n<tbody>\n<tr>\n<td style=\"width: 403px;background-color: #001eff\"><span style=\"color: #ffffff\"><strong>Empresa<\/strong><\/span><\/td>\n<\/tr>\n<tr style=\"height: 96px\">\n<td style=\"width: 403px;height: 96px\">\n<p><strong>ImmPROVE<\/strong><\/p>\n<p><strong>Respons\u00e1vel<\/strong>: Marcos Roberto Alves Ferreira<\/td>\n<\/tr>\n<tr style=\"height: 96px\">\n<td style=\"width: 403px;height: 96px\">\n<p><strong>Tecnologia para Cuidados em Enfermagem<\/strong><\/p>\n<p><strong>Respons\u00e1vel<\/strong>: Luciana Rota Sena<\/td>\n<\/tr>\n<tr>\n<td style=\"width: 403px\">\n<p><strong>WastePel \u2013 Res\u00edduos e Sustentabilidade<\/strong><\/p>\n<p><strong>Respons\u00e1vel<\/strong>: Lucas Louren\u00e7o Castiglioni Guidoni<\/td>\n<\/tr>\n<\/tbody>\n<\/table>\n<p>&nbsp;<\/p>\n<hr \/>\n<p><strong>Hor\u00e1rios para Apresenta\u00e7\u00e3o dos Pitchs no dia 30\/07\/2020:<\/strong><\/p>\n<table style=\"width: 513px\" border=\"1\" cellspacing=\"1\">\n<tbody>\n<tr>\n<td style=\"width: 108px;background-color: #001eff\"><span style=\"color: #ffffff\"><strong>Hor\u00e1rio<\/strong><\/span><\/td>\n<td style=\"width: 403px;background-color: #001eff\"><span style=\"color: #ffffff\"><strong>Empresa<\/strong><\/span><\/td>\n<\/tr>\n<tr style=\"height: 96px\">\n<td style=\"width: 108px\">\n<p style=\"text-align: center\"><strong>10:00<\/strong><\/p>\n<\/td>\n<td style=\"width: 403px;height: 96px\">\n<p><strong>ImmPROVE<\/strong><\/p>\n<p><strong>Respons\u00e1vel<\/strong>: Marcos Roberto Alves Ferreira<\/td>\n<\/tr>\n<tr style=\"height: 96px\">\n<td style=\"width: 108px;text-align: center\"><strong>10:30<\/strong><\/td>\n<td style=\"width: 403px;height: 96px\">\n<p><strong>Bico F\u00e1cil<\/strong><\/p>\n<p><strong>Respons\u00e1vel<\/strong>: Alisson Donadone Fernandes Blaas<\/td>\n<\/tr>\n<tr style=\"height: 96px\">\n<td style=\"width: 108px;text-align: center\"><strong>11:00<\/strong><\/td>\n<td style=\"width: 403px;height: 96px\">\n<p><strong>Tecnologia para Cuidados em Enfermagem<\/strong><\/p>\n<p><strong>Respons\u00e1vel<\/strong>: Luciana Rota Sena<\/td>\n<\/tr>\n<tr>\n<td style=\"width: 108px;text-align: center\"><strong>11:30<\/strong><\/td>\n<td style=\"width: 403px\">\n<p><strong>WastePel \u2013 Res\u00edduos e Sustentabilidade<\/strong><\/p>\n<p><strong>Respons\u00e1vel<\/strong>: Lucas Louren\u00e7o Castiglioni Guidoni<\/td>\n<\/tr>\n<\/tbody>\n<\/table>\n<p>&nbsp;<\/p>\n<hr \/>\n<p><strong>Inscri\u00e7\u00f5es Homologadas para o Primeiro Ciclo de Sele\u00e7\u00e3o do Edital 2020<\/strong><\/p>\n<p>Abaixo est\u00e3o listados os projetos homologados, inscritos no processo seletivo do <a href=\"https:\/\/wp.ufpel.edu.br\/conectar\/files\/2020\/06\/SEI_UFPel-Edital-de-Selec%CC%A7a%CC%83o-da-Conectar-2020.pdf\">Edital N\u00ba. 01\/2020 Processo N\u00ba 23110.013903\/2020-61<\/a>\u00a0para as modalidades de pr\u00e9-incuba\u00e7\u00e3o e incuba\u00e7\u00e3o. Projetos inscritos que n\u00e3o est\u00e3o listados no quadro, n\u00e3o foram homologados devido a falta de documenta\u00e7\u00e3o ou por n\u00e3o estarem de acordo com o objetivo da incubadora.<\/p>\n<table style=\"width: 513px\" border=\"1\" cellspacing=\"1\">\n<tbody>\n<tr style=\"height: 48px\">\n<td style=\"background-color: #002fff;width: 513px;height: 48px\"><span style=\"color: #ffffff\"><strong>Inscri\u00e7\u00f5es<\/strong><strong>\u00a0Homologadas para a Modalidade de Pr\u00e9-Incuba\u00e7\u00e3o<\/strong><\/span><\/td>\n<\/tr>\n<tr style=\"height: 96px\">\n<td style=\"width: 513px;height: 96px\">\n<p><strong>Bico F\u00e1cil<\/strong><\/p>\n<p><strong>Respons\u00e1vel<\/strong>: Alisson Donadone Fernandes Blaas<\/td>\n<\/tr>\n<tr style=\"height: 96px\">\n<td style=\"width: 513px;height: 96px\">\n<p><strong>Tecnologia para Cuidados em Enfermagem<\/strong><\/p>\n<p><strong>Respons\u00e1vel<\/strong>: Luciana Rota Sena<\/td>\n<\/tr>\n<tr style=\"height: 96px\">\n<td style=\"width: 513px;height: 96px\">\n<p><strong>WastePel \u2013 Res\u00edduos e Sustentabilidade<\/strong><\/p>\n<p><strong>Respons\u00e1vel<\/strong>: Lucas Louren\u00e7o Castiglioni Guidoni<\/td>\n<\/tr>\n<tr style=\"height: 56px\">\n<td style=\"width: 513px;background-color: #002fff;height: 56px\"><span style=\"color: #ffffff\"><strong>Inscri\u00e7\u00f5es Homologadas para a Modalidade de Incuba\u00e7\u00e3o<\/strong><\/span><\/td>\n<\/tr>\n<tr style=\"height: 96px\">\n<td style=\"width: 513px;height: 96px\">\n<p><strong>ImmPROVE<\/strong><\/p>\n<p><strong>Respons\u00e1vel<\/strong>: Marcos Roberto Alves Ferreira<\/td>\n<\/tr>\n<\/tbody>\n<\/table>\n<p>&nbsp;<\/p>\n","protected":false},"excerpt":{"rendered":"<p> [&hellip;]<\/p>\n","protected":false},"author":515,"featured_media":0,"parent":0,"menu_order":0,"comment_status":"closed","ping_status":"closed","template":"","meta":{"jetpack_post_was_ever_published":false,"footnotes":""},"class_list":["post-3023","page","type-page","status-publish","hentry","post"],"jetpack_shortlink":"https:\/\/wp.me\/P6RUlR-ML","jetpack_sharing_enabled":true,"_links":{"self":[{"href":"https:\/\/wp.ufpel.edu.br\/conectar\/wp-json\/wp\/v2\/pages\/3023","targetHints":{"allow":["GET"]}}],"collection":[{"href":"https:\/\/wp.ufpel.edu.br\/conectar\/wp-json\/wp\/v2\/pages"}],"about":[{"href":"https:\/\/wp.ufpel.edu.br\/conectar\/wp-json\/wp\/v2\/types\/page"}],"author":[{"embeddable":true,"href":"https:\/\/wp.ufpel.edu.br\/conectar\/wp-json\/wp\/v2\/users\/515"}],"replies":[{"embeddable":true,"href":"https:\/\/wp.ufpel.edu.br\/conectar\/wp-json\/wp\/v2\/comments?post=3023"}],"version-history":[{"count":3,"href":"https:\/\/wp.ufpel.edu.br\/conectar\/wp-json\/wp\/v2\/pages\/3023\/revisions"}],"predecessor-version":[{"id":3036,"href":"https:\/\/wp.ufpel.edu.br\/conectar\/wp-json\/wp\/v2\/pages\/3023\/revisions\/3036"}],"wp:attachment":[{"href":"https:\/\/wp.ufpel.edu.br\/conectar\/wp-json\/wp\/v2\/media?parent=3023"}],"curies":[{"name":"wp","href":"https:\/\/api.w.org\/{rel}","templated":true}]}}