{"id":2991,"date":"2020-06-22T17:53:03","date_gmt":"2020-06-22T20:53:03","guid":{"rendered":"https:\/\/wp.ufpel.edu.br\/conectar\/?page_id=2991"},"modified":"2020-10-02T16:26:06","modified_gmt":"2020-10-02T19:26:06","slug":"edital2020","status":"publish","type":"page","link":"https:\/\/wp.ufpel.edu.br\/conectar\/edital2020\/","title":{"rendered":"Edital para Sele\u00e7\u00e3o de Novos Projetos &#8211; 2020"},"content":{"rendered":"<p><a href=\"https:\/\/wp.me\/a6RUlR-MR\"><strong>Minuta Edital de Retifica\u00e7\u00e3o &#8211; Edital para Sele\u00e7\u00e3o de Novos Projetos &#8211; 2020<\/strong><\/a><\/p>\n<p><strong><a href=\"https:\/\/wp.me\/a6RUlR-Mi\">Edital para Sele\u00e7\u00e3o de Novos Projetos &#8211; 2020<\/a><\/strong><\/p>\n<hr \/>\n<p><strong>Formul\u00e1rios<\/strong><\/p>\n<p><a href=\"https:\/\/forms.gle\/Z6rQF1EPPzuBtJeF6\">Cadastro do Empreendedor<\/a><\/p>\n<p><a href=\"https:\/\/forms.gle\/QZ5vMBXpT5wMVM2s8\">Cadastro da Proposta na Modalidade Pr\u00e9-Incuba\u00e7\u00e3o<\/a><\/p>\n<p><a href=\"https:\/\/forms.gle\/qQcWfZxmz97ym6dX9\">Cadastro da Proposta na Modalidade Incuba\u00e7\u00e3o<\/a><\/p>\n<p>&nbsp;<\/p>\n<p><strong>Observa\u00e7\u00f5es Importantes<\/strong><\/p>\n<ul>\n<li>Fique atento aos prazos estabelecidos no cronograma do edital!<\/li>\n<li>As c\u00f3pias dos documentos exigidos no item 7.1.2 do <a href=\"https:\/\/wp.me\/a6RUlR-Mi\">Edital<\/a> devem ser encaminhadas para o e-mail\u00a0<a href=\"mailto:conectar@ufpel.edu.br\"><strong>conectar@ufpel.edu.br<\/strong><\/a>, <strong>at\u00e9 a data final do per\u00edodo de recebimento de propostas estabelecido em cada ciclo de sele\u00e7\u00e3o.<\/strong> O\u00a0<strong>assunto do e-mail<\/strong> deve ser o seguinte:&#8221;<strong>[Edital 01\/2020] Documentos para o Processo Seletivo da Conectar<\/strong>&#8220;.<\/li>\n<li>O <strong>cadastro da proposta<\/strong> e <strong>da equipe<\/strong> dever\u00e1 acontecer <strong>at\u00e9 a data final do per\u00edodo de recebimento de propostas estabelecido em cada ciclo de sele\u00e7\u00e3o.<\/strong><\/li>\n<li>O <strong>formul\u00e1rio de cadastro do empreendedor<\/strong> deve ser <strong>preenchido<\/strong> para <strong>cada membro da equipe<\/strong> do projeto.<\/li>\n<\/ul>\n<p>&nbsp;<\/p>\n<hr \/>\n<h4>Resultados dos Ciclos de Sele\u00e7\u00e3o<\/h4>\n<p><a href=\"https:\/\/wp.ufpel.edu.br\/conectar\/primeiro-ciclo-edital-2020\/\">Primeiro Ciclo<\/a><\/p>\n","protected":false},"excerpt":{"rendered":"<p> [&hellip;]<\/p>\n","protected":false},"author":515,"featured_media":0,"parent":0,"menu_order":0,"comment_status":"closed","ping_status":"closed","template":"","meta":{"jetpack_post_was_ever_published":false,"footnotes":""},"class_list":["post-2991","page","type-page","status-publish","hentry","post"],"jetpack_shortlink":"https:\/\/wp.me\/P6RUlR-Mf","jetpack_sharing_enabled":true,"_links":{"self":[{"href":"https:\/\/wp.ufpel.edu.br\/conectar\/wp-json\/wp\/v2\/pages\/2991","targetHints":{"allow":["GET"]}}],"collection":[{"href":"https:\/\/wp.ufpel.edu.br\/conectar\/wp-json\/wp\/v2\/pages"}],"about":[{"href":"https:\/\/wp.ufpel.edu.br\/conectar\/wp-json\/wp\/v2\/types\/page"}],"author":[{"embeddable":true,"href":"https:\/\/wp.ufpel.edu.br\/conectar\/wp-json\/wp\/v2\/users\/515"}],"replies":[{"embeddable":true,"href":"https:\/\/wp.ufpel.edu.br\/conectar\/wp-json\/wp\/v2\/comments?post=2991"}],"version-history":[{"count":14,"href":"https:\/\/wp.ufpel.edu.br\/conectar\/wp-json\/wp\/v2\/pages\/2991\/revisions"}],"predecessor-version":[{"id":3020,"href":"https:\/\/wp.ufpel.edu.br\/conectar\/wp-json\/wp\/v2\/pages\/2991\/revisions\/3020"}],"wp:attachment":[{"href":"https:\/\/wp.ufpel.edu.br\/conectar\/wp-json\/wp\/v2\/media?parent=2991"}],"curies":[{"name":"wp","href":"https:\/\/api.w.org\/{rel}","templated":true}]}}