{"id":148,"date":"2015-02-08T21:08:39","date_gmt":"2015-02-08T21:08:39","guid":{"rendered":"http:\/\/localhost\/wordpress\/?page_id=148"},"modified":"2021-05-10T11:17:23","modified_gmt":"2021-05-10T14:17:23","slug":"faq","status":"publish","type":"page","link":"https:\/\/wp.ufpel.edu.br\/conectar\/faq\/","title":{"rendered":"D\u00favidas Frequentes"},"content":{"rendered":"<div id=\"pl-148\"  class=\"panel-layout\" ><div id=\"pg-148-0\"  class=\"panel-grid panel-no-style\" ><div id=\"pgc-148-0-0\"  class=\"panel-grid-cell\" ><div id=\"panel-148-0-0-0\" class=\"so-panel widget widget_sow-accordion panel-first-child panel-last-child\" data-index=\"0\" ><div\n\t\t\t\n\t\t\tclass=\"so-widget-sow-accordion so-widget-sow-accordion-default-e17f56bdb7be-148\"\n\t\t\t\n\t\t><div>\n\t<div class=\"sow-accordion\">\n\t\t\t<div class=\"sow-accordion-panel\n\t\t\t\t\"\n\t\t\tdata-anchor-id=\"o-que-e-incubacao\">\n\t\t\t\t<div class=\"sow-accordion-panel-header-container\" role=\"heading\" aria-level=\"2\">\n\t\t\t\t\t<div class=\"sow-accordion-panel-header\" tabindex=\"0\" role=\"button\" id=\"accordion-label-o-que-%c3%a9-incuba%c3%a7%c3%a3o\" aria-controls=\"accordion-content-o-que-%c3%a9-incuba%c3%a7%c3%a3o\" aria-expanded=\"false\">\n\t\t\t\t\t\t<div class=\"sow-accordion-title sow-accordion-title-icon-left\">\n\t\t\t\t\t\t\t\t\t\t\t\t\t\tO que \u00e9 Incuba\u00e7\u00e3o?\t\t\t\t\t\t\t\t\t\t\t\t\t<\/div>\n\t\t\t\t\t\t<div class=\"sow-accordion-open-close-button\">\n\t\t\t\t\t\t\t<div class=\"sow-accordion-open-button\">\n\t\t\t\t\t\t\t\t<span class=\"sow-icon-ionicons\" data-sow-icon=\"&#xf218;\"\n\t\t \n\t\taria-hidden=\"true\"><\/span>\t\t\t\t\t\t\t<\/div>\n\t\t\t\t\t\t\t<div class=\"sow-accordion-close-button\">\n\t\t\t\t\t\t\t\t<span class=\"sow-icon-ionicons\" data-sow-icon=\"&#xf209;\"\n\t\t \n\t\taria-hidden=\"true\"><\/span>\t\t\t\t\t\t\t<\/div>\n\t\t\t\t\t\t<\/div>\n\t\t\t\t\t<\/div>\n\t\t\t\t<\/div>\n\n\t\t\t<div\n\t\t\t\tclass=\"sow-accordion-panel-content\"\n\t\t\t\trole=\"region\"\n\t\t\t\taria-labelledby=\"accordion-label-o-que-%c3%a9-incuba%c3%a7%c3%a3o\"\n\t\t\t\tid=\"accordion-content-o-que-%c3%a9-incuba%c3%a7%c3%a3o\"\n\t\t\t\tstyle=\"display: none;\"\t\t\t>\n\t\t\t\t<div class=\"sow-accordion-panel-border\">\n\t\t\t\t\t<p><span style=\"font-size: 12pt\">Incuba\u00e7\u00e3o e empreendedorismo s\u00e3o termos cada vez mais utilizados no mercado de trabalho. Mesmo apresentando um grande crescimento nos \u00faltimos anos, a incuba\u00e7\u00e3o \u00e9 um processo que ainda \u00e9 desconhecido por muitos profissionais. E voc\u00ea? Sabe o que \u00e9 a incuba\u00e7\u00e3o, seu real significado e, fundamentalmente, qual o seu papel na forma\u00e7\u00e3o de um empreendedor capacitado para encarar as dificuldades e desafios do competitivo mercado de trabalho?<\/span><\/p>\n<p>A incuba\u00e7\u00e3o \u00e9 uma estrutura criada para estimular a cria\u00e7\u00e3o e o desenvolvimento de micro e pequenas empresas industriais ou de presta\u00e7\u00e3o de servi\u00e7os, empresas de base tecnol\u00f3gica ou de manufaturas leves, por meio da forma\u00e7\u00e3o complementar do empreendedor em seus aspectos t\u00e9cnicos e gerenciais.<\/p>\n<p>As empresas incubadas contribuem para o desenvolvimento socioecon\u00f4mico, na medida em que s\u00e3o potencialmente capazes de induzir ao surgimento de unidades produtivas que geram grande parte da produ\u00e7\u00e3o industrial e criam a maior parte de postos de trabalho no pa\u00eds, a custos bem reduzidos por emprego gerado. H\u00e1 incubadoras de empresas geridas por \u00f3rg\u00e3os governamentais, universidades, associa\u00e7\u00f5es empresariais e funda\u00e7\u00f5es.<\/p>\n\t\t\t\t<\/div>\n\t\t\t<\/div>\n\t\t<\/div>\n\t\t\t<div class=\"sow-accordion-panel\n\t\t\t\t\"\n\t\t\tdata-anchor-id=\"qual-e-o-publico-alvo-das-incubadoras\">\n\t\t\t\t<div class=\"sow-accordion-panel-header-container\" role=\"heading\" aria-level=\"2\">\n\t\t\t\t\t<div class=\"sow-accordion-panel-header\" tabindex=\"0\" role=\"button\" id=\"accordion-label-qual-%c3%a9-o-p%c3%bablico-alvo-das-incubadoras\" aria-controls=\"accordion-content-qual-%c3%a9-o-p%c3%bablico-alvo-das-incubadoras\" aria-expanded=\"false\">\n\t\t\t\t\t\t<div class=\"sow-accordion-title sow-accordion-title-icon-left\">\n\t\t\t\t\t\t\t\t\t\t\t\t\t\tQual \u00e9 o p\u00fablico-alvo das incubadoras?\t\t\t\t\t\t\t\t\t\t\t\t\t<\/div>\n\t\t\t\t\t\t<div class=\"sow-accordion-open-close-button\">\n\t\t\t\t\t\t\t<div class=\"sow-accordion-open-button\">\n\t\t\t\t\t\t\t\t<span class=\"sow-icon-ionicons\" data-sow-icon=\"&#xf218;\"\n\t\t \n\t\taria-hidden=\"true\"><\/span>\t\t\t\t\t\t\t<\/div>\n\t\t\t\t\t\t\t<div class=\"sow-accordion-close-button\">\n\t\t\t\t\t\t\t\t<span class=\"sow-icon-ionicons\" data-sow-icon=\"&#xf209;\"\n\t\t \n\t\taria-hidden=\"true\"><\/span>\t\t\t\t\t\t\t<\/div>\n\t\t\t\t\t\t<\/div>\n\t\t\t\t\t<\/div>\n\t\t\t\t<\/div>\n\n\t\t\t<div\n\t\t\t\tclass=\"sow-accordion-panel-content\"\n\t\t\t\trole=\"region\"\n\t\t\t\taria-labelledby=\"accordion-label-qual-%c3%a9-o-p%c3%bablico-alvo-das-incubadoras\"\n\t\t\t\tid=\"accordion-content-qual-%c3%a9-o-p%c3%bablico-alvo-das-incubadoras\"\n\t\t\t\tstyle=\"display: none;\"\t\t\t>\n\t\t\t\t<div class=\"sow-accordion-panel-border\">\n\t\t\t\t\t<p>As incubadoras geralmente buscam um p\u00fablico que atenda a determinado perfil, que deve estar ajustado aos ideais da incubadora, bem como se enquadrar nas propostas da entidade.<\/p>\n<p><strong>Empreendedor que queira ter seu pr\u00f3prio neg\u00f3cio<\/strong><\/p>\n<p>Para ser uma empresa incubada na Conectar, \u00e9 necess\u00e1rio ao profissional respons\u00e1vel pela nova organiza\u00e7\u00e3o o interesse pelo empreendedorismo e a busca por novas formas de administra\u00e7\u00e3o, al\u00e9m do interesse pelo estudo cont\u00ednuo e pela especializa\u00e7\u00e3o.<\/p>\n<p><strong>Empresas em fase inicial<\/strong>\u00a0de constitui\u00e7\u00e3o s\u00e3o um grande alvo das incubadoras pela necessidade que possuem de um aux\u00edlio orientado nos mais diversos pontos que formar\u00e3o a empresa.<\/p>\n<p><strong>Empresas j\u00e1 constitu\u00eddas<\/strong>\u00a0que precisem de orienta\u00e7\u00e3o e, especialmente, de um projeto mais elaborado para definir seu neg\u00f3cio tamb\u00e9m est\u00e3o entre as principais candidatas a tornarem-se uma empresa incubada.<\/p>\n<p><strong>Setor de desenvolvimento tecnol\u00f3gico<\/strong>\u00a0da empresa tamb\u00e9m pode passar pela incuba\u00e7\u00e3o, sem que toda a organiza\u00e7\u00e3o seja orientada pelas incubadoras.<\/p>\n\t\t\t\t<\/div>\n\t\t\t<\/div>\n\t\t<\/div>\n\t\t\t<div class=\"sow-accordion-panel\n\t\t\t\t\"\n\t\t\tdata-anchor-id=\"como-incubar-uma-empresa\">\n\t\t\t\t<div class=\"sow-accordion-panel-header-container\" role=\"heading\" aria-level=\"2\">\n\t\t\t\t\t<div class=\"sow-accordion-panel-header\" tabindex=\"0\" role=\"button\" id=\"accordion-label-como-incubar-uma-empresa\" aria-controls=\"accordion-content-como-incubar-uma-empresa\" aria-expanded=\"false\">\n\t\t\t\t\t\t<div class=\"sow-accordion-title sow-accordion-title-icon-left\">\n\t\t\t\t\t\t\t\t\t\t\t\t\t\tComo incubar uma empresa?\t\t\t\t\t\t\t\t\t\t\t\t\t<\/div>\n\t\t\t\t\t\t<div class=\"sow-accordion-open-close-button\">\n\t\t\t\t\t\t\t<div class=\"sow-accordion-open-button\">\n\t\t\t\t\t\t\t\t<span class=\"sow-icon-ionicons\" data-sow-icon=\"&#xf218;\"\n\t\t \n\t\taria-hidden=\"true\"><\/span>\t\t\t\t\t\t\t<\/div>\n\t\t\t\t\t\t\t<div class=\"sow-accordion-close-button\">\n\t\t\t\t\t\t\t\t<span class=\"sow-icon-ionicons\" data-sow-icon=\"&#xf209;\"\n\t\t \n\t\taria-hidden=\"true\"><\/span>\t\t\t\t\t\t\t<\/div>\n\t\t\t\t\t\t<\/div>\n\t\t\t\t\t<\/div>\n\t\t\t\t<\/div>\n\n\t\t\t<div\n\t\t\t\tclass=\"sow-accordion-panel-content\"\n\t\t\t\trole=\"region\"\n\t\t\t\taria-labelledby=\"accordion-label-como-incubar-uma-empresa\"\n\t\t\t\tid=\"accordion-content-como-incubar-uma-empresa\"\n\t\t\t\tstyle=\"display: none;\"\t\t\t>\n\t\t\t\t<div class=\"sow-accordion-panel-border\">\n\t\t\t\t\t<p>Apesar de possuir uma s\u00e9rie de vantagens, uma empresa incubada precisa respeitar regras e obriga\u00e7\u00f5es para garantir os benef\u00edcios a que tem direito. Quando um projeto voltado ao empreendedorismo \u00e9 aprovado e passa a tornar-se uma empresa incubada da Conectar, este projeto dever\u00e1 respeitar todas as condi\u00e7\u00f5es estabelecidas pelo edital da Institui\u00e7\u00e3o.<\/p>\n<p>Veja a segur quais s\u00e3o os itens e obriga\u00e7\u00f5es necess\u00e1rios para tornar-se uma empresa incubada na Conectar.<\/p>\n\t\t\t\t<\/div>\n\t\t\t<\/div>\n\t\t<\/div>\n\t\t\t<div class=\"sow-accordion-panel\n\t\t\t\t\"\n\t\t\tdata-anchor-id=\"processo-seletivo\">\n\t\t\t\t<div class=\"sow-accordion-panel-header-container\" role=\"heading\" aria-level=\"2\">\n\t\t\t\t\t<div class=\"sow-accordion-panel-header\" tabindex=\"0\" role=\"button\" id=\"accordion-label-processo-seletivo\" aria-controls=\"accordion-content-processo-seletivo\" aria-expanded=\"false\">\n\t\t\t\t\t\t<div class=\"sow-accordion-title sow-accordion-title-icon-left\">\n\t\t\t\t\t\t\t\t\t\t\t\t\t\tProcesso Seletivo\t\t\t\t\t\t\t\t\t\t\t\t\t<\/div>\n\t\t\t\t\t\t<div class=\"sow-accordion-open-close-button\">\n\t\t\t\t\t\t\t<div class=\"sow-accordion-open-button\">\n\t\t\t\t\t\t\t\t<span class=\"sow-icon-ionicons\" data-sow-icon=\"&#xf218;\"\n\t\t \n\t\taria-hidden=\"true\"><\/span>\t\t\t\t\t\t\t<\/div>\n\t\t\t\t\t\t\t<div class=\"sow-accordion-close-button\">\n\t\t\t\t\t\t\t\t<span class=\"sow-icon-ionicons\" data-sow-icon=\"&#xf209;\"\n\t\t \n\t\taria-hidden=\"true\"><\/span>\t\t\t\t\t\t\t<\/div>\n\t\t\t\t\t\t<\/div>\n\t\t\t\t\t<\/div>\n\t\t\t\t<\/div>\n\n\t\t\t<div\n\t\t\t\tclass=\"sow-accordion-panel-content\"\n\t\t\t\trole=\"region\"\n\t\t\t\taria-labelledby=\"accordion-label-processo-seletivo\"\n\t\t\t\tid=\"accordion-content-processo-seletivo\"\n\t\t\t\tstyle=\"display: none;\"\t\t\t>\n\t\t\t\t<div class=\"sow-accordion-panel-border\">\n\t\t\t\t\t<p>Ap\u00f3s a abertura do Edital, dever\u00e1 ser encaminhada a documenta\u00e7\u00e3o solicitada, bem como um pr\u00e9-plano de neg\u00f3cios, para que o Comit\u00ea Gestor possa avaliar a viabilidade do projeto.<\/p>\n<p>Para ser uma empresa incubada na Conectar, \u00e9 preciso que os projetos e ideias de novos empreendedores sejam preparados de acordo com regras pr\u00e9-estabelecidas. O processo para sele\u00e7\u00e3o de projetos ocorre mediante Edital. Ap\u00f3s a entrega da documenta\u00e7\u00e3o, os proponentes s\u00e3o entrevistados e suas propostas avaliadas pelo Comit\u00ea Diretor da Incubadora.<\/p>\n\t\t\t\t<\/div>\n\t\t\t<\/div>\n\t\t<\/div>\n\t\t\t<div class=\"sow-accordion-panel\n\t\t\t\t\"\n\t\t\tdata-anchor-id=\"fases-da-incubacao\">\n\t\t\t\t<div class=\"sow-accordion-panel-header-container\" role=\"heading\" aria-level=\"2\">\n\t\t\t\t\t<div class=\"sow-accordion-panel-header\" tabindex=\"0\" role=\"button\" id=\"accordion-label-fases-da-incuba%c3%a7%c3%a3o\" aria-controls=\"accordion-content-fases-da-incuba%c3%a7%c3%a3o\" aria-expanded=\"false\">\n\t\t\t\t\t\t<div class=\"sow-accordion-title sow-accordion-title-icon-left\">\n\t\t\t\t\t\t\t\t\t\t\t\t\t\tFases da Incuba\u00e7\u00e3o\t\t\t\t\t\t\t\t\t\t\t\t\t<\/div>\n\t\t\t\t\t\t<div class=\"sow-accordion-open-close-button\">\n\t\t\t\t\t\t\t<div class=\"sow-accordion-open-button\">\n\t\t\t\t\t\t\t\t<span class=\"sow-icon-ionicons\" data-sow-icon=\"&#xf218;\"\n\t\t \n\t\taria-hidden=\"true\"><\/span>\t\t\t\t\t\t\t<\/div>\n\t\t\t\t\t\t\t<div class=\"sow-accordion-close-button\">\n\t\t\t\t\t\t\t\t<span class=\"sow-icon-ionicons\" data-sow-icon=\"&#xf209;\"\n\t\t \n\t\taria-hidden=\"true\"><\/span>\t\t\t\t\t\t\t<\/div>\n\t\t\t\t\t\t<\/div>\n\t\t\t\t\t<\/div>\n\t\t\t\t<\/div>\n\n\t\t\t<div\n\t\t\t\tclass=\"sow-accordion-panel-content\"\n\t\t\t\trole=\"region\"\n\t\t\t\taria-labelledby=\"accordion-label-fases-da-incuba%c3%a7%c3%a3o\"\n\t\t\t\tid=\"accordion-content-fases-da-incuba%c3%a7%c3%a3o\"\n\t\t\t\tstyle=\"display: none;\"\t\t\t>\n\t\t\t\t<div class=\"sow-accordion-panel-border\">\n\t\t\t\t\t<p>O per\u00edodo de incuba\u00e7\u00e3o na Conectar compreende as fases de <strong>pr\u00e9-incuba\u00e7\u00e3o<\/strong> (6 meses), podendo ser reduzido em qualquer tempo mediante avalia\u00e7\u00e3o da Coordena\u00e7\u00e3o da Incubadora e Comit\u00ea Gestor; e a fase de <strong>incuba\u00e7\u00e3o<\/strong> (at\u00e9 24 meses), podendo ser prorrogado por igual per\u00edodo, conforme as especificidades do projeto.<\/p>\n<p>Ap\u00f3s o per\u00edodo de incuba\u00e7\u00e3o, a empresa estabelece uma nova forma de rela\u00e7\u00e3o com a Incubadora, chamada de <strong>p\u00f3s-incuba\u00e7\u00e3o<\/strong>, na qual conta com o apoio das institui\u00e7\u00f5es parceiras, num processo gradual de desligamento.<\/p>\n\t\t\t\t<\/div>\n\t\t\t<\/div>\n\t\t<\/div>\n\t\t\t<div class=\"sow-accordion-panel\n\t\t\t\t\"\n\t\t\tdata-anchor-id=\"vantagens-de-ser-uma-empresa-incubada-da-conectar\">\n\t\t\t\t<div class=\"sow-accordion-panel-header-container\" role=\"heading\" aria-level=\"2\">\n\t\t\t\t\t<div class=\"sow-accordion-panel-header\" tabindex=\"0\" role=\"button\" id=\"accordion-label-vantagens-de-ser-uma-empresa-incubada-da-conectar\" aria-controls=\"accordion-content-vantagens-de-ser-uma-empresa-incubada-da-conectar\" aria-expanded=\"false\">\n\t\t\t\t\t\t<div class=\"sow-accordion-title sow-accordion-title-icon-left\">\n\t\t\t\t\t\t\t\t\t\t\t\t\t\tVantagens de ser uma empresa incubada da Conectar\t\t\t\t\t\t\t\t\t\t\t\t\t<\/div>\n\t\t\t\t\t\t<div class=\"sow-accordion-open-close-button\">\n\t\t\t\t\t\t\t<div class=\"sow-accordion-open-button\">\n\t\t\t\t\t\t\t\t<span class=\"sow-icon-ionicons\" data-sow-icon=\"&#xf218;\"\n\t\t \n\t\taria-hidden=\"true\"><\/span>\t\t\t\t\t\t\t<\/div>\n\t\t\t\t\t\t\t<div class=\"sow-accordion-close-button\">\n\t\t\t\t\t\t\t\t<span class=\"sow-icon-ionicons\" data-sow-icon=\"&#xf209;\"\n\t\t \n\t\taria-hidden=\"true\"><\/span>\t\t\t\t\t\t\t<\/div>\n\t\t\t\t\t\t<\/div>\n\t\t\t\t\t<\/div>\n\t\t\t\t<\/div>\n\n\t\t\t<div\n\t\t\t\tclass=\"sow-accordion-panel-content\"\n\t\t\t\trole=\"region\"\n\t\t\t\taria-labelledby=\"accordion-label-vantagens-de-ser-uma-empresa-incubada-da-conectar\"\n\t\t\t\tid=\"accordion-content-vantagens-de-ser-uma-empresa-incubada-da-conectar\"\n\t\t\t\tstyle=\"display: none;\"\t\t\t>\n\t\t\t\t<div class=\"sow-accordion-panel-border\">\n\t\t\t\t\t<p>Na Conectar voc\u00ea e sua empresa podem obter muitas vantagens, necess\u00e1rias para quem est\u00e1 come\u00e7ando um neg\u00f3cio e sente falta de \"guias\" com experi\u00eancia profissional. Conhe\u00e7a na lista abaixo os benef\u00edcios de ser uma empresa incubada pela Conectar.<\/p>\n<p><strong>Espa\u00e7o f\u00edsico adaptado para alojar micro e pequenas empresas<\/strong><\/p>\n<p>a estrutura conta com uma sala de reuni\u00f5es, quadro de anota\u00e7\u00f5es e\u00a0<em>datashow<\/em>\u00a0para apresenta\u00e7\u00f5es -, recep\u00e7\u00e3o, ar condicionado, excelente localiza\u00e7\u00e3o, copa, banheiros e contato direto com a dire\u00e7\u00e3o da Conectar.<\/p>\n<p>O ambiente composto por diversas empresas incubadas propicia um ambiente extremamente favor\u00e1vel ao conhecimento, troca de ideias e aprendizado m\u00fatuo, al\u00e9m de palestras e treinamentos de apoio oferecidos pela dire\u00e7\u00e3o da Conectar.<\/p>\n<p><strong>Assessoria para a gest\u00e3o t\u00e9cnica e empresarial<\/strong><\/p>\n<p>A proximidade com a dire\u00e7\u00e3o da Conectar oferece a oportunidade a cada uma das empresas incubadas de dirimir d\u00favidas e obter orienta\u00e7\u00e3o nas mais diversas quest\u00f5es ligadas ao empreendedorismo.<\/p>\n<p><strong>Infraestrutura e servi\u00e7os compartilhados<\/strong><\/p>\n<p>A Conectar oferece a todas as suas empresas incubadas servi\u00e7os agregados, como salas de reuni\u00e3o, telefone, acesso \u00e0 internet durante todo o dia, al\u00e9m do suporte em inform\u00e1tica.<\/p>\n<p><strong>Acesso a mecanismos de financiamento<\/strong><\/p>\n<p>O fato de ser uma empresa incubada favorece na busca de mecanismos de financiamento. Nesse sentido, a Conectar oferece todo o suporte necess\u00e1rio, al\u00e9m de informar continuamente sobre a exist\u00eancia desses mecanismos. O cont\u00ednuo aux\u00edlio e orienta\u00e7\u00e3o garante maior seguran\u00e7a \u00e0s novas empresas no que diz respeito aos investimentos e aos processos de inova\u00e7\u00e3o que a organiza\u00e7\u00e3o est\u00e1 propondo-se a fazer;<\/p>\n<p><strong>Processos de acompanhamento, avalia\u00e7\u00e3o e orienta\u00e7\u00e3o<\/strong><\/p>\n<p>A Conectar oferece total acompanhamento e orienta\u00e7\u00e3o a todas as suas incubadas. S\u00e3o palestras e cursos constantes que visam a aprimorar o conhecimento geral de mercado e de novas tend\u00eancias que possam resultar em retornos comerciais a cada uma das empresas incubadas.<\/p>\n\t\t\t\t<\/div>\n\t\t\t<\/div>\n\t\t<\/div>\n\t\t\t<div class=\"sow-accordion-panel\n\t\t\t\t\"\n\t\t\tdata-anchor-id=\"vantagens-para-os-empreendedores\">\n\t\t\t\t<div class=\"sow-accordion-panel-header-container\" role=\"heading\" aria-level=\"2\">\n\t\t\t\t\t<div class=\"sow-accordion-panel-header\" tabindex=\"0\" role=\"button\" id=\"accordion-label-vantagens-para-os-empreendedores\" aria-controls=\"accordion-content-vantagens-para-os-empreendedores\" aria-expanded=\"false\">\n\t\t\t\t\t\t<div class=\"sow-accordion-title sow-accordion-title-icon-left\">\n\t\t\t\t\t\t\t\t\t\t\t\t\t\tVantagens para os Empreendedores\t\t\t\t\t\t\t\t\t\t\t\t\t<\/div>\n\t\t\t\t\t\t<div class=\"sow-accordion-open-close-button\">\n\t\t\t\t\t\t\t<div class=\"sow-accordion-open-button\">\n\t\t\t\t\t\t\t\t<span class=\"sow-icon-ionicons\" data-sow-icon=\"&#xf218;\"\n\t\t \n\t\taria-hidden=\"true\"><\/span>\t\t\t\t\t\t\t<\/div>\n\t\t\t\t\t\t\t<div class=\"sow-accordion-close-button\">\n\t\t\t\t\t\t\t\t<span class=\"sow-icon-ionicons\" data-sow-icon=\"&#xf209;\"\n\t\t \n\t\taria-hidden=\"true\"><\/span>\t\t\t\t\t\t\t<\/div>\n\t\t\t\t\t\t<\/div>\n\t\t\t\t\t<\/div>\n\t\t\t\t<\/div>\n\n\t\t\t<div\n\t\t\t\tclass=\"sow-accordion-panel-content\"\n\t\t\t\trole=\"region\"\n\t\t\t\taria-labelledby=\"accordion-label-vantagens-para-os-empreendedores\"\n\t\t\t\tid=\"accordion-content-vantagens-para-os-empreendedores\"\n\t\t\t\tstyle=\"display: none;\"\t\t\t>\n\t\t\t\t<div class=\"sow-accordion-panel-border\">\n\t\t\t\t\t<p>N\u00e3o \u00e9 s\u00f3 a empresa que ganha com a incuba\u00e7\u00e3o. O profissional empreendedor tamb\u00e9m recebe uma s\u00e9rie de benef\u00edcios por estar ligado a Conectar.<\/p>\n<p><strong>Assist\u00eancia para aproximar o conhecimento te\u00f3rico do pr\u00e1tico<\/strong><\/p>\n<p>Constante apoio prestado ao empreendedor quando o assunto diz respeito a d\u00favidas e orienta\u00e7\u00f5es em termos de tend\u00eancia de mercado, p\u00fablico-alvo, qualidade dos produtos, marketing e todas as quest\u00f5es que envolvem o bom funcionamento da organiza\u00e7\u00e3o.<\/p>\n<p><strong>Acesso a mercados e redes de rela\u00e7\u00f5es<\/strong><\/p>\n<p>Uma empresa incubada na Conectar est\u00e1 automaticamente ligada a UFPel e, em vista disso, acaba envolvida por uma rede de contatos e relacionamentos que podem trazer, tanto no presente como no futuro, importantes neg\u00f3cios para a empresa e para o pr\u00f3prio relacionamento pessoal do empreendedor.<\/p>\n<p><strong>Criar cultura de gest\u00e3o, inova\u00e7\u00e3o e planejamento<\/strong><\/p>\n<p><strong>Incentivar pr\u00e1ticas gerenciais para a competitividade<\/strong><\/p>\n\t\t\t\t<\/div>\n\t\t\t<\/div>\n\t\t<\/div>\n\t\t<\/div>\n<\/div>\n<\/div><\/div><\/div><\/div><\/div>","protected":false},"excerpt":{"rendered":"<p> [&hellip;]<\/p>\n","protected":false},"author":515,"featured_media":0,"parent":0,"menu_order":0,"comment_status":"closed","ping_status":"closed","template":"","meta":{"jetpack_post_was_ever_published":false,"footnotes":""},"class_list":["post-148","page","type-page","status-publish","hentry","post"],"jetpack_shortlink":"https:\/\/wp.me\/P6RUlR-2o","jetpack_sharing_enabled":true,"_links":{"self":[{"href":"https:\/\/wp.ufpel.edu.br\/conectar\/wp-json\/wp\/v2\/pages\/148","targetHints":{"allow":["GET"]}}],"collection":[{"href":"https:\/\/wp.ufpel.edu.br\/conectar\/wp-json\/wp\/v2\/pages"}],"about":[{"href":"https:\/\/wp.ufpel.edu.br\/conectar\/wp-json\/wp\/v2\/types\/page"}],"author":[{"embeddable":true,"href":"https:\/\/wp.ufpel.edu.br\/conectar\/wp-json\/wp\/v2\/users\/515"}],"replies":[{"embeddable":true,"href":"https:\/\/wp.ufpel.edu.br\/conectar\/wp-json\/wp\/v2\/comments?post=148"}],"version-history":[{"count":13,"href":"https:\/\/wp.ufpel.edu.br\/conectar\/wp-json\/wp\/v2\/pages\/148\/revisions"}],"predecessor-version":[{"id":3767,"href":"https:\/\/wp.ufpel.edu.br\/conectar\/wp-json\/wp\/v2\/pages\/148\/revisions\/3767"}],"wp:attachment":[{"href":"https:\/\/wp.ufpel.edu.br\/conectar\/wp-json\/wp\/v2\/media?parent=148"}],"curies":[{"name":"wp","href":"https:\/\/api.w.org\/{rel}","templated":true}]}}