{"id":8849,"date":"2025-12-12T15:41:36","date_gmt":"2025-12-12T18:41:36","guid":{"rendered":"https:\/\/wp.ufpel.edu.br\/computacao\/?page_id=8849"},"modified":"2026-02-09T07:49:00","modified_gmt":"2026-02-09T10:49:00","slug":"edital-de-bolsa-de-doutorado-sanduiche-pdse-capes-2026-1","status":"publish","type":"page","link":"https:\/\/wp.ufpel.edu.br\/computacao\/edital-de-bolsa-de-doutorado-sanduiche-pdse-capes-2026-1\/","title":{"rendered":"Edital de bolsa de doutorado sandu\u00edche PDSE-CAPES 2026\/1"},"content":{"rendered":"\n<p><strong>Edital<\/strong><\/p>\n\n\n\n<ul class=\"wp-block-list\">\n<li><a href=\"https:\/\/wp.ufpel.edu.br\/computacao\/files\/2025\/12\/edital-pdse-2026.pdf\" data-type=\"link\" data-id=\"https:\/\/wp.ufpel.edu.br\/computacao\/files\/2025\/12\/edital-pdse-2026.pdf\">Edital<\/a> <\/li>\n\n\n\n<li>Documenta\u00e7\u00e3o complementar\n<ul class=\"wp-block-list\">\n<li><a href=\"https:\/\/wp.ufpel.edu.br\/computacao\/files\/2025\/09\/edital-capes-17-2025.pdf\">Edital Capes 17\/2025<\/a><\/li>\n\n\n\n<li><a href=\"https:\/\/wp.ufpel.edu.br\/prppg\/pdse-capes\/pdse-2025\/\">Anexos do Edital<\/a><\/li>\n<\/ul>\n<\/li>\n<\/ul>\n\n\n\n<p><strong>Homologa\u00e7\u00f5es de Inscri\u00e7\u00f5es e Resultados<\/strong><\/p>\n\n\n\n<ul class=\"wp-block-list\">\n<li><a href=\"https:\/\/wp.ufpel.edu.br\/computacao\/files\/2026\/01\/inscricoes-homologadas-pdse-2026-01.pdf\">Inscri\u00e7\u00f5es Homologadas<\/a><\/li>\n\n\n\n<li><a href=\"https:\/\/wp.ufpel.edu.br\/computacao\/files\/2026\/02\/pdse-2026-01-resultado-preliminar.pdf\" data-type=\"link\" data-id=\"https:\/\/wp.ufpel.edu.br\/computacao\/files\/2026\/02\/pdse-2026-01-resultado-preliminar.pdf\">Resultado Preliminar<\/a><\/li>\n\n\n\n<li><a href=\"https:\/\/wp.ufpel.edu.br\/computacao\/files\/2026\/02\/pdse-2026-01-resultado-final.pdf\" data-type=\"link\" data-id=\"https:\/\/wp.ufpel.edu.br\/computacao\/files\/2026\/02\/pdse-2026-01-resultado-final.pdf\">Resultado Final<\/a><\/li>\n<\/ul>\n\n\n\n<p><\/p>\n","protected":false},"excerpt":{"rendered":"<p>Edital Homologa\u00e7\u00f5es de Inscri\u00e7\u00f5es e Resultados<\/p>\n","protected":false},"author":881,"featured_media":0,"parent":0,"menu_order":0,"comment_status":"closed","ping_status":"closed","template":"","meta":{"jetpack_post_was_ever_published":false,"footnotes":""},"class_list":["post-8849","page","type-page","status-publish","hentry"],"jetpack_sharing_enabled":true,"jetpack_shortlink":"https:\/\/wp.me\/PaGhNl-2iJ","_links":{"self":[{"href":"https:\/\/wp.ufpel.edu.br\/computacao\/wp-json\/wp\/v2\/pages\/8849","targetHints":{"allow":["GET"]}}],"collection":[{"href":"https:\/\/wp.ufpel.edu.br\/computacao\/wp-json\/wp\/v2\/pages"}],"about":[{"href":"https:\/\/wp.ufpel.edu.br\/computacao\/wp-json\/wp\/v2\/types\/page"}],"author":[{"embeddable":true,"href":"https:\/\/wp.ufpel.edu.br\/computacao\/wp-json\/wp\/v2\/users\/881"}],"replies":[{"embeddable":true,"href":"https:\/\/wp.ufpel.edu.br\/computacao\/wp-json\/wp\/v2\/comments?post=8849"}],"version-history":[{"count":3,"href":"https:\/\/wp.ufpel.edu.br\/computacao\/wp-json\/wp\/v2\/pages\/8849\/revisions"}],"predecessor-version":[{"id":8875,"href":"https:\/\/wp.ufpel.edu.br\/computacao\/wp-json\/wp\/v2\/pages\/8849\/revisions\/8875"}],"wp:attachment":[{"href":"https:\/\/wp.ufpel.edu.br\/computacao\/wp-json\/wp\/v2\/media?parent=8849"}],"curies":[{"name":"wp","href":"https:\/\/api.w.org\/{rel}","templated":true}]}}