{"id":8536,"date":"2025-06-06T16:07:56","date_gmt":"2025-06-06T19:07:56","guid":{"rendered":"https:\/\/wp.ufpel.edu.br\/computacao\/?page_id=8536"},"modified":"2025-06-06T16:08:43","modified_gmt":"2025-06-06T19:08:43","slug":"premio-estudante-destaque-sbc","status":"publish","type":"page","link":"https:\/\/wp.ufpel.edu.br\/computacao\/graduacao\/premio-estudante-destaque-sbc\/","title":{"rendered":"Pr\u00eamio Estudante Destaque SBC"},"content":{"rendered":"\n<p>O<strong>&nbsp;<a href=\"https:\/\/www.sbc.org.br\/premios-2\/#destaques\" target=\"_blank\" rel=\"noreferrer noopener\">Pr\u00eamio Estudante Destaque da Sociedade Brasileira de Computa\u00e7\u00e3o (SBC)<\/a>&nbsp;<\/strong>foi criado em 2003 para homenagear os melhores estudantes da Computa\u00e7\u00e3o no pa\u00eds. S\u00e3o premiados os alunos e alunas que se destacam pela sua atua\u00e7\u00e3o acad\u00eamica e na \u00e1rea de pesquisa e extens\u00e3o universit\u00e1ria. A escolha dos estudantes \u00e9 realizada por uma Comiss\u00e3o presidida pelo representante institucional da&nbsp;SBC&nbsp;na UFPel.<\/p>\n\n\n\n<p>A comiss\u00e3o analisa semestralmente a lista de formandos(as) em <strong>Ci\u00eancia da Computa\u00e7\u00e3o<\/strong> e em\u00a0<strong>Engenharia\u00a0de Computa\u00e7\u00e3o<\/strong>, considerando os seguintes aspectos ao longo da forma\u00e7\u00e3o do\/da estudante:<\/p>\n\n\n\n<ul class=\"wp-block-list\">\n<li>M\u00e9dia final no hist\u00f3rico escolar do\/da estudante.<\/li>\n\n\n\n<li>Equil\u00edbrio entre horas de pesquisa e extens\u00e3o;<\/li>\n\n\n\n<li>Atividades de\u00a0destaque\u00a0em ensino, pesquisa e extens\u00e3o (por exemplo: publica\u00e7\u00f5es, premia\u00e7\u00f5es, participa\u00e7\u00e3o em projetos, eventos nacionais e internacionais);<\/li>\n\n\n\n<li>Participa\u00e7\u00e3o em atividades de representa\u00e7\u00e3o acad\u00eamica, como composi\u00e7\u00e3o de diret\u00f3rio de estudantes (DA, DCE), entre outros;<\/li>\n\n\n\n<li>Tempo para conclus\u00e3o do curso.<\/li>\n\n\n\n<li>M\u00e9dia final no hist\u00f3rico escolar do\/da estudante.<\/li>\n<\/ul>\n\n\n\n<p>Este \u00e9 um hist\u00f3rico dos\/as \u00faltimos\/as estudantes premiados\/as em ambos os cursos:<\/p>\n\n\n\n<p><strong>Turma 2024\/2<br>Ci\u00eancia da Computa\u00e7\u00e3o: <\/strong>CEC\u00cdLIA SILVA DA COSTA BOTELHO<br><strong>Engenharia de Computa\u00e7\u00e3o: <\/strong>WILLIAN DO ESPIRITO SANTO RODRIGUES<\/p>\n\n\n\n<p><strong>Turma 2024\/1<br>Ci\u00eancia da Computa\u00e7\u00e3o: <\/strong>J\u00daLIA VEIGA DA SILVA<br><strong>Engenharia de Computa\u00e7\u00e3o: <\/strong>BIANCA NUNES COELHO<\/p>\n\n\n\n<p><strong>Turma 2023\/1<br>Ci\u00eancia da Computa\u00e7\u00e3o: <\/strong>PEDRO THIAGO DO NASCIMENTO MOREIRA ROQUE<br><strong>Engenharia de Computa\u00e7\u00e3o: <\/strong>VICTOR KUNDE BERGMANN<\/p>\n\n\n\n<p><strong>Turma 2021\/1<br>Engenharia de Computa\u00e7\u00e3o: <\/strong>BRUNO CASCAES ALVES<\/p>\n\n\n\n<p><strong>Turma 2019\/2<br>Ci\u00eancia da Computa\u00e7\u00e3o: <\/strong>FELIPE CAMARGO GRUENDEMANN<br><strong>Engenharia de Computa\u00e7\u00e3o: <\/strong>JO\u00c3O IN\u00c1CIO MOREIRA BEZERRA<\/p>\n\n\n\n<p><\/p>\n\n\n\n<p><\/p>\n\n\n\n<p><\/p>\n\n\n\n<p><\/p>\n","protected":false},"excerpt":{"rendered":"<p>O&nbsp;Pr\u00eamio Estudante Destaque da Sociedade Brasileira de Computa\u00e7\u00e3o (SBC)&nbsp;foi criado em 2003 para homenagear os melhores estudantes da Computa\u00e7\u00e3o no pa\u00eds. S\u00e3o premiados os alunos e alunas que se destacam pela sua atua\u00e7\u00e3o acad\u00eamica&#46;&#46;&#46;<\/p>\n","protected":false},"author":881,"featured_media":0,"parent":64,"menu_order":0,"comment_status":"closed","ping_status":"closed","template":"","meta":{"jetpack_post_was_ever_published":false,"footnotes":""},"class_list":["post-8536","page","type-page","status-publish","hentry"],"jetpack_sharing_enabled":true,"jetpack_shortlink":"https:\/\/wp.me\/PaGhNl-2dG","_links":{"self":[{"href":"https:\/\/wp.ufpel.edu.br\/computacao\/wp-json\/wp\/v2\/pages\/8536","targetHints":{"allow":["GET"]}}],"collection":[{"href":"https:\/\/wp.ufpel.edu.br\/computacao\/wp-json\/wp\/v2\/pages"}],"about":[{"href":"https:\/\/wp.ufpel.edu.br\/computacao\/wp-json\/wp\/v2\/types\/page"}],"author":[{"embeddable":true,"href":"https:\/\/wp.ufpel.edu.br\/computacao\/wp-json\/wp\/v2\/users\/881"}],"replies":[{"embeddable":true,"href":"https:\/\/wp.ufpel.edu.br\/computacao\/wp-json\/wp\/v2\/comments?post=8536"}],"version-history":[{"count":1,"href":"https:\/\/wp.ufpel.edu.br\/computacao\/wp-json\/wp\/v2\/pages\/8536\/revisions"}],"predecessor-version":[{"id":8537,"href":"https:\/\/wp.ufpel.edu.br\/computacao\/wp-json\/wp\/v2\/pages\/8536\/revisions\/8537"}],"up":[{"embeddable":true,"href":"https:\/\/wp.ufpel.edu.br\/computacao\/wp-json\/wp\/v2\/pages\/64"}],"wp:attachment":[{"href":"https:\/\/wp.ufpel.edu.br\/computacao\/wp-json\/wp\/v2\/media?parent=8536"}],"curies":[{"name":"wp","href":"https:\/\/api.w.org\/{rel}","templated":true}]}}