{"id":8381,"date":"2025-03-07T10:35:58","date_gmt":"2025-03-07T13:35:58","guid":{"rendered":"https:\/\/wp.ufpel.edu.br\/computacao\/?page_id=8381"},"modified":"2025-03-24T17:34:32","modified_gmt":"2025-03-24T20:34:32","slug":"edital-de-classificacao-para-alocacao-de-bolsas-2025-1","status":"publish","type":"page","link":"https:\/\/wp.ufpel.edu.br\/computacao\/edital-de-classificacao-para-alocacao-de-bolsas-2025-1\/","title":{"rendered":"Edital de Classifica\u00e7\u00e3o para Aloca\u00e7\u00e3o de Bolsas 2025\/1"},"content":{"rendered":"\n<p><strong>Edital<\/strong><\/p>\n\n\n\n<p><a href=\"https:\/\/wp.ufpel.edu.br\/computacao\/files\/2025\/03\/SEI_2976018_PRPPG_Minuta_Edital_de_Selecao.pdf\">Edital Interno PPGC N\u00ba 01\/2025 \u2013 Classifica\u00e7\u00e3o para Aloca\u00e7\u00e3o de Bolsas 2025\/1<\/a><\/p>\n\n\n\n<p><strong>Formul\u00e1rio de inscri\u00e7\u00e3o<\/strong><\/p>\n\n\n\n<p><a href=\"https:\/\/forms.gle\/Cqv2eYWpJCm4aYjk8\">Candidatura \u00e0s Bolsas de Mestrado e Doutorado no PPGC-UFPel (2025\/1)<\/a><\/p>\n\n\n\n<p><strong>Resultados<\/strong><\/p>\n\n\n\n<p><a href=\"https:\/\/wp.ufpel.edu.br\/computacao\/files\/2025\/03\/SEI_2998402_Despacho.pdf\">Resultado da Classifica\u00e7\u00e3o para Aloca\u00e7\u00e3o de Bolsas 2025\/1<\/a><\/p>\n","protected":false},"excerpt":{"rendered":"<p>Edital Edital Interno PPGC N\u00ba 01\/2025 \u2013 Classifica\u00e7\u00e3o para Aloca\u00e7\u00e3o de Bolsas 2025\/1 Formul\u00e1rio de inscri\u00e7\u00e3o Candidatura \u00e0s Bolsas de Mestrado e Doutorado no PPGC-UFPel (2025\/1) Resultados Resultado da Classifica\u00e7\u00e3o para Aloca\u00e7\u00e3o de Bolsas&#46;&#46;&#46;<\/p>\n","protected":false},"author":881,"featured_media":0,"parent":0,"menu_order":0,"comment_status":"closed","ping_status":"closed","template":"","meta":{"jetpack_post_was_ever_published":false,"footnotes":""},"class_list":["post-8381","page","type-page","status-publish","hentry"],"jetpack_sharing_enabled":true,"jetpack_shortlink":"https:\/\/wp.me\/PaGhNl-2bb","_links":{"self":[{"href":"https:\/\/wp.ufpel.edu.br\/computacao\/wp-json\/wp\/v2\/pages\/8381","targetHints":{"allow":["GET"]}}],"collection":[{"href":"https:\/\/wp.ufpel.edu.br\/computacao\/wp-json\/wp\/v2\/pages"}],"about":[{"href":"https:\/\/wp.ufpel.edu.br\/computacao\/wp-json\/wp\/v2\/types\/page"}],"author":[{"embeddable":true,"href":"https:\/\/wp.ufpel.edu.br\/computacao\/wp-json\/wp\/v2\/users\/881"}],"replies":[{"embeddable":true,"href":"https:\/\/wp.ufpel.edu.br\/computacao\/wp-json\/wp\/v2\/comments?post=8381"}],"version-history":[{"count":7,"href":"https:\/\/wp.ufpel.edu.br\/computacao\/wp-json\/wp\/v2\/pages\/8381\/revisions"}],"predecessor-version":[{"id":8441,"href":"https:\/\/wp.ufpel.edu.br\/computacao\/wp-json\/wp\/v2\/pages\/8381\/revisions\/8441"}],"wp:attachment":[{"href":"https:\/\/wp.ufpel.edu.br\/computacao\/wp-json\/wp\/v2\/media?parent=8381"}],"curies":[{"name":"wp","href":"https:\/\/api.w.org\/{rel}","templated":true}]}}