{"id":7533,"date":"2023-07-10T19:20:14","date_gmt":"2023-07-10T22:20:14","guid":{"rendered":"https:\/\/wp.ufpel.edu.br\/computacao\/?page_id=7533"},"modified":"2023-07-11T16:36:58","modified_gmt":"2023-07-11T19:36:58","slug":"lista-de-disciplinas-2023-2","status":"publish","type":"page","link":"https:\/\/wp.ufpel.edu.br\/computacao\/lista-de-disciplinas-2023-2\/","title":{"rendered":"Lista de disciplinas ofertadas &#8211; semestre 2023\/2 PPGC"},"content":{"rendered":"\n<p><\/p>\n\n\n\n<ol class=\"wp-block-list\" start=\"1\">\n<li><strong>Aprendizado de M\u00e1quina (4 cr\u00e9ditos)<\/strong><br>Dispon\u00edvel para Aluno Especial? SIM<br>Respons\u00e1vel: Prof. Ulisses Brisolara Corr\u00eaa<br>Ementa:\u00a0Introdu\u00e7\u00e3o ao Aprendizado de M\u00e1quina: aplica\u00e7\u00f5es, estado-da-arte, exemplos. Aprendizado Supervisionado, N\u00e3o-supervisionado e por Refor\u00e7o. Aprendizado de Conceitos. \u00c1rvores de Decis\u00e3o. Redes Neurais Artificiais. Aprendizado Bayesiano. Avalia\u00e7\u00e3o de hip\u00f3teses. T\u00e9cnicas de valida\u00e7\u00e3o de aprendizado Supervisionado.\u00a0Aprendizado por Refor\u00e7o: Q-Learning.\u00a0Teoria Computacional do Aprendizado.<br>Hor\u00e1rio: sextas-feiras (08:00-11:40)<br>Modalidade:\u00a0presencial<br>\u00a0<\/li>\n\n\n\n<li><strong>Processamento Digital de Imagens (4 cr\u00e9ditos)<\/strong><br>Dispon\u00edvel para Aluno Especial? SIM<br>Respons\u00e1veis: Prof. Bruno Zatt e Prof. Guilherme Ribeiro Corr\u00eaa<br>Ementa:\u00a0Conceitos de representa\u00e7\u00e3o e forma\u00e7\u00e3o de imagens; relacionamentos b\u00e1sicos entre pixels; no\u00e7\u00f5es de transformadas de imagens; fundamentos do realce de imagens; filtragem espacial; filtragem no dom\u00ednio de frequ\u00eancias; morfologia matem\u00e1tica e segmenta\u00e7\u00e3o de imagens.<br>Hor\u00e1rio: ter\u00e7as-feiras (08:00-11:40)<br>Modalidade:\u00a0presencial<br>\u00a0<\/li>\n\n\n\n<li><strong>Sistemas Embarcados (4 cr\u00e9ditos)<\/strong><br>Dispon\u00edvel para Aluno Especial? SIM<br>Respons\u00e1veis: Prof. Julio Carlos Balzano de Mattos e Profa. Lisane Brisolara de Brisolara<br>Ementa:\u00a0Modelagem e especifica\u00e7\u00e3o de Sistemas Embarcados. Arquiteturas de hardware. Metodologias de projeto. Classifica\u00e7\u00e3o de sistemas embarcados. Projeto em n\u00edvel sist\u00eamico. S\u00edntese de hardware e software. Sistemas operacionais embarcados. Valida\u00e7\u00e3o de sistemas mistos hardware-software. Explora\u00e7\u00e3o do espa\u00e7o de projeto. Estimativa e simula\u00e7\u00e3o de sistemas embarcados. Reuso de software e hardware.<br>Hor\u00e1rio: segundas-feiras (15:10-16:50) e quintas-feiras (15:10-16:50)<br>Modalidade:\u00a0presencial<br>\u00a0<\/li>\n\n\n\n<li><strong>Concep\u00e7\u00e3o e Teste de Circuitos Integrados (4 cr\u00e9ditos)<\/strong><br>Dispon\u00edvel para Aluno Especial? SIM<br>Respons\u00e1vel: Prof. Leomar Soares da Rosa Junior<br>Ementa:\u00a0Conceitos e evolu\u00e7\u00e3o da integra\u00e7\u00e3o VLSI. Materiais semicondutores: o transistor MOS. Portas l\u00f3gicas CMOS. Processo de fabrica\u00e7\u00e3o CMOS b\u00e1sico. Regras de projeto CMOS e edi\u00e7\u00e3o de leiaute. Modelos do transistor MOS: capacit\u00e2ncias de gate, canal, difus\u00e3o; capacit\u00e2ncias parasitas do layout. Simula\u00e7\u00e3o el\u00e9trica. Tipos de implementa\u00e7\u00e3o. Etapas de teste no projeto de Circuitos Integrados. Teste funcional e teste estrutural. Modelo e simula\u00e7\u00e3o de falhas. Gera\u00e7\u00e3o de teste.<br>Hor\u00e1rio: quartas-feiras (13:30-16:50)<br>Modalidade:\u00a0presencial<br>\u00a0<\/li>\n\n\n\n<li><strong>Projeto Avan\u00e7ado de Sistemas Digitais (4 cr\u00e9ditos)<\/strong><br>Dispon\u00edvel para Aluno Especial? SIM<br>Respons\u00e1veis: Prof. Marcelo Schiavon Porto e Prof. Bruno Zatt<br>Ementa:\u00a0Projeto de sistemas VLSI, projeto do bloco operacional e de controle, explora\u00e7\u00e3o arquitetural, projeto visando baixo consumo de pot\u00eancia, metodologias de projeto, s\u00edntese l\u00f3gica de alto n\u00edvel, co-projeto de hardware e software, projeto e teste de um sistema concreto com uso intensivo de ferramentas de descri\u00e7\u00e3o, s\u00edntese e valida\u00e7\u00e3o.<br>Hor\u00e1rio: quartas-feiras (08:00-11:40)<br>Modalidade:\u00a0presencial<br>\u00a0<\/li>\n\n\n\n<li><strong>Computa\u00e7\u00e3o Flex\u00edvel: Fundamentos, Extens\u00f5es e Aplica\u00e7\u00f5es (4 cr\u00e9ditos)<\/strong><br>Dispon\u00edvel para Aluno Especial? SIM<br>Respons\u00e1vel: Profa. Renata Hax Sander Reiser<br>Ementa:\u00a0Fundamenta\u00e7\u00e3o, extens\u00e3o, exemplifica\u00e7\u00e3o de modelos para Computa\u00e7\u00e3o Flex\u00edvel, considerando conceitua\u00e7\u00e3o dos principais conectivos, opera\u00e7\u00f5es e an\u00e1lise de propriedades, incluindo avalia\u00e7\u00e3o e representa\u00e7\u00e3o de sistemas, algoritmos e aplica\u00e7\u00f5es.<br>Hor\u00e1rio: segundas-feiras (15:10-18:50)<br>Modalidade:\u00a0presencial<br>\u00a0<\/li>\n\n\n\n<li><strong>T\u00f3picos Especiais em Computa\u00e7\u00e3o<\/strong> <strong>II: Semin\u00e1rios em Processamento de Sinais Visuais (4 cr\u00e9ditos)<\/strong><br>Dispon\u00edvel para Aluno Especial? N\u00c3O<br>Respons\u00e1veis: Prof. Daniel Palomino e Prof. Marcelo Porto<br>Ementa: tbd<br>Hor\u00e1rio: ter\u00e7as-feiras (15:10-18:50)<br>Modalidade: presencial<br><br><\/li>\n\n\n\n<li><strong>T\u00f3picos Especiais em Computa\u00e7\u00e3o IV: Metodologia de Pesquisa Quantitativa em Ci\u00eancia da Computa\u00e7\u00e3o (4 cr\u00e9ditos)<\/strong><br>Dispon\u00edvel para Aluno Especial? SIM<br>Respons\u00e1vel: Profa. Patricia Augustin Jaques Maillard<br>Ementa:\u00a0Introdu\u00e7\u00e3o \u00e0 metodologia de pesquisa quantitativa em ci\u00eancia da computa\u00e7\u00e3o, com foco em contextos de intera\u00e7\u00e3o homem-m\u00e1quina. Etapas envolvidas em uma pesquisa quantitativa, incluindo defini\u00e7\u00e3o do tema, estabelecimento de objetivos, formula\u00e7\u00e3o de quest\u00f5es de pesquisa e hip\u00f3teses, descri\u00e7\u00e3o e avalia\u00e7\u00e3o de m\u00e9todos. Familiariza\u00e7\u00e3o com diferentes tipos de pesquisa: explicativa, explorat\u00f3ria e descritiva. Apresenta\u00e7\u00e3o dos m\u00e9todos de pesquisa, com \u00eanfase em estudos de caso e experimentos. Aprendizado sobre aplica\u00e7\u00e3o de m\u00e9todos estat\u00edsticos apropriados para avalia\u00e7\u00e3o de hip\u00f3teses e interpreta\u00e7\u00e3o de resultados. Orienta\u00e7\u00e3o em processos de coleta, processamento e an\u00e1lise de dados quantitativos, bem como na sele\u00e7\u00e3o e implementa\u00e7\u00e3o de t\u00e9cnicas estat\u00edsticas adequadas para avalia\u00e7\u00e3o de dados. Considera\u00e7\u00f5es \u00e9ticas na pesquisa, incluindo a elabora\u00e7\u00e3o e submiss\u00e3o de projetos de pesquisa ao comit\u00ea de \u00e9tica.<br>Hor\u00e1rio: segundas-feiras (13:30-15:10) e quintas-feiras (13:30-15:10)<br>Modalidade:\u00a0h\u00edbrida (presencial nas segundas-feiras,\u00a0<em>online\u00a0<\/em>s\u00edncrona nas quintas-feiras)\u00a0<br>\u00a0<\/li>\n\n\n\n<li><strong>T\u00f3picos Especiais em Computa\u00e7\u00e3o VI: Sistemas Aut\u00f4nomos e Ub\u00edquos (4 cr\u00e9ditos)<\/strong><br>Dispon\u00edvel para Aluno Especial? SIM<br>Respons\u00e1veis: Profa. Ana Marilza Pernas Fleischmann e Prof.\u00a0Adenauer Corr\u00eaa Yamin<br>Ementa:\u00a0Conceitos de ubiquidade em cen\u00e1rios computacionais modernos como os providos pela IoT; infraestruturas para ubiComp: sensores, atuadores, redes de interconex\u00e3o, nevoeiros e nuvens computacionais; fundamentos em sistemas aut\u00f4nomos; ci\u00eancia de contexto e situa\u00e7\u00e3o nos sistemas aut\u00f4nomos; organiza\u00e7\u00e3o de servi\u00e7os e aplica\u00e7\u00f5es em sistemas aut\u00f4nomos; cen\u00e1rios de uso em sistemas aut\u00f4nomos na perspectiva da ubiquidade.<br>Hor\u00e1rio: sextas-feiras (13:30-16:50)<br>Modalidade:\u00a0presencial<br><br><\/li>\n\n\n\n<li><strong>T\u00f3picos Especiais em Computa\u00e7\u00e3o VIII: T\u00f3picos Avan\u00e7ados em Codifica\u00e7\u00e3o de V\u00eddeo (4 cr\u00e9ditos)<\/strong><br>Dispon\u00edvel para Aluno Especial? N\u00c3O<br>Respons\u00e1vel: Prof. Luciano Agostini<br>Ementa: tbd<br>Hor\u00e1rio: quartas-feiras (17:10-18:50) e quintas-feiras (17:10-18:50) <br>Modalidade: presencial<\/li>\n<\/ol>\n","protected":false},"excerpt":{"rendered":"","protected":false},"author":881,"featured_media":0,"parent":0,"menu_order":0,"comment_status":"closed","ping_status":"closed","template":"","meta":{"jetpack_post_was_ever_published":false,"footnotes":""},"class_list":["post-7533","page","type-page","status-publish","hentry"],"jetpack_sharing_enabled":true,"jetpack_shortlink":"https:\/\/wp.me\/PaGhNl-1Xv","_links":{"self":[{"href":"https:\/\/wp.ufpel.edu.br\/computacao\/wp-json\/wp\/v2\/pages\/7533","targetHints":{"allow":["GET"]}}],"collection":[{"href":"https:\/\/wp.ufpel.edu.br\/computacao\/wp-json\/wp\/v2\/pages"}],"about":[{"href":"https:\/\/wp.ufpel.edu.br\/computacao\/wp-json\/wp\/v2\/types\/page"}],"author":[{"embeddable":true,"href":"https:\/\/wp.ufpel.edu.br\/computacao\/wp-json\/wp\/v2\/users\/881"}],"replies":[{"embeddable":true,"href":"https:\/\/wp.ufpel.edu.br\/computacao\/wp-json\/wp\/v2\/comments?post=7533"}],"version-history":[{"count":13,"href":"https:\/\/wp.ufpel.edu.br\/computacao\/wp-json\/wp\/v2\/pages\/7533\/revisions"}],"predecessor-version":[{"id":7569,"href":"https:\/\/wp.ufpel.edu.br\/computacao\/wp-json\/wp\/v2\/pages\/7533\/revisions\/7569"}],"wp:attachment":[{"href":"https:\/\/wp.ufpel.edu.br\/computacao\/wp-json\/wp\/v2\/media?parent=7533"}],"curies":[{"name":"wp","href":"https:\/\/api.w.org\/{rel}","templated":true}]}}